000
CDUS43 KTOP 130633
CLITOP


CLIMATE REPORT
NATIONAL WEATHER SERVICE TOPEKA KS
1231 AM CST SAT FEB 13 2016


...................................

...THE TOPEKA KS CLIMATE SUMMARY FOR FEBRUARY 12 2016...

CLIMATE NORMAL PERIOD 1981 TO 2010
CLIMATE RECORD PERIOD 1887 TO 2016


WEATHER ITEM   OBSERVED TIME   RECORD YEAR NORMAL DEPARTURE LAST
                VALUE   (LST)  VALUE       VALUE  FROM      YEAR
                                                  NORMAL
..................................................................
TEMPERATURE (F)
 YESTERDAY
  MAXIMUM         40    248 PM  73    1990  44     -4       31
                                      1962
  MINIMUM         21   1159 PM -25    1899  23     -2       12
  AVERAGE         31                        33     -2       22

PRECIPITATION (IN)
  YESTERDAY        0.00          0.73 1949   0.05  -0.05     0.00
  MONTH TO DATE    0.35                      0.52  -0.17     0.35
  SINCE DEC 1      3.96                      2.73   1.23     3.74
  SINCE JAN 1      1.25                      1.38  -0.13     1.47

SNOWFALL (IN)
  YESTERDAY        0.0           3.0  1914   0.2   -0.2      0.0
  MONTH TO DATE    T                         2.2   -2.2      1.5
  SINCE JAN 1      2.1                       7.1   -5.0      2.9
  SINCE JUL 1      3.3                      13.6  -10.3      5.3
  SNOW DEPTH       0

DEGREE DAYS
 HEATING
  YESTERDAY       34                        32      2       43
  MONTH TO DATE  346                       396    -50      387
  SINCE DEC 1   2166                      2512   -346     2299
  SINCE JUL 1   2902                      3506   -604     3330

 COOLING
  YESTERDAY        0                         0      0        0
  MONTH TO DATE    0                         0      0        0
  SINCE DEC 1      0                         0      0        0
  SINCE JAN 1      0                         0      0        0
..................................................................


WIND (MPH)
  HIGHEST WIND SPEED    21   HIGHEST WIND DIRECTION     N (350)
  HIGHEST GUST SPEED    26   HIGHEST GUST DIRECTION     N (340)
  AVERAGE WIND SPEED    10.2


SKY COVER
  AVERAGE SKY COVER 0.5


WEATHER CONDITIONS
 THE FOLLOWING WEATHER WAS RECORDED YESTERDAY.
  NO SIGNIFICANT WEATHER WAS OBSERVED.


RELATIVE HUMIDITY (PERCENT)
 HIGHEST    81           200 AM
 LOWEST     38           800 PM
 AVERAGE    60

..........................................................


THE TOPEKA KS CLIMATE NORMALS FOR TODAY
                         NORMAL    RECORD    YEAR
 MAXIMUM TEMPERATURE (F)   44        74      1921
 MINIMUM TEMPERATURE (F)   23       -22      1905


SUNRISE AND SUNSET
FEBRUARY 13 2016......SUNRISE   717 AM CST   SUNSET   557 PM CST
FEBRUARY 14 2016......SUNRISE   716 AM CST   SUNSET   558 PM CST


-  INDICATES NEGATIVE NUMBERS.
R  INDICATES RECORD WAS SET OR TIED.
MM INDICATES DATA IS MISSING.
T  INDICATES TRACE AMOUNT.




$$
