000
CDUS43 KTOP 282132
CLITOP


CLIMATE REPORT
NATIONAL WEATHER SERVICE TOPEKA KS
431 PM CDT SUN MAY 28 2017


...................................

...THE TOPEKA KS CLIMATE SUMMARY FOR MAY 28 2017...
VALID TODAY AS OF 0400 PM LOCAL TIME.

CLIMATE NORMAL PERIOD 1981 TO 2010
CLIMATE RECORD PERIOD 1887 TO 2017


WEATHER ITEM   OBSERVED TIME   RECORD YEAR NORMAL DEPARTURE LAST
                VALUE   (LST)  VALUE       VALUE  FROM      YEAR
                                                  NORMAL
..................................................................
TEMPERATURE (F)
 TODAY
  MAXIMUM         82    154 PM  93    2012  80      2       78
                                      1998
  MINIMUM         58    534 AM  36    1992  58      0       58
  AVERAGE         70                        69      1       68

PRECIPITATION (IN)
  TODAY            0.00          2.66 1962   0.16  -0.16     0.00
  MONTH TO DATE    3.60                      4.44  -0.84     8.82
  SINCE MAR 1     13.67                     10.46   3.21    18.04
  SINCE JAN 1     15.06                     12.64   2.42    19.31

SNOWFALL (IN)
  TODAY            0.0           0.0    MM   0.0    0.0      0.0
  MONTH TO DATE    T                         0.0    0.0       T
  SINCE JAN 1      3.5                      11.3   -7.8      3.7
  SINCE JUL 1      6.6                      17.8  -11.2      4.9
  SNOW DEPTH       0

DEGREE DAYS
 HEATING
  TODAY            0                         1     -1        0
  MONTH TO DATE   81                        94    -13      113
  SINCE MAR 1    826                      1044   -218      750
  SINCE JUL 1   4007                      5011  -1004     4002

 COOLING
  TODAY            5                         5      0        3
  MONTH TO DATE   83                        83      0       52
  SINCE MAR 1    120                       111      9       70
  SINCE JAN 1    120                       111      9       70
..................................................................


WIND (MPH)
  HIGHEST WIND SPEED    20   HIGHEST WIND DIRECTION    NW (300)
  HIGHEST GUST SPEED    29   HIGHEST GUST DIRECTION    NW (310)
  AVERAGE WIND SPEED     8.5



WEATHER CONDITIONS
 THE FOLLOWING WEATHER WAS RECORDED TODAY.
  NO SIGNIFICANT WEATHER WAS OBSERVED.


RELATIVE HUMIDITY (PERCENT)
 HIGHEST   100          1200 AM
 LOWEST     40           200 PM
 AVERAGE    70

..........................................................


THE TOPEKA KS CLIMATE NORMALS FOR TOMORROW
                         NORMAL    RECORD    YEAR
 MAXIMUM TEMPERATURE (F)   80        99      1913
 MINIMUM TEMPERATURE (F)   58        34      1947


SUNRISE AND SUNSET
MAY 28 2017...........SUNRISE   600 AM CDT   SUNSET   840 PM CDT
MAY 29 2017...........SUNRISE   600 AM CDT   SUNSET   841 PM CDT


-  INDICATES NEGATIVE NUMBERS.
R  INDICATES RECORD WAS SET OR TIED.
MM INDICATES DATA IS MISSING.
T  INDICATES TRACE AMOUNT.




$$
