539
CDUS43 KTOP 220634
CLITOP


CLIMATE REPORT
NATIONAL WEATHER SERVICE TOPEKA KS
132 AM CDT FRI SEP 22 2017


...................................

...THE TOPEKA KS CLIMATE SUMMARY FOR SEPTEMBER 21 2017...

CLIMATE NORMAL PERIOD 1981 TO 2010
CLIMATE RECORD PERIOD 1887 TO 2017


WEATHER ITEM   OBSERVED TIME   RECORD YEAR NORMAL DEPARTURE LAST
                VALUE   (LST)  VALUE       VALUE  FROM      YEAR
                                                  NORMAL
..................................................................
TEMPERATURE (F)
 YESTERDAY
  MAXIMUM         92    254 PM  98    1956  78     14       91
  MINIMUM         73    547 AM  36    1999  54     19       75
                                      1995
                                      1982
  AVERAGE         83                        66     17       83

PRECIPITATION (IN)
  YESTERDAY        0.00          2.29 1970   0.12  -0.12     0.00
  MONTH TO DATE    1.22                      2.57  -1.35     5.40
  SINCE SEP 1      1.22                      2.57  -1.35     5.40
  SINCE JAN 1     34.69                     29.14   5.55    38.29

SNOWFALL (IN)
  YESTERDAY        0.0           T    1932   0.0    0.0      0.0
  MONTH TO DATE    0.0                       0.0    0.0      0.0
  SINCE JAN 1      3.5                      11.3   -7.8      3.7
  SINCE JUL 1      T                         0.0    0.0       T
  SNOW DEPTH       0

DEGREE DAYS
 HEATING
  YESTERDAY        0                         3     -3        0
  MONTH TO DATE    5                        27    -22        0
  SINCE SEP 1      5                        27    -22        0
  SINCE JUL 1      5                        29    -24        0

 COOLING
  YESTERDAY       18                         4     14       18
  MONTH TO DATE  165                       137     28      202
  SINCE SEP 1    165                       137     28      202
  SINCE JAN 1   1355                      1365    -10     1603
..................................................................


WIND (MPH)
  HIGHEST WIND SPEED    24   HIGHEST WIND DIRECTION     S (160)
  HIGHEST GUST SPEED    32   HIGHEST GUST DIRECTION    SE (150)
  AVERAGE WIND SPEED    12.3


SKY COVER
  AVERAGE SKY COVER 0.1


WEATHER CONDITIONS
 THE FOLLOWING WEATHER WAS RECORDED YESTERDAY.
  NO SIGNIFICANT WEATHER WAS OBSERVED.


RELATIVE HUMIDITY (PERCENT)
 HIGHEST   100           400 AM
 LOWEST     60           200 PM
 AVERAGE    80

..........................................................


THE TOPEKA KS CLIMATE NORMALS FOR TODAY
                         NORMAL    RECORD    YEAR
 MAXIMUM TEMPERATURE (F)   78        99      1937
 MINIMUM TEMPERATURE (F)   53        31      1995


SUNRISE AND SUNSET
SEPTEMBER 22 2017.....SUNRISE   710 AM CDT   SUNSET   719 PM CDT
SEPTEMBER 23 2017.....SUNRISE   711 AM CDT   SUNSET   717 PM CDT


-  INDICATES NEGATIVE NUMBERS.
R  INDICATES RECORD WAS SET OR TIED.
MM INDICATES DATA IS MISSING.
T  INDICATES TRACE AMOUNT.




$$
