000
CDUS45 KCYS 212120
CLITOR


CLIMATE REPORT
NATIONAL WEATHER SERVICE CHEYENNE WY
320 PM MDT SUN SEP 21 2014


...................................

...THE TORRINGTON WY AIRPORT CLIMATE SUMMARY FOR SEPTEMBER 21 2014...
VALID AS OF 0300 PM LOCAL TIME.

CLIMATE NORMAL PERIOD 1981 TO 2010
CLIMATE RECORD PERIOD 1998 TO 2014


WEATHER ITEM   OBSERVED TIME   RECORD YEAR NORMAL DEPARTURE LAST
                VALUE   (LST)  VALUE       VALUE  FROM      YEAR
                                                  NORMAL
..................................................................
TEMPERATURE (F)
 TODAY
  MAXIMUM         75    127 PM  89    2013  75      0       89
  MINIMUM         47    538 AM  32    2011  42      5       41
                                      1999
  AVERAGE         61                        58      3       65

PRECIPITATION (IN)
  TODAY            0.00          0.54 2004   0.04  -0.04     0.00
  MONTH TO DATE    0.47                      0.94  -0.47     1.59
  SINCE JAN 1     14.63                     11.90   2.73     8.40

DEGREE DAYS
 HEATING
  TODAY            4                         7     -3        0
  MONTH TO DATE  118                        89     29       34
  SINCE SEP 1    118                        89     29       34
  SINCE JUL 1    133                       111     22       36

 COOLING
  TODAY            0                         1     -1        0
  MONTH TO DATE   31                        43    -12      117
  SINCE SEP 1     31                        43    -12      117
  SINCE JAN 1    568                       676   -108      890
..................................................................


WIND (MPH)
  HIGHEST WIND SPEED    17   HIGHEST WIND DIRECTION     E (110)
  HIGHEST GUST SPEED    25   HIGHEST GUST DIRECTION     E (110)
  AVERAGE WIND SPEED     6.2


SKY COVER
  AVERAGE SKY COVER 0.5


WEATHER CONDITIONS
 THE FOLLOWING WEATHER WAS RECORDED TODAY.
  NO SIGNIFICANT WEATHER WAS OBSERVED.


RELATIVE HUMIDITY (PERCENT)
 HIGHEST    77           600 AM
 LOWEST     31          1200 PM
 AVERAGE    54

..........................................................


THE TORRINGTON WY AIRPORT CLIMATE NORMALS FOR TOMORROW
                         NORMAL    RECORD    YEAR
 MAXIMUM TEMPERATURE (F)   74        91      2007
 MINIMUM TEMPERATURE (F)   41        28      2002


SUNRISE AND SUNSET
SEPTEMBER 21 2014.....SUNRISE   643 AM MDT   SUNSET   656 PM MDT
SEPTEMBER 22 2014.....SUNRISE   644 AM MDT   SUNSET   654 PM MDT


-  INDICATES NEGATIVE NUMBERS.
R  INDICATES RECORD WAS SET OR TIED.
MM INDICATES DATA IS MISSING.
T  INDICATES TRACE AMOUNT.




$$
