000
CDUS45 KCYS 220747
CLITOR


CLIMATE REPORT
NATIONAL WEATHER SERVICE CHEYENNE WY
147 AM MDT TUE JUL 22 2014


...................................

...THE TORRINGTON WY AIRPORT CLIMATE SUMMARY FOR JULY 21 2014...

CLIMATE NORMAL PERIOD 1981 TO 2010
CLIMATE RECORD PERIOD 1998 TO 2014


WEATHER ITEM   OBSERVED TIME   RECORD YEAR NORMAL DEPARTURE LAST
                VALUE   (LST)  VALUE       VALUE  FROM      YEAR
                                                  NORMAL
..................................................................
TEMPERATURE (F)
 YESTERDAY
  MAXIMUM        100    155 PM 103    2005  91      9       90
  MINIMUM         62    531 AM  51    2009  59      3       58
  AVERAGE         81                        75      6       74

PRECIPITATION (IN)
  YESTERDAY        0.00          0.20 2002   0.08  -0.08     0.00
  MONTH TO DATE    1.17                      1.17   0.00     0.42
  SINCE JAN 1     11.28                      9.06   2.22     5.84

DEGREE DAYS
 HEATING
  YESTERDAY        0                         0      0        0
  MONTH TO DATE    7                         0      7        0
  SINCE JUN 1     85                        75     10       34
  SINCE JUL 1      7                         0      7        0

 COOLING
  YESTERDAY       16                        10      6        9
  MONTH TO DATE  160                       183    -23      219
  SINCE JUN 1    222                       299    -77      379
  SINCE JAN 1    238                       317    -79      418
..................................................................


WIND (MPH)
  HIGHEST WIND SPEED    30   HIGHEST WIND DIRECTION     S (180)
  HIGHEST GUST SPEED    37   HIGHEST GUST DIRECTION     S (190)
  AVERAGE WIND SPEED     7.8


SKY COVER
  AVERAGE SKY COVER 0.0


WEATHER CONDITIONS
 THE FOLLOWING WEATHER WAS RECORDED YESTERDAY.
  NO SIGNIFICANT WEATHER WAS OBSERVED.


RELATIVE HUMIDITY (PERCENT)
 HIGHEST    58           600 AM
 LOWEST     15           200 PM
 AVERAGE    37

..........................................................


THE TORRINGTON WY AIRPORT CLIMATE NORMALS FOR TODAY
                         NORMAL    RECORD    YEAR
 MAXIMUM TEMPERATURE (F)   91       104      2007
 MINIMUM TEMPERATURE (F)   59        52      2000


SUNRISE AND SUNSET
JULY 22 2014..........SUNRISE   540 AM MDT   SUNSET   825 PM MDT
JULY 23 2014..........SUNRISE   541 AM MDT   SUNSET   824 PM MDT


-  INDICATES NEGATIVE NUMBERS.
R  INDICATES RECORD WAS SET OR TIED.
MM INDICATES DATA IS MISSING.
T  INDICATES TRACE AMOUNT.




$$
