000
CDUS45 KCYS 280732
CLITOR


CLIMATE REPORT
NATIONAL WEATHER SERVICE CHEYENNE WY
1232 AM MST FRI NOV 28 2014


...................................

...THE TORRINGTON WY AIRPORT CLIMATE SUMMARY FOR NOVEMBER 27 2014...

CLIMATE NORMAL PERIOD 1981 TO 2010
CLIMATE RECORD PERIOD 1998 TO 2014


WEATHER ITEM   OBSERVED TIME   RECORD YEAR NORMAL DEPARTURE LAST
                VALUE   (LST)  VALUE       VALUE  FROM      YEAR
                                                  NORMAL
..................................................................
TEMPERATURE (F)
 YESTERDAY
  MAXIMUM         60    258 PM  68    1998  44     16       61
  MINIMUM         15    631 AM   9    2001  18     -3       18
  AVERAGE         38                        31      7       40

PRECIPITATION (IN)
  YESTERDAY        0.00          0.01 2004   0.01  -0.01     0.00
  MONTH TO DATE    0.74                      0.41   0.33     0.36
  SINCE JAN 1     17.59                     13.81   3.78    13.48

DEGREE DAYS
 HEATING
  YESTERDAY       27                        34     -7       25
  MONTH TO DATE  902                       768    134      786
  SINCE SEP 1   1430                      1456    -26     1486
  SINCE JUL 1   1445                      1478    -33     1488

 COOLING
  YESTERDAY        0                         0      0        0
  MONTH TO DATE    0                         0      0        0
  SINCE SEP 1     50                        45      5      120
  SINCE JAN 1    587                       678    -91      893
..................................................................


WIND (MPH)
  HIGHEST WIND SPEED    30   HIGHEST WIND DIRECTION     W (270)
  HIGHEST GUST SPEED    39   HIGHEST GUST DIRECTION     W (280)
  AVERAGE WIND SPEED    10.3


SKY COVER
  AVERAGE SKY COVER 0.2


WEATHER CONDITIONS
 THE FOLLOWING WEATHER WAS RECORDED YESTERDAY.
  FOG
  FOG W/VISIBILITY <= 1/4 MILE


RELATIVE HUMIDITY (PERCENT)
 HIGHEST    96           900 AM
 LOWEST     25           200 PM
 AVERAGE    61

..........................................................


THE TORRINGTON WY AIRPORT CLIMATE NORMALS FOR TODAY
                         NORMAL    RECORD    YEAR
 MAXIMUM TEMPERATURE (F)   44        65      1998
 MINIMUM TEMPERATURE (F)   17        -1      2001


SUNRISE AND SUNSET
NOVEMBER 28 2014......SUNRISE   702 AM MST   SUNSET   427 PM MST
NOVEMBER 29 2014......SUNRISE   703 AM MST   SUNSET   427 PM MST


-  INDICATES NEGATIVE NUMBERS.
R  INDICATES RECORD WAS SET OR TIED.
MM INDICATES DATA IS MISSING.
T  INDICATES TRACE AMOUNT.




$$
