000
CDUS45 KCYS 240727
CLITOR


CLIMATE REPORT
NATIONAL WEATHER SERVICE CHEYENNE WY
126 AM MDT THU APR 24 2014


...................................

...THE TORRINGTON WY AIRPORT CLIMATE SUMMARY FOR APRIL 23 2014...

CLIMATE NORMAL PERIOD 1981 TO 2010
CLIMATE RECORD PERIOD 1998 TO 2014


WEATHER ITEM   OBSERVED TIME   RECORD YEAR NORMAL DEPARTURE LAST
                VALUE   (LST)  VALUE       VALUE  FROM      YEAR
                                                  NORMAL
..................................................................
TEMPERATURE (F)
 YESTERDAY
  MAXIMUM         64    122 PM  88    2012  64      0       45
  MINIMUM         40   1159 PM  17    2013  35      5       17
  AVERAGE         52                        49      3       31

PRECIPITATION (IN)
  YESTERDAY        0.00          0.93 2010   0.07  -0.07     0.00
  MONTH TO DATE    0.46                      1.18  -0.72     1.47
  SINCE JAN 1      2.06                      2.53  -0.47     2.01

DEGREE DAYS
 HEATING
  YESTERDAY       13                        16     -3       34
  MONTH TO DATE  418                       445    -27      654
  SINCE MAR 1   1269                      1285    -16     1506
  SINCE JUL 1   6384                      6129    255     6119

 COOLING
  YESTERDAY        0                         0      0        0
  MONTH TO DATE    0                         0      0        0
  SINCE MAR 1      0                         0      0        0
  SINCE JAN 1      0                         0      0        0
..................................................................


WIND (MPH)
  HIGHEST WIND SPEED    41   HIGHEST WIND DIRECTION     W (290)
  HIGHEST GUST SPEED    55   HIGHEST GUST DIRECTION     W (280)
  AVERAGE WIND SPEED    19.4


SKY COVER
  AVERAGE SKY COVER 0.1


WEATHER CONDITIONS
 THE FOLLOWING WEATHER WAS RECORDED YESTERDAY.
  NO SIGNIFICANT WEATHER WAS OBSERVED.


RELATIVE HUMIDITY (PERCENT)
 HIGHEST    82           500 AM
 LOWEST     14           600 PM
 AVERAGE    48

..........................................................


THE TORRINGTON WY AIRPORT CLIMATE NORMALS FOR TODAY
                         NORMAL    RECORD    YEAR
 MAXIMUM TEMPERATURE (F)   64        90      2012
 MINIMUM TEMPERATURE (F)   35        21      2013


SUNRISE AND SUNSET
APRIL 24 2014.........SUNRISE   602 AM MDT   SUNSET   748 PM MDT
APRIL 25 2014.........SUNRISE   601 AM MDT   SUNSET   749 PM MDT


-  INDICATES NEGATIVE NUMBERS.
R  INDICATES RECORD WAS SET OR TIED.
MM INDICATES DATA IS MISSING.
T  INDICATES TRACE AMOUNT.




$$
