000
CDUS42 KTBW 272224
CLITPA


CLIMATE REPORT
NATIONAL WEATHER SERVICE TAMPA BAY FL
522 PM EST SAT DEC 27 2014


...................................

...THE TAMPA CLIMATE SUMMARY FOR DECEMBER 27 2014...
VALID TODAY AS OF 0500 PM LOCAL TIME.

CLIMATE NORMAL PERIOD 1981 TO 2010
CLIMATE RECORD PERIOD 1890 TO 2014


WEATHER ITEM   OBSERVED TIME   RECORD YEAR NORMAL DEPARTURE LAST
                VALUE   (LST)  VALUE       VALUE  FROM      YEAR
                                                  NORMAL
..................................................................
TEMPERATURE (F)
 TODAY
  MAXIMUM         79   1252 PM  85    1990  70      9       70
  MINIMUM         63    440 AM  28    1985  52     11       60
  AVERAGE         71                        61     10       65

PRECIPITATION (IN)
  TODAY            0.00          4.32 1997   0.07  -0.07     0.02
  MONTH TO DATE    0.93                      2.19  -1.26     0.27
  SINCE DEC 1      0.93                      2.19  -1.26     0.27
  SINCE JAN 1     57.23                     46.02  11.21    51.94

DEGREE DAYS
 HEATING
  TODAY            0                         6     -6        0
  MONTH TO DATE   86                       115    -29       32
  SINCE DEC 1     86                       115    -29       32
  SINCE JUL 1    174                       159     15       62

 COOLING
  TODAY            6                         2      4        0
  MONTH TO DATE   80                        70     10      140
  SINCE DEC 1     80                        70     10      140
  SINCE JAN 1   3505                      3600    -95     3876
..................................................................


WIND (MPH)
  RESULTANT WIND SPEED   2   RESULTANT WIND DIRECTION   E (70)
  HIGHEST WIND SPEED     9   HIGHEST WIND DIRECTION    SW (230)
  HIGHEST GUST SPEED    12   HIGHEST GUST DIRECTION    SW (230)
  AVERAGE WIND SPEED     5.4


SKY COVER
  POSSIBLE SUNSHINE  MM
  AVERAGE SKY COVER 0.8


WEATHER CONDITIONS
 THE FOLLOWING WEATHER WAS RECORDED TODAY.
  NO SIGNIFICANT WEATHER WAS OBSERVED.


RELATIVE HUMIDITY (PERCENT)
 HIGHEST    84           300 AM
 LOWEST     62          1200 PM

..........................................................


THE TAMPA CLIMATE NORMALS FOR TOMORROW
                         NORMAL    RECORD    YEAR
 MAXIMUM TEMPERATURE (F)   70        84      1990
 MINIMUM TEMPERATURE (F)   52        29      1902


SUNRISE AND SUNSET
DECEMBER 27 2014......SUNRISE   720 AM EST   SUNSET   543 PM EST
DECEMBER 28 2014......SUNRISE   720 AM EST   SUNSET   543 PM EST


-  INDICATES NEGATIVE NUMBERS.
R  INDICATES RECORD WAS SET OR TIED.
MM INDICATES DATA IS MISSING.
T  INDICATES TRACE AMOUNT.




$$


&&
------------------------------------------------------------------
******************** SUPPLEMENTAL DATA ***************************

...RUSKIN                HIGH 81    LOW 62    PCPN 0.00
...SARASOTA/BRADENTON    HIGH 78    LOW 63    PCPN 0.00
...LAKELAND              HIGH 81    LOW 63    PCPN 0.00
...ST. PETERSBURG        HIGH 78    LOW 65    PCPN 0.00

...GULF WATER TEMPERATURE AT CLEARWATER BEACH 67
