000
CDUS42 KTBW 212126
CLITPA


CLIMATE REPORT
NATIONAL WEATHER SERVICE TAMPA BAY FL
521 PM EDT SUN SEP 21 2014


...................................

...THE TAMPA CLIMATE SUMMARY FOR SEPTEMBER 21 2014...
VALID TODAY AS OF 0500 PM LOCAL TIME.

CLIMATE NORMAL PERIOD 1981 TO 2010
CLIMATE RECORD PERIOD 1890 TO 2014


WEATHER ITEM   OBSERVED TIME   RECORD YEAR NORMAL DEPARTURE LAST
                VALUE   (LST)  VALUE       VALUE  FROM      YEAR
                                                  NORMAL
..................................................................
TEMPERATURE (F)
 TODAY
  MAXIMUM         86    335 PM  95    1990  89     -3       88
                                      1960
                                      1942
  MINIMUM         72    724 AM  59    1897  74     -2       74
  AVERAGE         79                        81     -2       81

PRECIPITATION (IN)
  TODAY            0.00          4.40 1897   0.18  -0.18     0.00
  MONTH TO DATE    4.97                      4.84   0.13     3.97
  SINCE SEP 1      4.97                      4.84   0.13     3.97
  SINCE JAN 1     44.92                     38.56   6.36    46.49

DEGREE DAYS
 HEATING
  TODAY            0                         0      0        0
  MONTH TO DATE    0                         0      0        0
  SINCE SEP 1      0                         0      0        0
  SINCE JUL 1      0                         0      0        0

 COOLING
  TODAY           14                        16     -2       16
  MONTH TO DATE  355                       363     -8      383
  SINCE SEP 1    355                       363     -8      383
  SINCE JAN 1   2872                      2878     -6     3020
..................................................................


WIND (MPH)
  RESULTANT WIND SPEED   2   RESULTANT WIND DIRECTION   E (90)
  HIGHEST WIND SPEED    10   HIGHEST WIND DIRECTION    SW (210)
  HIGHEST GUST SPEED    12   HIGHEST GUST DIRECTION    SW (220)
  AVERAGE WIND SPEED     5.1


SKY COVER
  POSSIBLE SUNSHINE  MM
  AVERAGE SKY COVER 0.5


WEATHER CONDITIONS
 THE FOLLOWING WEATHER WAS RECORDED TODAY.
  NO SIGNIFICANT WEATHER WAS OBSERVED.


RELATIVE HUMIDITY (PERCENT)
 HIGHEST    93           500 AM
 LOWEST     61          1200 PM

..........................................................


THE TAMPA CLIMATE NORMALS FOR TOMORROW
                         NORMAL    RECORD    YEAR
 MAXIMUM TEMPERATURE (F)   88        94      1993
                                             1988
                                             1933
 MINIMUM TEMPERATURE (F)   74        59      1913


SUNRISE AND SUNSET
SEPTEMBER 21 2014.....SUNRISE   718 AM EDT   SUNSET   728 PM EDT
SEPTEMBER 22 2014.....SUNRISE   719 AM EDT   SUNSET   727 PM EDT


-  INDICATES NEGATIVE NUMBERS.
R  INDICATES RECORD WAS SET OR TIED.
MM INDICATES DATA IS MISSING.
T  INDICATES TRACE AMOUNT.




$$


&&
------------------------------------------------------------------
******************** SUPPLEMENTAL DATA ***************************

...RUSKIN                HIGH 89    LOW 71    PCPN 0.00
...SARASOTA/BRADENTON    HIGH 87    LOW 73    PCPN T
...LAKELAND              HIGH 91    LOW 69    PCPN 0.00
...ST. PETERSBURG        HIGH 86    LOW 75    PCPN 0.00

...GULF WATER TEMPERATURE AT CLEARWATER BEACH 83E
