000
CDUS42 KTBW 212115
CLITPA


CLIMATE REPORT
NATIONAL WEATHER SERVICE TAMPA BAY FL
513 PM EDT SAT OCT 21 2017


...................................

...THE TAMPA CLIMATE SUMMARY FOR OCTOBER 21 2017...
VALID TODAY AS OF 0500 PM LOCAL TIME.

CLIMATE NORMAL PERIOD 1981 TO 2010
CLIMATE RECORD PERIOD 1890 TO 2017


WEATHER ITEM   OBSERVED TIME   RECORD YEAR NORMAL DEPARTURE LAST
                VALUE   (LST)  VALUE       VALUE  FROM      YEAR
                                                  NORMAL
..................................................................
TEMPERATURE (F)
 TODAY
  MAXIMUM         88    220 PM  91    1993  83      5       86
                                      1990
  MINIMUM         73    623 AM  40    1964  67      6       68
  AVERAGE         81                        75      6       77

PRECIPITATION (IN)
  TODAY            0.00          0.67 2007   0.06  -0.06     0.00
  MONTH TO DATE    2.71                      1.73   0.98     1.55
  SINCE SEP 1      9.37                      8.03   1.34     5.69
  SINCE JAN 1     42.99                     41.75   1.24    52.12

DEGREE DAYS
 HEATING
  TODAY            0                         0      0        0
  MONTH TO DATE    0                         0      0        0
  SINCE SEP 1      0                         0      0        0
  SINCE JUL 1      0                         0      0        0

 COOLING
  TODAY           16                        10      6       12
  MONTH TO DATE  367                       261    106      320
  SINCE SEP 1    925                       762    163      890
  SINCE JAN 1   4007                      3277    730     3676
..................................................................


WIND (MPH)
  RESULTANT WIND SPEED   7   RESULTANT WIND DIRECTION   E (70)
  HIGHEST WIND SPEED    14   HIGHEST WIND DIRECTION     E (70)
  HIGHEST GUST SPEED    21   HIGHEST GUST DIRECTION     E (80)
  AVERAGE WIND SPEED     7.5


SKY COVER
  POSSIBLE SUNSHINE  MM
  AVERAGE SKY COVER 0.6


WEATHER CONDITIONS
 THE FOLLOWING WEATHER WAS RECORDED TODAY.
  NO SIGNIFICANT WEATHER WAS OBSERVED.


RELATIVE HUMIDITY (PERCENT)
 HIGHEST    84           200 AM
 LOWEST     43           100 PM

..........................................................


THE TAMPA CLIMATE NORMALS FOR TOMORROW
                         NORMAL    RECORD    YEAR
 MAXIMUM TEMPERATURE (F)   83        91      1990
 MINIMUM TEMPERATURE (F)   66        48      1989
                                             1964
                                             1913


SUNRISE AND SUNSET
OCTOBER 21 2017.......SUNRISE   734 AM EDT   SUNSET   655 PM EDT
OCTOBER 22 2017.......SUNRISE   735 AM EDT   SUNSET   654 PM EDT


-  INDICATES NEGATIVE NUMBERS.
R  INDICATES RECORD WAS SET OR TIED.
MM INDICATES DATA IS MISSING.
T  INDICATES TRACE AMOUNT.




$$


&&
------------------------------------------------------------------
******************** SUPPLEMENTAL DATA ***************************

...RUSKIN                HIGH 87    LOW 70    PCPN 0.00
...SARASOTA/BRADENTON    HIGH 87    LOW 72    PCPN 0.00
...LAKELAND*             HIGH 86    LOW 71    PCPN 0.04
...ST. PETERSBURG        HIGH 85    LOW 74    PCPN 0.00
...GULF WATER TEMPERATURE AT CLEARWATER BEACH 78 DEGREES.

*LAKELAND DATA IS FROM 4:30 PM FRIDAY TO 4:30 PM SATURDAY
AND MAY REFLECT YESTERDAYS RAINFALL AND HIGH TEMPERATURE.
