000
CDUS42 KTBW 300847
CLITPA


CLIMATE REPORT
NATIONAL WEATHER SERVICE TAMPA BAY FL
445 AM EDT SAT MAY 30 2015


...................................

...THE TAMPA CLIMATE SUMMARY FOR MAY 29 2015...

CLIMATE NORMAL PERIOD 1981 TO 2010
CLIMATE RECORD PERIOD 1890 TO 2015


WEATHER ITEM   OBSERVED TIME   RECORD YEAR NORMAL DEPARTURE LAST
                VALUE   (LST)  VALUE       VALUE  FROM      YEAR
                                                  NORMAL
..................................................................
TEMPERATURE (F)
 YESTERDAY
  MAXIMUM         90    423 PM  96    2006  89      1       88
  MINIMUM         70    546 AM  64    1968  73     -3       72
  AVERAGE         80                        81     -1       80

PRECIPITATION (IN)
  YESTERDAY        0.00          1.33 1922   0.10  -0.10      T
  MONTH TO DATE    5.72                      1.89   3.83     7.69
  SINCE MAR 1     11.57                      6.95   4.62    13.53
  SINCE JAN 1     19.87                     11.99   7.88    18.48

DEGREE DAYS
 HEATING
  YESTERDAY        0                         0      0        0
  MONTH TO DATE    0                         0      0        0
  SINCE MAR 1     12                        67    -55       48
  SINCE JUL 1    467                       538    -71      444

 COOLING
  YESTERDAY       15                        16     -1       15
  MONTH TO DATE  455                       386     69      376
  SINCE MAR 1   1120                       733    387      689
  SINCE JAN 1   1187                       846    341      793
..................................................................


WIND (MPH)
  RESULTANT WIND SPEED   3   RESULTANT WIND DIRECTION   E (70)
  HIGHEST WIND SPEED    14   HIGHEST WIND DIRECTION     W (260)
  HIGHEST GUST SPEED    19   HIGHEST GUST DIRECTION     W (280)
  AVERAGE WIND SPEED     6.3


SKY COVER
  POSSIBLE SUNSHINE  MM
  AVERAGE SKY COVER 0.4


WEATHER CONDITIONS
 THE FOLLOWING WEATHER WAS RECORDED YESTERDAY.
  NO SIGNIFICANT WEATHER WAS OBSERVED.


RELATIVE HUMIDITY (PERCENT)
 HIGHEST    73           300 AM
 LOWEST     44          1100 AM
 AVERAGE    59

..........................................................


THE TAMPA CLIMATE NORMALS FOR TODAY
                         NORMAL    RECORD    YEAR
 MAXIMUM TEMPERATURE (F)   89        96      1989
 MINIMUM TEMPERATURE (F)   73        57      1968


SUNRISE AND SUNSET
MAY 30 2015...........SUNRISE   635 AM EDT   SUNSET   821 PM EDT
MAY 31 2015...........SUNRISE   634 AM EDT   SUNSET   821 PM EDT


-  INDICATES NEGATIVE NUMBERS.
R  INDICATES RECORD WAS SET OR TIED.
MM INDICATES DATA IS MISSING.
T  INDICATES TRACE AMOUNT.




$$


&&
------------------------------------------------------------------
******************** SUPPLEMENTAL DATA ***************************

...RUSKIN                HIGH 89    LOW 67    PCPN 0.00
...SARASOTA/BRADENTON    HIGH 89    LOW 66    PCPN T
...ST. PETERSBURG        HIGH 88    LOW 74    PCPN T
...GULF WATER TEMPERATURE AT CLEARWATER BEACH 83
