000
CDUS42 KTBW 232113
CLITPA


CLIMATE REPORT
NATIONAL WEATHER SERVICE TAMPA BAY FL
511 PM EDT TUE SEP 23 2014


...................................

...THE TAMPA CLIMATE SUMMARY FOR SEPTEMBER 23 2014...
VALID TODAY AS OF 0500 PM LOCAL TIME.

CLIMATE NORMAL PERIOD 1981 TO 2010
CLIMATE RECORD PERIOD 1890 TO 2014


WEATHER ITEM   OBSERVED TIME   RECORD YEAR NORMAL DEPARTURE LAST
                VALUE   (LST)  VALUE       VALUE  FROM      YEAR
                                                  NORMAL
..................................................................
TEMPERATURE (F)
 TODAY
  MAXIMUM         81    326 PM  93    2010  88     -7       83
                                      1990
                                      1961
  MINIMUM         73    513 AM  59    1897  74     -1       76
  AVERAGE         77                        81     -4       80

PRECIPITATION (IN)
  TODAY            0.00          2.25 1979   0.18  -0.18     0.77
                                      1965
  MONTH TO DATE    5.60                      5.19   0.41     4.85
  SINCE SEP 1      5.60                      5.19   0.41     4.85
  SINCE JAN 1     45.55                     38.91   6.64    47.37

DEGREE DAYS
 HEATING
  TODAY            0                         0      0        0
  MONTH TO DATE    0                         0      0        0
  SINCE SEP 1      0                         0      0        0
  SINCE JUL 1      0                         0      0        0

 COOLING
  TODAY           12                        16     -4       15
  MONTH TO DATE  380                       395    -15      415
  SINCE SEP 1    380                       395    -15      415
  SINCE JAN 1   2897                      2910    -13     3052
..................................................................


WIND (MPH)
  RESULTANT WIND SPEED   2   RESULTANT WIND DIRECTION   S (160)
  HIGHEST WIND SPEED    13   HIGHEST WIND DIRECTION    SW (220)
  HIGHEST GUST SPEED    16   HIGHEST GUST DIRECTION    SW (220)
  AVERAGE WIND SPEED     3.9


SKY COVER
  POSSIBLE SUNSHINE  MM
  AVERAGE SKY COVER 0.8


WEATHER CONDITIONS
 THE FOLLOWING WEATHER WAS RECORDED TODAY.
  NO SIGNIFICANT WEATHER WAS OBSERVED.


RELATIVE HUMIDITY (PERCENT)
 HIGHEST    93          1200 AM
 LOWEST     69           400 PM

..........................................................


THE TAMPA CLIMATE NORMALS FOR TOMORROW
                         NORMAL    RECORD    YEAR
 MAXIMUM TEMPERATURE (F)   88        94      1930
                                             1925
 MINIMUM TEMPERATURE (F)   74        62      1897
                                             1896


SUNRISE AND SUNSET
SEPTEMBER 23 2014.....SUNRISE   719 AM EDT   SUNSET   725 PM EDT
SEPTEMBER 24 2014.....SUNRISE   720 AM EDT   SUNSET   724 PM EDT


-  INDICATES NEGATIVE NUMBERS.
R  INDICATES RECORD WAS SET OR TIED.
MM INDICATES DATA IS MISSING.
T  INDICATES TRACE AMOUNT.




$$


&&
------------------------------------------------------------------
******************** SUPPLEMENTAL DATA ***************************

...RUSKIN                HIGH 85    LOW 70    PCPN 0.21
...SARASOTA/BRADENTON    HIGH 85    LOW 71    PCPN    T
...LAKELAND              HIGH 85    LOW 70    PCPN 0.09
...ST. PETERSBURG        HIGH 81    LOW 75    PCPN    T
...GULF WATER TEMPERATURE AT CLEARWATER BEACH 83
