000
CDUS42 KTBW 272218
CLITPA


CLIMATE REPORT
NATIONAL WEATHER SERVICE TAMPA BAY FL
514 PM EST MON FEB 27 2017


...................................

...THE TAMPA CLIMATE SUMMARY FOR FEBRUARY 27 2017...
VALID TODAY AS OF 0500 PM LOCAL TIME.

CLIMATE NORMAL PERIOD 1981 TO 2010
CLIMATE RECORD PERIOD 1890 TO 2017


WEATHER ITEM   OBSERVED TIME   RECORD YEAR NORMAL DEPARTURE LAST
                VALUE   (LST)  VALUE       VALUE  FROM      YEAR
                                                  NORMAL
..................................................................
TEMPERATURE (F)
 TODAY
  MAXIMUM         86R   206 PM  85    1939  74     12       66
  MINIMUM         60    727 AM  30    1974  56      4       43
  AVERAGE         73                        65      8       55

PRECIPITATION (IN)
  TODAY            0.00          1.48 1946   0.09  -0.09     0.00
  MONTH TO DATE    2.02                      2.72  -0.70     2.53
  SINCE DEC 1      3.35                      7.42  -4.07     9.20
  SINCE JAN 1      2.92                      4.95  -2.03     8.71

DEGREE DAYS
 HEATING
  TODAY            0                         3     -3       10
  MONTH TO DATE   13                       104    -91      119
  SINCE DEC 1    121                       425   -304      298
  SINCE JUL 1    136                       469   -333      303

 COOLING
  TODAY            8                         3      5        0
  MONTH TO DATE  115                        59     56       47
  SINCE DEC 1    434                       189    245      352
  SINCE JAN 1    242                       109    133       77
..................................................................


WIND (MPH)
  RESULTANT WIND SPEED   5   RESULTANT WIND DIRECTION  SE (120)
  HIGHEST WIND SPEED    16   HIGHEST WIND DIRECTION    SE (140)
  HIGHEST GUST SPEED    24   HIGHEST GUST DIRECTION     E (110)
  AVERAGE WIND SPEED     7.7


SKY COVER
  POSSIBLE SUNSHINE  MM
  AVERAGE SKY COVER 0.1


WEATHER CONDITIONS
 THE FOLLOWING WEATHER WAS RECORDED TODAY.
  NO SIGNIFICANT WEATHER WAS OBSERVED.


RELATIVE HUMIDITY (PERCENT)
 HIGHEST    78           700 AM
 LOWEST     44           200 PM

..........................................................


THE TAMPA CLIMATE NORMALS FOR TOMORROW
                         NORMAL    RECORD    YEAR
 MAXIMUM TEMPERATURE (F)   74        86      1997
 MINIMUM TEMPERATURE (F)   56        30      1935


SUNRISE AND SUNSET
FEBRUARY 27 2017......SUNRISE   656 AM EST   SUNSET   629 PM EST
FEBRUARY 28 2017......SUNRISE   655 AM EST   SUNSET   630 PM EST


-  INDICATES NEGATIVE NUMBERS.
R  INDICATES RECORD WAS SET OR TIED.
MM INDICATES DATA IS MISSING.
T  INDICATES TRACE AMOUNT.




$$


&&
------------------------------------------------------------------
******************** SUPPLEMENTAL DATA ***************************

...RUSKIN                HIGH 87    LOW 61    PCPN 0.00
...SARASOTA/BRADENTON    HIGH 86    LOW 60    PCPN 0.00
...LAKELAND*             HIGH 86    LOW 55    PCPN 0.00
...ST. PETERSBURG        HIGH 83    LOW 65    PCPN 0.00
...GULF WATER TEMPERATURE AT CLEARWATER BEACH M DEGREES

*LAKELAND DATA IS FROM 4:30 PM SUNDAY TO 4:30 PM MONDAY
AND MAY REFLECT YESTERDAYS RAINFALL AND HIGH TEMPERATURE.
