000
CDUS42 KTBW 112226
CLITPA


CLIMATE REPORT
NATIONAL WEATHER SERVICE TAMPA BAY FL
523 PM EST MON DEC 11 2017


...................................

...THE TAMPA CLIMATE SUMMARY FOR DECEMBER 11 2017...
VALID TODAY AS OF 0500 PM LOCAL TIME.

CLIMATE NORMAL PERIOD 1981 TO 2010
CLIMATE RECORD PERIOD 1890 TO 2017


WEATHER ITEM   OBSERVED TIME   RECORD YEAR NORMAL DEPARTURE LAST
                VALUE   (LST)  VALUE       VALUE  FROM      YEAR
                                                  NORMAL
..................................................................
TEMPERATURE (F)
 TODAY
  MAXIMUM         64    401 PM  85    1976  73     -9       79
  MINIMUM         44    206 AM  30    1934  55    -11       56
  AVERAGE         54                        64    -10       68

PRECIPITATION (IN)
  TODAY            0.00          1.63 1988   0.08  -0.08      T
  MONTH TO DATE    0.74                      0.82  -0.08     0.37
  SINCE DEC 1      0.74                      0.82  -0.08     0.37
  SINCE JAN 1     44.21                     44.65  -0.44    52.50

DEGREE DAYS
 HEATING
  TODAY           11                         4      7        0
  MONTH TO DATE   31                        37     -6       12
  SINCE DEC 1     31                        37     -6       12
  SINCE JUL 1     39                        81    -42       27

 COOLING
  TODAY            0                         3     -3        3
  MONTH TO DATE   66                        34     32       53
  SINCE DEC 1     66                        34     32       53
  SINCE JAN 1   4351                      3564    787     4026
..................................................................


WIND (MPH)
  RESULTANT WIND SPEED   3   RESULTANT WIND DIRECTION   N (0)
  HIGHEST WIND SPEED    14   HIGHEST WIND DIRECTION     N (350)
  HIGHEST GUST SPEED    17   HIGHEST GUST DIRECTION     N (360)
  AVERAGE WIND SPEED     5.2


SKY COVER
  POSSIBLE SUNSHINE  MM
  AVERAGE SKY COVER 0.1


WEATHER CONDITIONS
 THE FOLLOWING WEATHER WAS RECORDED TODAY.
  NO SIGNIFICANT WEATHER WAS OBSERVED.


RELATIVE HUMIDITY (PERCENT)
 HIGHEST    83           300 AM
 LOWEST     31           400 PM

..........................................................


THE TAMPA CLIMATE NORMALS FOR TOMORROW
                         NORMAL    RECORD    YEAR
 MAXIMUM TEMPERATURE (F)   73        85      2015
                                             2001
                                             1972
 MINIMUM TEMPERATURE (F)   55        27      1957
                                             1934


SUNRISE AND SUNSET
DECEMBER 11 2017......SUNRISE   711 AM EST   SUNSET   536 PM EST
DECEMBER 12 2017......SUNRISE   712 AM EST   SUNSET   536 PM EST


-  INDICATES NEGATIVE NUMBERS.
R  INDICATES RECORD WAS SET OR TIED.
MM INDICATES DATA IS MISSING.
T  INDICATES TRACE AMOUNT.




$$


&&
------------------------------------------------------------------
******************** SUPPLEMENTAL DATA ***************************

...RUSKIN                HIGH 64    LOW 39    PCPN 0.00
...SARASOTA/BRADENTON    HIGH 64    LOW 40    PCPN 0.00
...LAKELAND*             HIGH 63    LOW 37    PCPN 0.00
...ST. PETERSBURG        HIGH 63    LOW 51    PCPN 0.00
...GULF WATER TEMPERATURE AT CLEARWATER BEACH 62 DEGREES

*LAKELAND DATA IS FROM 4:30 PM SUNDAY TO 4:30 PM MONDAY
AND MAY REFLECT YESTERDAYS RAINFALL AND HIGH TEMPERATURE.
