000
CDUS42 KTBW 302216
CLITPA


CLIMATE REPORT
NATIONAL WEATHER SERVICE TAMPA BAY FL
513 PM EST FRI JAN 30 2015


...................................

...THE TAMPA CLIMATE SUMMARY FOR JANUARY 30 2015...
VALID TODAY AS OF 0500 PM LOCAL TIME.

CLIMATE NORMAL PERIOD 1981 TO 2010
CLIMATE RECORD PERIOD 1890 TO 2015


WEATHER ITEM   OBSERVED TIME   RECORD YEAR NORMAL DEPARTURE LAST
                VALUE   (LST)  VALUE       VALUE  FROM      YEAR
                                                  NORMAL
..................................................................
TEMPERATURE (F)
 TODAY
  MAXIMUM         72    354 PM  85    2002  71      1       50
  MINIMUM         50    531 AM  26    1966  53     -3       43
  AVERAGE         61                        62     -1       47

PRECIPITATION (IN)
  TODAY            0.00          1.09 2009   0.08  -0.08     0.18
  MONTH TO DATE    1.75                      2.15  -0.40     2.51
  SINCE DEC 1      3.32                      4.62  -1.30     3.32
  SINCE JAN 1      1.75                      2.15  -0.40     2.51

DEGREE DAYS
 HEATING
  TODAY            4                         5     -1       18
  MONTH TO DATE  122                       175    -53      246
  SINCE DEC 1    211                       314   -103      278
  SINCE JUL 1    299                       358    -59      308

 COOLING
  TODAY            0                         2     -2        0
  MONTH TO DATE   56                        58     -2       21
  SINCE DEC 1    151                       138     13      171
  SINCE JAN 1     56                        58     -2       21
..................................................................


WIND (MPH)
  RESULTANT WIND SPEED   3   RESULTANT WIND DIRECTION   W (260)
  HIGHEST WIND SPEED    14   HIGHEST WIND DIRECTION     W (290)
  HIGHEST GUST SPEED    19   HIGHEST GUST DIRECTION    NW (300)
  AVERAGE WIND SPEED     3.7


SKY COVER
  POSSIBLE SUNSHINE  MM
  AVERAGE SKY COVER 0.5


WEATHER CONDITIONS
 THE FOLLOWING WEATHER WAS RECORDED TODAY.
  FOG
  HAZE


RELATIVE HUMIDITY (PERCENT)
 HIGHEST    89           200 AM
 LOWEST     49           500 PM

..........................................................


THE TAMPA CLIMATE NORMALS FOR TOMORROW
                         NORMAL    RECORD    YEAR
 MAXIMUM TEMPERATURE (F)   71        86      2002
 MINIMUM TEMPERATURE (F)   53        24      1966


SUNRISE AND SUNSET
JANUARY 30 2015.......SUNRISE   718 AM EST   SUNSET   609 PM EST
JANUARY 31 2015.......SUNRISE   718 AM EST   SUNSET   610 PM EST


-  INDICATES NEGATIVE NUMBERS.
R  INDICATES RECORD WAS SET OR TIED.
MM INDICATES DATA IS MISSING.
T  INDICATES TRACE AMOUNT.




$$


&&
------------------------------------------------------------------
******************** SUPPLEMENTAL DATA ***************************

...RUSKIN                HIGH 71    LOW 46    PCPN 0.00
...SARASOTA/BRADENTON    HIGH 67    LOW 45    PCPN 0.00
...LAKELAND              HIGH 71    LOW 42    PCPN 0.00
...ST. PETERSBURG        HIGH 69    LOW 54    PCPN 0.00
...GULF WATER TEMPERATURE AT CLEARWATER BEACH 61
