000
CDUS42 KTBW 220830
CLITPA


CLIMATE REPORT
NATIONAL WEATHER SERVICE TAMPA BAY FL
428 AM EDT WED OCT 22 2014


...................................

...THE TAMPA CLIMATE SUMMARY FOR OCTOBER 21 2014...

CLIMATE NORMAL PERIOD 1981 TO 2010
CLIMATE RECORD PERIOD 1890 TO 2014


WEATHER ITEM   OBSERVED TIME   RECORD YEAR NORMAL DEPARTURE LAST
                VALUE   (LST)  VALUE       VALUE  FROM      YEAR
                                                  NORMAL
..................................................................
TEMPERATURE (F)
 YESTERDAY
  MAXIMUM         83    353 PM  91    1993  83      0       86
                                      1990
  MINIMUM         70    546 AM  40    1964  67      3       74
  AVERAGE         77                        75      2       80

PRECIPITATION (IN)
  YESTERDAY        0.00          0.67 2007   0.06  -0.06     0.00
  MONTH TO DATE    1.52                      1.73  -0.21     0.70
  SINCE SEP 1     11.09                      8.03   3.06     8.07
  SINCE JAN 1     51.04                     41.75   9.29    50.59

DEGREE DAYS
 HEATING
  YESTERDAY        0                         0      0        0
  MONTH TO DATE    0                         0      0        0
  SINCE SEP 1      0                         0      0        0
  SINCE JUL 1      0                         0      0        0

 COOLING
  YESTERDAY       12                        10      2       15
  MONTH TO DATE  265                       261      4      308
  SINCE SEP 1    754                       762     -8      823
  SINCE JAN 1   3271                      3277     -6     3460
..................................................................


WIND (MPH)
  RESULTANT WIND SPEED   2   RESULTANT WIND DIRECTION   N (360)
  HIGHEST WIND SPEED     9   HIGHEST WIND DIRECTION     W (290)
  HIGHEST GUST SPEED    17   HIGHEST GUST DIRECTION     W (280)
  AVERAGE WIND SPEED     4.1


SKY COVER
  POSSIBLE SUNSHINE  MM
  AVERAGE SKY COVER 1.0


WEATHER CONDITIONS
 THE FOLLOWING WEATHER WAS RECORDED YESTERDAY.
  NO SIGNIFICANT WEATHER WAS OBSERVED.


RELATIVE HUMIDITY (PERCENT)
 HIGHEST    79           500 AM
 LOWEST     47           200 PM
 AVERAGE    63

..........................................................


THE TAMPA CLIMATE NORMALS FOR TODAY
                         NORMAL    RECORD    YEAR
 MAXIMUM TEMPERATURE (F)   83        91      1990
 MINIMUM TEMPERATURE (F)   66        48      1989
                                             1964
                                             1913


SUNRISE AND SUNSET
OCTOBER 22 2014.......SUNRISE   735 AM EDT   SUNSET   654 PM EDT
OCTOBER 23 2014.......SUNRISE   735 AM EDT   SUNSET   653 PM EDT


-  INDICATES NEGATIVE NUMBERS.
R  INDICATES RECORD WAS SET OR TIED.
MM INDICATES DATA IS MISSING.
T  INDICATES TRACE AMOUNT.




$$


&&
------------------------------------------------------------------
******************** SUPPLEMENTAL DATA ***************************

...RUSKIN                HIGH 84    LOW 68    PCPN 0.00
...SARASOTA/BRADENTON    HIGH 85    LOW 69    PCPN 0.00
...ST. PETERSBURG        HIGH 83    LOW 74    PCPN 0.00
...GULF WATER TEMPERATURE AT CLEARWATER BEACH 79
