000
CDUS45 KLKN 270934
CLITPH


CLIMATE REPORT
NATIONAL WEATHER SERVICE ELKO NV
127 AM PST FRI FEB 27 2015


...................................

...THE TONOPAH AIRPORT NV CLIMATE SUMMARY FOR FEBRUARY 26 2015...

CLIMATE NORMAL PERIOD 1981 TO 2010
CLIMATE RECORD PERIOD 1954 TO 2015


WEATHER ITEM   OBSERVED TIME   RECORD YEAR NORMAL DEPARTURE LAST
                VALUE   (LST)  VALUE       VALUE  FROM      YEAR
                                                  NORMAL
..................................................................
TEMPERATURE (F)
 YESTERDAY
  MAXIMUM         54    154 PM  73    1986  52      2       59
  MINIMUM         29    523 AM   6    1962  26      3       31
  AVERAGE         42                        39      3       45

PRECIPITATION (IN)
  YESTERDAY        0.00          0.33 2004   0.02  -0.02     0.00
  MONTH TO DATE    0.01                      0.48  -0.47      T
  SINCE OCT 1      0.66                      2.06  -1.40     0.57
  SINCE JAN 1      0.18                      0.97  -0.79     0.11

DEGREE DAYS
 HEATING
  YESTERDAY       23                        26     -3       20
  MONTH TO DATE  499                       739   -240      653
  SINCE DEC 1   2155                      2773   -618     2499
  SINCE JUL 1   3068                      3990   -922     3726

 COOLING
  YESTERDAY        0                         0      0        0
  MONTH TO DATE    0                         0      0        0
  SINCE DEC 1      0                         0      0        0
  SINCE JAN 1      0                         0      0        0
..................................................................


WIND (MPH)
  HIGHEST WIND SPEED    30   HIGHEST WIND DIRECTION    NW (320)
  HIGHEST GUST SPEED    47   HIGHEST GUST DIRECTION     N (350)
  AVERAGE WIND SPEED    15.6



WEATHER CONDITIONS
 THE FOLLOWING WEATHER WAS RECORDED YESTERDAY.
  NO SIGNIFICANT WEATHER WAS OBSERVED.


RELATIVE HUMIDITY (PERCENT)
 HIGHEST    44          1000 PM
 LOWEST     22           100 PM
 AVERAGE    33

..........................................................


THE TONOPAH AIRPORT NV CLIMATE NORMALS FOR TODAY
                         NORMAL    RECORD    YEAR
 MAXIMUM TEMPERATURE (F)   52        74      1986
 MINIMUM TEMPERATURE (F)   27         1      1962


SUNRISE AND SUNSET
FEBRUARY 27 2015......SUNRISE   623 AM PST   SUNSET   540 PM PST
FEBRUARY 28 2015......SUNRISE   622 AM PST   SUNSET   541 PM PST


-  INDICATES NEGATIVE NUMBERS.
R  INDICATES RECORD WAS SET OR TIED.
MM INDICATES DATA IS MISSING.
T  INDICATES TRACE AMOUNT.




$$
