000
CDUS45 KLKN 070933
CLITPH


CLIMATE REPORT
NATIONAL WEATHER SERVICE ELKO NV
229 AM PDT TUE JUL 7 2015


...................................

...THE TONOPAH AIRPORT NV CLIMATE SUMMARY FOR JULY 6 2015...

CLIMATE NORMAL PERIOD 1981 TO 2010
CLIMATE RECORD PERIOD 1954 TO 2015


WEATHER ITEM   OBSERVED TIME   RECORD YEAR NORMAL DEPARTURE LAST
                VALUE   (LST)  VALUE       VALUE  FROM      YEAR
                                                  NORMAL
..................................................................
TEMPERATURE (F)
 YESTERDAY
  MAXIMUM         92    320 PM 101    1989  91      1       93
  MINIMUM         60    439 AM  43    1963  57      3       67
  AVERAGE         76                        74      2       80

PRECIPITATION (IN)
  YESTERDAY        T             0.43 2001   0.01  -0.01      T
  MONTH TO DATE    0.07                      0.04   0.03      T
  SINCE OCT 1      2.62                      3.94  -1.32     1.38
  SINCE JAN 1      2.14                      2.85  -0.71     0.92

DEGREE DAYS
 HEATING
  YESTERDAY        0                         0      0        0
  MONTH TO DATE    0                         0      0        0
  SINCE JUN 1      6                        50    -44       15
  SINCE JUL 1      0                         0      0        0

 COOLING
  YESTERDAY       11                         9      2       15
  MONTH TO DATE   78                        51     27       87
  SINCE JUN 1    369                       196    173      303
  SINCE JAN 1    392                       223    169      337
..................................................................


WIND (MPH)
  HIGHEST WIND SPEED    38   HIGHEST WIND DIRECTION     E (100)
  HIGHEST GUST SPEED    45   HIGHEST GUST DIRECTION     E (100)
  AVERAGE WIND SPEED    10.1



WEATHER CONDITIONS
 THE FOLLOWING WEATHER WAS RECORDED YESTERDAY.
  THUNDERSTORM


RELATIVE HUMIDITY (PERCENT)
 HIGHEST    44          1000 PM
 LOWEST     10           300 PM
 AVERAGE    27

..........................................................


THE TONOPAH AIRPORT NV CLIMATE NORMALS FOR TODAY
                         NORMAL    RECORD    YEAR
 MAXIMUM TEMPERATURE (F)   91       102      1989
 MINIMUM TEMPERATURE (F)   57        43      1963


SUNRISE AND SUNSET
JULY  7 2015..........SUNRISE   532 AM PDT   SUNSET   814 PM PDT
JULY  8 2015..........SUNRISE   533 AM PDT   SUNSET   814 PM PDT


-  INDICATES NEGATIVE NUMBERS.
R  INDICATES RECORD WAS SET OR TIED.
MM INDICATES DATA IS MISSING.
T  INDICATES TRACE AMOUNT.




$$
