489
CDUS45 KLKN 260935
CLITPH


CLIMATE REPORT
NATIONAL WEATHER SERVICE ELKO NV
231 AM PDT WED APR 26 2017


...................................

...THE TONOPAH AIRPORT NV CLIMATE SUMMARY FOR APRIL 25 2017...

CLIMATE NORMAL PERIOD 1981 TO 2010
CLIMATE RECORD PERIOD 1954 TO 2017


WEATHER ITEM   OBSERVED TIME   RECORD YEAR NORMAL DEPARTURE LAST
                VALUE   (LST)  VALUE       VALUE  FROM      YEAR
                                                  NORMAL
..................................................................
TEMPERATURE (F)
 YESTERDAY
  MAXIMUM         60    420 PM  79    1992  67     -7       48
                                      1987
                                      1966
  MINIMUM         40    517 AM  18    1989  37      3       36
  AVERAGE         50                        52     -2       42

PRECIPITATION (IN)
  YESTERDAY        0.00          0.33 1978   0.01  -0.01      T
  MONTH TO DATE    0.17                      0.35  -0.18     0.28
  SINCE OCT 1      1.99                      3.02  -1.03     5.17
  SINCE JAN 1      1.46                      1.93  -0.47     1.79

DEGREE DAYS
 HEATING
  YESTERDAY       15                        13      2       23
  MONTH TO DATE  353                       406    -53      303
  SINCE MAR 1    884                      1091   -207      900
  SINCE JUL 1   4749                      5133   -384     4827

 COOLING
  YESTERDAY        0                         0      0        0
  MONTH TO DATE    0                         0      0        0
  SINCE MAR 1      0                         0      0        0
  SINCE JAN 1      0                         0      0        0
..................................................................


WIND (MPH)
  HIGHEST WIND SPEED    33   HIGHEST WIND DIRECTION    NW (330)
  HIGHEST GUST SPEED    43   HIGHEST GUST DIRECTION    NW (320)
  AVERAGE WIND SPEED    18.7



WEATHER CONDITIONS
 THE FOLLOWING WEATHER WAS RECORDED YESTERDAY.
  NO SIGNIFICANT WEATHER WAS OBSERVED.


RELATIVE HUMIDITY (PERCENT)
 HIGHEST    57           300 AM
 LOWEST     14           500 PM
 AVERAGE    36

..........................................................


THE TONOPAH AIRPORT NV CLIMATE NORMALS FOR TODAY
                         NORMAL    RECORD    YEAR
 MAXIMUM TEMPERATURE (F)   68        82      2000
                                             1992
 MINIMUM TEMPERATURE (F)   37        22      1984


SUNRISE AND SUNSET
APRIL 26 2017.........SUNRISE   558 AM PDT   SUNSET   735 PM PDT
APRIL 27 2017.........SUNRISE   557 AM PDT   SUNSET   736 PM PDT


-  INDICATES NEGATIVE NUMBERS.
R  INDICATES RECORD WAS SET OR TIED.
MM INDICATES DATA IS MISSING.
T  INDICATES TRACE AMOUNT.




$$
