000
CDUS45 KLKN 280949
CLITPH


CLIMATE REPORT
NATIONAL WEATHER SERVICE ELKO NV
149 AM PST TUE FEB 28 2017


...................................

...THE TONOPAH AIRPORT NV CLIMATE SUMMARY FOR FEBRUARY 27 2017...

CLIMATE NORMAL PERIOD 1981 TO 2010
CLIMATE RECORD PERIOD 1954 TO 2017


WEATHER ITEM   OBSERVED TIME   RECORD YEAR NORMAL DEPARTURE LAST
                VALUE   (LST)  VALUE       VALUE  FROM      YEAR
                                                  NORMAL
..................................................................
TEMPERATURE (F)
 YESTERDAY
  MAXIMUM         40    221 PM  74    1986  52    -12       66
  MINIMUM         24    114 AM   1    1962  27     -3       30
  AVERAGE         32                        40     -8       48

PRECIPITATION (IN)
  YESTERDAY        0.01          0.21 2014   0.02  -0.01     0.00
  MONTH TO DATE    0.62                      0.50   0.12     0.10
  SINCE OCT 1      1.51                      2.08  -0.57     4.45
  SINCE JAN 1      0.98                      0.99  -0.01     1.07

DEGREE DAYS
 HEATING
  YESTERDAY       33                        26      7       17
  MONTH TO DATE  680                       765    -85      753
  SINCE DEC 1   2814                      2799     15     2825
  SINCE JUL 1   3831                      4016   -185     3899

 COOLING
  YESTERDAY        0                         0      0        0
  MONTH TO DATE    0                         0      0        0
  SINCE DEC 1      0                         0      0        0
  SINCE JAN 1      0                         0      0        0
..................................................................


WIND (MPH)
  HIGHEST WIND SPEED    20   HIGHEST WIND DIRECTION    NW (320)
  HIGHEST GUST SPEED    25   HIGHEST GUST DIRECTION    NW (330)
  AVERAGE WIND SPEED     8.7



WEATHER CONDITIONS
 THE FOLLOWING WEATHER WAS RECORDED YESTERDAY.
  LIGHT SNOW
  FOG


RELATIVE HUMIDITY (PERCENT)
 HIGHEST    92           400 AM
 LOWEST     44           100 PM
 AVERAGE    68

..........................................................


THE TONOPAH AIRPORT NV CLIMATE NORMALS FOR TODAY
                         NORMAL    RECORD    YEAR
 MAXIMUM TEMPERATURE (F)   53        71      1986
 MINIMUM TEMPERATURE (F)   27         5      1962


SUNRISE AND SUNSET
FEBRUARY 28 2017......SUNRISE   621 AM PST   SUNSET   541 PM PST
MARCH  1 2017.........SUNRISE   620 AM PST   SUNSET   542 PM PST


-  INDICATES NEGATIVE NUMBERS.
R  INDICATES RECORD WAS SET OR TIED.
MM INDICATES DATA IS MISSING.
T  INDICATES TRACE AMOUNT.




$$
