000
CDUS45 KLKN 110930
CLITPH


CLIMATE REPORT
NATIONAL WEATHER SERVICE ELKO NV
129 AM PST MON DEC 11 2017


...................................

...THE TONOPAH AIRPORT NV CLIMATE SUMMARY FOR DECEMBER 10 2017...

CLIMATE NORMAL PERIOD 1981 TO 2010
CLIMATE RECORD PERIOD 1954 TO 2017


WEATHER ITEM   OBSERVED TIME   RECORD YEAR NORMAL DEPARTURE LAST
                VALUE   (LST)  VALUE       VALUE  FROM      YEAR
                                                  NORMAL
..................................................................
TEMPERATURE (F)
 YESTERDAY
  MAXIMUM         57    343 PM  62    1987  45     12       51
  MINIMUM         17    659 AM   2    2013  20     -3       25
  AVERAGE         37                        32      5       38

PRECIPITATION (IN)
  YESTERDAY        0.00          0.20 1954   0.01  -0.01      T
  MONTH TO DATE    0.00                      0.11  -0.11      T
  SINCE OCT 1      0.01                      0.89  -0.88     0.20
  SINCE JAN 1      3.52                      5.04  -1.52     3.77

DEGREE DAYS
 HEATING
  YESTERDAY       28                        33     -5       27
  MONTH TO DATE  291                       320    -29      315
  SINCE DEC 1    291                       320    -29      315
  SINCE JUL 1   1367                      1537   -170     1332

 COOLING
  YESTERDAY        0                         0      0        0
  MONTH TO DATE    0                         0      0        0
  SINCE DEC 1      0                         0      0        0
  SINCE JAN 1   1222                       783    439     1022
..................................................................


WIND (MPH)
  HIGHEST WIND SPEED    15   HIGHEST WIND DIRECTION     N (350)
  HIGHEST GUST SPEED    19   HIGHEST GUST DIRECTION     N (350)
  AVERAGE WIND SPEED     7.0



WEATHER CONDITIONS
 THE FOLLOWING WEATHER WAS RECORDED YESTERDAY.
  NO SIGNIFICANT WEATHER WAS OBSERVED.


RELATIVE HUMIDITY (PERCENT)
 HIGHEST    31           700 AM
 LOWEST      9           400 PM
 AVERAGE    20

..........................................................


THE TONOPAH AIRPORT NV CLIMATE NORMALS FOR TODAY
                         NORMAL    RECORD    YEAR
 MAXIMUM TEMPERATURE (F)   44        65      1958
 MINIMUM TEMPERATURE (F)   20         0      1961


SUNRISE AND SUNSET
DECEMBER 11 2017......SUNRISE   655 AM PST   SUNSET   429 PM PST
DECEMBER 12 2017......SUNRISE   655 AM PST   SUNSET   429 PM PST


-  INDICATES NEGATIVE NUMBERS.
R  INDICATES RECORD WAS SET OR TIED.
MM INDICATES DATA IS MISSING.
T  INDICATES TRACE AMOUNT.




$$
