000
CDUS45 KLKN 290928
CLITPH


CLIMATE REPORT
NATIONAL WEATHER SERVICE ELKO NV
128 AM PST THU JAN 29 2015


...................................

...THE TONOPAH AIRPORT NV CLIMATE SUMMARY FOR JANUARY 28 2015...

CLIMATE NORMAL PERIOD 1981 TO 2010
CLIMATE RECORD PERIOD 1954 TO 2015


WEATHER ITEM   OBSERVED TIME   RECORD YEAR NORMAL DEPARTURE LAST
                VALUE   (LST)  VALUE       VALUE  FROM      YEAR
                                                  NORMAL
..................................................................
TEMPERATURE (F)
 YESTERDAY
  MAXIMUM         53    316 PM  62    1976  46      7       58
  MINIMUM         31    718 AM -10    1957  22      9       38
  AVERAGE         42                        34      8       48

PRECIPITATION (IN)
  YESTERDAY        0.00          0.11 1997   0.02  -0.02     0.00
  MONTH TO DATE    0.17                      0.44  -0.27     0.00
  SINCE OCT 1      0.65                      1.53  -0.88     0.46
  SINCE JAN 1      0.17                      0.44  -0.27     0.00

DEGREE DAYS
 HEATING
  YESTERDAY       23                        31     -8       17
  MONTH TO DATE  705                       913   -208      714
  SINCE DEC 1   1595                      1941   -346     1765
  SINCE JUL 1   2508                      3158   -650     2992

 COOLING
  YESTERDAY        0                         0      0        0
  MONTH TO DATE    0                         0      0        0
  SINCE DEC 1      0                         0      0        0
  SINCE JAN 1      0                         0      0        0
..................................................................


WIND (MPH)
  HIGHEST WIND SPEED    15   HIGHEST WIND DIRECTION     N (360)
  HIGHEST GUST SPEED    17   HIGHEST GUST DIRECTION    NE (30)
  AVERAGE WIND SPEED     5.0



WEATHER CONDITIONS
 THE FOLLOWING WEATHER WAS RECORDED YESTERDAY.
  NO SIGNIFICANT WEATHER WAS OBSERVED.


RELATIVE HUMIDITY (PERCENT)
 HIGHEST    92           500 AM
 LOWEST     48           300 PM
 AVERAGE    70

..........................................................


THE TONOPAH AIRPORT NV CLIMATE NORMALS FOR TODAY
                         NORMAL    RECORD    YEAR
 MAXIMUM TEMPERATURE (F)   46        62      2003
                                             1971
 MINIMUM TEMPERATURE (F)   22        -7      1957


SUNRISE AND SUNSET
JANUARY 29 2015.......SUNRISE   655 AM PST   SUNSET   508 PM PST
JANUARY 30 2015.......SUNRISE   655 AM PST   SUNSET   509 PM PST


-  INDICATES NEGATIVE NUMBERS.
R  INDICATES RECORD WAS SET OR TIED.
MM INDICATES DATA IS MISSING.
T  INDICATES TRACE AMOUNT.




$$
