000
CDUS45 KLKN 310929
CLITPH


CLIMATE REPORT
NATIONAL WEATHER SERVICE ELKO NV
227 AM PDT FRI JUL 31 2015


...................................

...THE TONOPAH AIRPORT NV CLIMATE SUMMARY FOR JULY 30 2015...

CLIMATE NORMAL PERIOD 1981 TO 2010
CLIMATE RECORD PERIOD 1954 TO 2015


WEATHER ITEM   OBSERVED TIME   RECORD YEAR NORMAL DEPARTURE LAST
                VALUE   (LST)  VALUE       VALUE  FROM      YEAR
                                                  NORMAL
..................................................................
TEMPERATURE (F)
 YESTERDAY
  MAXIMUM         92    158 PM 100    2000  92      0       90
                                      1971
  MINIMUM         60    350 AM  51    2001  58      2       62
                                      1998
                                      1987
  AVERAGE         76                        75      1       76

PRECIPITATION (IN)
  YESTERDAY        0.00          0.76 1968   0.02  -0.02     0.04
  MONTH TO DATE    0.11                      0.43  -0.32     1.33
  SINCE OCT 1      2.66                      4.33  -1.67     2.71
  SINCE JAN 1      2.18                      3.24  -1.06     2.25

DEGREE DAYS
 HEATING
  YESTERDAY        0                         0      0        0
  MONTH TO DATE    0                         0      0        0
  SINCE JUN 1      6                        50    -44       15
  SINCE JUL 1      0                         0      0        0

 COOLING
  YESTERDAY       11                        10      1       11
  MONTH TO DATE  255                       288    -33      391
  SINCE JUN 1    546                       433    113      607
  SINCE JAN 1    569                       460    109      641
..................................................................


WIND (MPH)
  HIGHEST WIND SPEED    32   HIGHEST WIND DIRECTION    SE (140)
  HIGHEST GUST SPEED    39   HIGHEST GUST DIRECTION    SE (130)
  AVERAGE WIND SPEED     8.8



WEATHER CONDITIONS
 THE FOLLOWING WEATHER WAS RECORDED YESTERDAY.
  NO SIGNIFICANT WEATHER WAS OBSERVED.


RELATIVE HUMIDITY (PERCENT)
 HIGHEST    26           900 AM
 LOWEST     11          1200 AM
 AVERAGE    19

..........................................................


THE TONOPAH AIRPORT NV CLIMATE NORMALS FOR TODAY
                         NORMAL    RECORD    YEAR
 MAXIMUM TEMPERATURE (F)   92       102      2000
 MINIMUM TEMPERATURE (F)   58        48      1974


SUNRISE AND SUNSET
JULY 31 2015..........SUNRISE   550 AM PDT   SUNSET   759 PM PDT
AUGUST  1 2015........SUNRISE   551 AM PDT   SUNSET   758 PM PDT


-  INDICATES NEGATIVE NUMBERS.
R  INDICATES RECORD WAS SET OR TIED.
MM INDICATES DATA IS MISSING.
T  INDICATES TRACE AMOUNT.




$$
