000
CDUS45 KLKN 300929
CLITPH


CLIMATE REPORT
NATIONAL WEATHER SERVICE ELKO NV
227 AM PDT SAT AUG 30 2014


...................................

...THE TONOPAH AIRPORT NV CLIMATE SUMMARY FOR AUGUST 29 2014...

CLIMATE NORMAL PERIOD 1981 TO 2010
CLIMATE RECORD PERIOD 1954 TO 2014


WEATHER ITEM   OBSERVED TIME   RECORD YEAR NORMAL DEPARTURE LAST
                VALUE   (LST)  VALUE       VALUE  FROM      YEAR
                                                  NORMAL
..................................................................
TEMPERATURE (F)
 YESTERDAY
  MAXIMUM         92    311 PM  97    1998  87      5       91
  MINIMUM         56    542 AM  41    1957  53      3       58
  AVERAGE         74                        70      4       75

PRECIPITATION (IN)
  YESTERDAY        0.00          0.36 2000   0.02  -0.02     0.00
  MONTH TO DATE    0.77                      0.48   0.29     0.17
  SINCE OCT 1      3.48                      4.83  -1.35     3.25
  SINCE JAN 1      3.02                      3.74  -0.72     2.03

DEGREE DAYS
 HEATING
  YESTERDAY        0                         0      0        0
  MONTH TO DATE    0                         0      0        0
  SINCE JUN 1     15                        52    -37        3
  SINCE JUL 1      0                         2     -2        0

 COOLING
  YESTERDAY        9                         5      4       10
  MONTH TO DATE  191                       228    -37      227
  SINCE JUN 1    809                       676    133      878
  SINCE JAN 1    843                       703    140      901
..................................................................


WIND (MPH)
  HIGHEST WIND SPEED    18   HIGHEST WIND DIRECTION     S (200)
  HIGHEST GUST SPEED    27   HIGHEST GUST DIRECTION    SW (220)
  AVERAGE WIND SPEED     7.5



WEATHER CONDITIONS
 THE FOLLOWING WEATHER WAS RECORDED YESTERDAY.
  NO SIGNIFICANT WEATHER WAS OBSERVED.


RELATIVE HUMIDITY (PERCENT)
 HIGHEST    28           100 AM
 LOWEST      8           400 PM
 AVERAGE    18

..........................................................


THE TONOPAH AIRPORT NV CLIMATE NORMALS FOR TODAY
                         NORMAL    RECORD    YEAR
 MAXIMUM TEMPERATURE (F)   87        98      1998
                                             1996
 MINIMUM TEMPERATURE (F)   53        37      1957


SUNRISE AND SUNSET
AUGUST 30 2014........SUNRISE   616 AM PDT   SUNSET   721 PM PDT
AUGUST 31 2014........SUNRISE   617 AM PDT   SUNSET   719 PM PDT


-  INDICATES NEGATIVE NUMBERS.
R  INDICATES RECORD WAS SET OR TIED.
MM INDICATES DATA IS MISSING.
T  INDICATES TRACE AMOUNT.




$$
