000
CDUS45 KLKN 200932
CLITPH


CLIMATE REPORT
NATIONAL WEATHER SERVICE ELKO NV
131 AM PST SAT DEC 20 2014


...................................

...THE TONOPAH AIRPORT NV CLIMATE SUMMARY FOR DECEMBER 19 2014...

CLIMATE NORMAL PERIOD 1981 TO 2010
CLIMATE RECORD PERIOD 1954 TO 2014


WEATHER ITEM   OBSERVED TIME   RECORD YEAR NORMAL DEPARTURE LAST
                VALUE   (LST)  VALUE       VALUE  FROM      YEAR
                                                  NORMAL
..................................................................
TEMPERATURE (F)
 YESTERDAY
  MAXIMUM         40    207 PM  60    1980  44     -4       42
  MINIMUM         26    745 AM   0    1992  19      7       25
  AVERAGE         33                        31      2       34

PRECIPITATION (IN)
  YESTERDAY        0.00          0.12 1986   0.01  -0.01      T
  MONTH TO DATE    0.33                      0.19   0.14     0.04
  SINCE OCT 1      0.46                      0.97  -0.51     0.46
  SINCE JAN 1      4.17                      5.12  -0.95     4.49

DEGREE DAYS
 HEATING
  YESTERDAY       32                        34     -2       31
  MONTH TO DATE  500                       622   -122      708
  SINCE DEC 1    500                       622   -122      708
  SINCE JUL 1   1413                      1839   -426     1935

 COOLING
  YESTERDAY        0                         0      0        0
  MONTH TO DATE    0                         0      0        0
  SINCE DEC 1      0                         0      0        0
  SINCE JAN 1   1004                       783    221     1042
..................................................................


WIND (MPH)
  HIGHEST WIND SPEED    12   HIGHEST WIND DIRECTION    SE (150)
  HIGHEST GUST SPEED    17   HIGHEST GUST DIRECTION     S (170)
  AVERAGE WIND SPEED     5.7



WEATHER CONDITIONS
 THE FOLLOWING WEATHER WAS RECORDED YESTERDAY.
  NO SIGNIFICANT WEATHER WAS OBSERVED.


RELATIVE HUMIDITY (PERCENT)
 HIGHEST    85           500 AM
 LOWEST     64          1200 PM
 AVERAGE    75

..........................................................


THE TONOPAH AIRPORT NV CLIMATE NORMALS FOR TODAY
                         NORMAL    RECORD    YEAR
 MAXIMUM TEMPERATURE (F)   44        57      2004
                                             1980
                                             1958
 MINIMUM TEMPERATURE (F)   19        -7      1967


SUNRISE AND SUNSET
DECEMBER 20 2014......SUNRISE   700 AM PST   SUNSET   432 PM PST
DECEMBER 21 2014......SUNRISE   701 AM PST   SUNSET   432 PM PST


-  INDICATES NEGATIVE NUMBERS.
R  INDICATES RECORD WAS SET OR TIED.
MM INDICATES DATA IS MISSING.
T  INDICATES TRACE AMOUNT.




$$
