000
CDUS45 KLKN 180930
CLITPH


CLIMATE REPORT
NATIONAL WEATHER SERVICE ELKO NV
226 AM PDT FRI APR 18 2014


...................................

...THE TONOPAH AIRPORT NV CLIMATE SUMMARY FOR APRIL 17 2014...

CLIMATE NORMAL PERIOD 1981 TO 2010
CLIMATE RECORD PERIOD 1954 TO 2014


WEATHER ITEM   OBSERVED TIME   RECORD YEAR NORMAL DEPARTURE LAST
                VALUE   (LST)  VALUE       VALUE  FROM      YEAR
                                                  NORMAL
..................................................................
TEMPERATURE (F)
 YESTERDAY
  MAXIMUM         78    241 PM  84    1989  65     13       47
  MINIMUM         41    554 AM  22    1978  35      6       23
  AVERAGE         60                        50     10       35

PRECIPITATION (IN)
  YESTERDAY        0.00          0.84 1987   0.01  -0.01     0.00
  MONTH TO DATE    0.01                      0.25  -0.24     0.15
  SINCE OCT 1      1.16                      2.92  -1.76     1.98
  SINCE JAN 1      0.70                      1.83  -1.13     0.76

DEGREE DAYS
 HEATING
  YESTERDAY        5                        15    -10       30
  MONTH TO DATE  232                       295    -63      262
  SINCE MAR 1    846                       980   -134      788
  SINCE JUL 1   4619                      5022   -403     4622

 COOLING
  YESTERDAY        0                         0      0        0
  MONTH TO DATE    0                         0      0        0
  SINCE MAR 1      0                         0      0        0
  SINCE JAN 1      0                         0      0        0
..................................................................


WIND (MPH)
  HIGHEST WIND SPEED    33   HIGHEST WIND DIRECTION     S (200)
  HIGHEST GUST SPEED    42   HIGHEST GUST DIRECTION     S (180)
  AVERAGE WIND SPEED    13.7



WEATHER CONDITIONS
 THE FOLLOWING WEATHER WAS RECORDED YESTERDAY.
  NO SIGNIFICANT WEATHER WAS OBSERVED.


RELATIVE HUMIDITY (PERCENT)
 HIGHEST    43           500 AM
 LOWEST     10           200 PM
 AVERAGE    27

..........................................................


THE TONOPAH AIRPORT NV CLIMATE NORMALS FOR TODAY
                         NORMAL    RECORD    YEAR
 MAXIMUM TEMPERATURE (F)   65        84      1989
 MINIMUM TEMPERATURE (F)   35        21      2013
                                             2002


SUNRISE AND SUNSET
APRIL 18 2014.........SUNRISE   609 AM PDT   SUNSET   727 PM PDT
APRIL 19 2014.........SUNRISE   607 AM PDT   SUNSET   728 PM PDT


-  INDICATES NEGATIVE NUMBERS.
R  INDICATES RECORD WAS SET OR TIED.
MM INDICATES DATA IS MISSING.
T  INDICATES TRACE AMOUNT.




$$
