000
CDUS44 KMRX 280824
CLITRI


CLIMATE REPORT
NATIONAL WEATHER SERVICE MORRISTOWN TN
424 AM EDT SUN MAY 28 2017


...................................

...THE TRI-CITIES      ASOS CLIMATE SUMMARY FOR MAY 27 2017...

CLIMATE NORMAL PERIOD 1981 TO 2010
CLIMATE RECORD PERIOD 1934 TO 2017


WEATHER ITEM   OBSERVED TIME   RECORD YEAR NORMAL DEPARTURE LAST
                VALUE   (LST)  VALUE       VALUE  FROM      YEAR
                                                  NORMAL
..................................................................
TEMPERATURE (F)
 YESTERDAY
  MAXIMUM         81    418 PM  91    2012  79      2       88
  MINIMUM         57    545 AM  38    1961  54      3       57
  AVERAGE         69                        66      3       73

PRECIPITATION (IN)
  YESTERDAY        0.93          1.14 1973   0.12   0.81     0.35
  MONTH TO DATE    7.37                      3.29   4.08     3.97
  SINCE MAR 1     17.10                     10.06   7.04     8.50
  SINCE JAN 1     21.78                     16.88   4.90    15.90

SNOWFALL (IN)
  YESTERDAY        0.0                       0.0    0.0      0.0
  MONTH TO DATE    0.0                       0.0    0.0      0.0
  SINCE MAR 1      0.3                       2.5   -2.2       T
  SINCE JUL 1      4.3                      13.3   -9.0     18.4
  SNOW DEPTH       0

DEGREE DAYS
 HEATING
  YESTERDAY        0                         2     -2        0
  MONTH TO DATE   79                       103    -24       91
  SINCE MAR 1    744                       975   -231      725
  SINCE JUL 1   3311                      4357  -1046     3545

 COOLING
  YESTERDAY        4                         3      1        8
  MONTH TO DATE   70                        49     21       41
  SINCE MAR 1    102                        60     42       67
  SINCE JAN 1    102                        60     42       67
..................................................................


WIND (MPH)
  HIGHEST WIND SPEED    17   HIGHEST WIND DIRECTION    NW (330)
  HIGHEST GUST SPEED    26   HIGHEST GUST DIRECTION     N (10)
  AVERAGE WIND SPEED     5.4


SKY COVER
  POSSIBLE SUNSHINE  MM
  AVERAGE SKY COVER 0.8


WEATHER CONDITIONS
 THE FOLLOWING WEATHER WAS RECORDED YESTERDAY.
  THUNDERSTORM
  HEAVY RAIN
  RAIN
  LIGHT RAIN
  FOG


RELATIVE HUMIDITY (PERCENT)
 HIGHEST   100           500 AM
 LOWEST     62           300 PM
 AVERAGE    81

..........................................................


THE TRI-CITIES      ASOS CLIMATE NORMALS FOR TODAY
                         NORMAL    RECORD    YEAR
 MAXIMUM TEMPERATURE (F)   79        92      1941
 MINIMUM TEMPERATURE (F)   55        37      1961


SUNRISE AND SUNSET
MAY 28 2017...........SUNRISE   614 AM EDT   SUNSET   840 PM EDT
MAY 29 2017...........SUNRISE   614 AM EDT   SUNSET   840 PM EDT


-  INDICATES NEGATIVE NUMBERS.
R  INDICATES RECORD WAS SET OR TIED.
MM INDICATES DATA IS MISSING.
T  INDICATES TRACE AMOUNT.




$$
