000
CDUS44 KMRX 242210
CLITRI


CLIMATE REPORT
NATIONAL WEATHER SERVICE MORRISTOWN TN
509 PM EST TUE JAN 24 2017


...................................

...THE TRI-CITIES      ASOS CLIMATE SUMMARY FOR JANUARY 24 2017...
VALID TODAY AS OF 0500 PM LOCAL TIME.

CLIMATE NORMAL PERIOD 1981 TO 2010
CLIMATE RECORD PERIOD 1934 TO 2017


WEATHER ITEM   OBSERVED TIME   RECORD YEAR NORMAL DEPARTURE LAST
                VALUE   (LST)  VALUE       VALUE  FROM      YEAR
                                                  NORMAL
..................................................................
TEMPERATURE (F)
 TODAY
  MAXIMUM         47    350 PM  78    1972  46      1       36
  MINIMUM         42   1039 AM  -8    1963  25     17       18
  AVERAGE         45                        35     10       27

PRECIPITATION (IN)
  TODAY            0.03          1.00 2010   0.11  -0.08     0.00
  MONTH TO DATE    2.29                      2.60  -0.31     2.46
  SINCE DEC 1      7.65                      5.97   1.68     7.73
  SINCE JAN 1      2.29                      2.60  -0.31     2.46

SNOWFALL (IN)
  TODAY            0.0                       0.2   -0.2      0.0
  MONTH TO DATE    3.7                       3.7    0.0      9.8
  SINCE DEC 1      3.7                       6.1   -2.4      9.8
  SINCE JUL 1      3.7                       6.4   -2.7      9.8
  SNOW DEPTH       0

DEGREE DAYS
 HEATING
  TODAY           20                        30    -10       38
  MONTH TO DATE  451                       720   -269      797
  SINCE DEC 1   1229                      1563   -334     1240
  SINCE JUL 1   1848                      2449   -601     1883

 COOLING
  TODAY            0                         0      0        0
  MONTH TO DATE    0                         0      0        0
  SINCE DEC 1      0                         0      0        0
  SINCE JAN 1      0                         0      0        0
..................................................................


WIND (MPH)
  HIGHEST WIND SPEED    18   HIGHEST WIND DIRECTION     W (260)
  HIGHEST GUST SPEED    23   HIGHEST GUST DIRECTION     W (260)
  AVERAGE WIND SPEED    11.7


SKY COVER
  POSSIBLE SUNSHINE  MM
  AVERAGE SKY COVER 1.0


WEATHER CONDITIONS
 THE FOLLOWING WEATHER WAS RECORDED TODAY.
  LIGHT RAIN
  FOG


RELATIVE HUMIDITY (PERCENT)
 HIGHEST    89           300 AM
 LOWEST     71           300 PM
 AVERAGE    80

..........................................................


THE TRI-CITIES      ASOS CLIMATE NORMALS FOR TOMORROW
                         NORMAL    RECORD    YEAR
 MAXIMUM TEMPERATURE (F)   46        79      1950
 MINIMUM TEMPERATURE (F)   25        -4      1963


SUNRISE AND SUNSET
JANUARY 24 2017.......SUNRISE   736 AM EST   SUNSET   547 PM EST
JANUARY 25 2017.......SUNRISE   736 AM EST   SUNSET   548 PM EST


-  INDICATES NEGATIVE NUMBERS.
R  INDICATES RECORD WAS SET OR TIED.
MM INDICATES DATA IS MISSING.
T  INDICATES TRACE AMOUNT.




$$
