000
CDUS44 KMRX 300833
CLITRI

MEMCLITRI 000
TTAA00 KMRX 300831


CLIMATE REPORT
NATIONAL WEATHER SERVICE MORRISTOWN TN
431 AM EDT SAT AUG 30 2014


...................................

...THE TRI-CITIES CLIMATE SUMMARY FOR AUGUST 29 2014...

CLIMATE NORMAL PERIOD 1981 TO 2010
CLIMATE RECORD PERIOD 1934 TO 2014


WEATHER ITEM   OBSERVED TIME   RECORD YEAR NORMAL DEPARTURE LAST
                VALUE   (LST)  VALUE       VALUE  FROM      YEAR
                                                  NORMAL
..................................................................
TEMPERATURE (F)
 YESTERDAY
  MAXIMUM         92    314 PM  96    1953  84      8       90
  MINIMUM         65    627 AM  43    1986  61      4       68
  AVERAGE         79                        72      7       79

PRECIPITATION (IN)
  YESTERDAY        0.10          0.79 1950   0.09   0.01      T
  MONTH TO DATE    3.60                      3.27   0.33     4.59
  SINCE JUN 1     12.43                     11.86   0.57    20.07
  SINCE JAN 1     24.43                     29.25  -4.82    44.76

SNOWFALL (IN)
  YESTERDAY        0.0                       0.0    0.0      0.0
  MONTH TO DATE    0.0                       0.0    0.0      0.0
  SINCE JUN 1      0.0                       0.0    0.0      0.0
  SINCE JUL 1      0.0                       0.0    0.0      0.0
  SNOW DEPTH       0

DEGREE DAYS
 HEATING
  YESTERDAY        0                         0      0        0
  MONTH TO DATE    0                         0      0        0
  SINCE JUN 1      0                        11    -11        0
  SINCE JUL 1      0                         0      0        0

 COOLING
  YESTERDAY       14                         8      6       14
  MONTH TO DATE  245                       257    -12      243
  SINCE JUN 1    799                       762     37      761
  SINCE JAN 1    933                       835     98      833
..................................................................


WIND (MPH)
  HIGHEST WIND SPEED    13   HIGHEST WIND DIRECTION     E (110)
  HIGHEST GUST SPEED    17   HIGHEST GUST DIRECTION     E (110)
  AVERAGE WIND SPEED     1.7


SKY COVER
  POSSIBLE SUNSHINE  MM
  AVERAGE SKY COVER  MM


WEATHER CONDITIONS
 THE FOLLOWING WEATHER WAS RECORDED YESTERDAY.
  THUNDERSTORM
  LIGHT RAIN
  FOG
  HAZE


RELATIVE HUMIDITY (PERCENT)
 HIGHEST    93           200 AM
 LOWEST     41           300 PM
 AVERAGE    67

..........................................................


THE TRI-CITIES CLIMATE NORMALS FOR TODAY
                         NORMAL    RECORD    YEAR
 MAXIMUM TEMPERATURE (F)   84        95      1953
 MINIMUM TEMPERATURE (F)   61        46      1986


SUNRISE AND SUNSET
AUGUST 30 2014........SUNRISE   659 AM EDT   SUNSET   800 PM EDT
AUGUST 31 2014........SUNRISE   700 AM EDT   SUNSET   759 PM EDT


-  INDICATES NEGATIVE NUMBERS.
R  INDICATES RECORD WAS SET OR TIED.
MM INDICATES DATA IS MISSING.
T  INDICATES TRACE AMOUNT.




$$
