212
CDUS44 KMRX 292134
CLITRI


CLIMATE REPORT
NATIONAL WEATHER SERVICE MORRISTOWN TN
534 PM EDT WED MAR 29 2017


...................................

...THE TRI-CITIES      ASOS CLIMATE SUMMARY FOR MARCH 29 2017...
VALID TODAY AS OF 0500 PM LOCAL TIME.

CLIMATE NORMAL PERIOD 1981 TO 2010
CLIMATE RECORD PERIOD 1934 TO 2017


WEATHER ITEM   OBSERVED TIME   RECORD YEAR NORMAL DEPARTURE LAST
                VALUE   (LST)  VALUE       VALUE  FROM      YEAR
                                                  NORMAL
..................................................................
TEMPERATURE (F)
 TODAY
  MAXIMUM         77    344 PM  82    1989  63     14       62
  MINIMUM         45    627 AM  18    2015  38      7       32
  AVERAGE         61                        50     11       47

PRECIPITATION (IN)
  TODAY            0.00          2.22 1975   0.12  -0.12     0.00
  MONTH TO DATE    4.05                      3.22   0.83     0.91
  SINCE MAR 1      4.05                      3.22   0.83     0.91
  SINCE JAN 1      8.73                     10.04  -1.31     8.31

SNOWFALL (IN)
  TODAY            0.0                       0.1   -0.1      0.0
  MONTH TO DATE    0.3                       1.4   -1.1       T
  SINCE MAR 1      0.3                       1.4   -1.1       T
  SINCE JUL 1      4.3                      12.2   -7.9     18.4
  SNOW DEPTH       0

DEGREE DAYS
 HEATING
  TODAY            4                        15    -11       18
  MONTH TO DATE  516                       539    -23      377
  SINCE MAR 1    516                       539    -23      377
  SINCE JUL 1   3083                      3921   -838     3197

 COOLING
  TODAY            0                         0      0        0
  MONTH TO DATE    0                         0      0        5
  SINCE MAR 1      0                         0      0        5
  SINCE JAN 1      0                         0      0        5
..................................................................


WIND (MPH)
  HIGHEST WIND SPEED    10   HIGHEST WIND DIRECTION     W (250)
  HIGHEST GUST SPEED    14   HIGHEST GUST DIRECTION     W (270)
  AVERAGE WIND SPEED     1.8


SKY COVER
  POSSIBLE SUNSHINE  MM
  AVERAGE SKY COVER 0.3


WEATHER CONDITIONS
 THE FOLLOWING WEATHER WAS RECORDED TODAY.
  NO SIGNIFICANT WEATHER WAS OBSERVED.


RELATIVE HUMIDITY (PERCENT)
 HIGHEST   100           600 AM
 LOWEST     41           200 PM
 AVERAGE    71

..........................................................


THE TRI-CITIES      ASOS CLIMATE NORMALS FOR TOMORROW
                         NORMAL    RECORD    YEAR
 MAXIMUM TEMPERATURE (F)   63        82      1985
 MINIMUM TEMPERATURE (F)   38        15      1964


SUNRISE AND SUNSET
MARCH 29 2017.........SUNRISE   720 AM EDT   SUNSET   749 PM EDT
MARCH 30 2017.........SUNRISE   718 AM EDT   SUNSET   750 PM EDT


-  INDICATES NEGATIVE NUMBERS.
R  INDICATES RECORD WAS SET OR TIED.
MM INDICATES DATA IS MISSING.
T  INDICATES TRACE AMOUNT.




$$
