000
CDUS44 KMRX 280830
CLITRI

CLIMATE REPORT
NATIONAL WEATHER SERVICE MORRISTOWN TN
428 AM EDT THU MAY 28 2015


...................................

...THE TRI-CITIES CLIMATE SUMMARY FOR MAY 27 2015...

CLIMATE NORMAL PERIOD 1981 TO 2010
CLIMATE RECORD PERIOD 1934 TO 2015


WEATHER ITEM   OBSERVED TIME   RECORD YEAR NORMAL DEPARTURE LAST
                VALUE   (LST)  VALUE       VALUE  FROM      YEAR
                                                  NORMAL
..................................................................
TEMPERATURE (F)
 YESTERDAY
  MAXIMUM         85    130 PM  91    2012  79      6       81
  MINIMUM         65   1159 PM  38    1961  54     11       60
  AVERAGE         75                        66      9       71

PRECIPITATION (IN)
  YESTERDAY        0.00          1.14 1973   0.12  -0.12     0.06
  MONTH TO DATE    0.69                      3.29  -2.60     1.89
  SINCE MAR 1      9.57                     10.06  -0.49     6.63
  SINCE JAN 1     14.90                     16.88  -1.98    11.69

SNOWFALL (IN)
  YESTERDAY        0.0                       0.0    0.0      0.0
  MONTH TO DATE    0.0                       0.0    0.0      0.0
  SINCE MAR 1      T                         2.5   -2.5      0.7
  SINCE JUL 1     15.5                      13.3    2.2     13.0
  SNOW DEPTH       0

DEGREE DAYS
 HEATING
  YESTERDAY        0                         2     -2        0
  MONTH TO DATE   41                       103    -62       80
  SINCE MAR 1    749                       975   -226      915
  SINCE JUL 1   4376                      4357     19     4410

 COOLING
  YESTERDAY       10                         3      7        6
  MONTH TO DATE  118                        49     69       77
  SINCE MAR 1    128                        60     68       98
  SINCE JAN 1    128                        60     68       98
..................................................................


WIND (MPH)
  HIGHEST WIND SPEED    13   HIGHEST WIND DIRECTION    SW (240)
  HIGHEST GUST SPEED    21   HIGHEST GUST DIRECTION    SW (220)
  AVERAGE WIND SPEED     3.8


SKY COVER
  POSSIBLE SUNSHINE  MM
  AVERAGE SKY COVER 0.6


WEATHER CONDITIONS
 THE FOLLOWING WEATHER WAS RECORDED YESTERDAY.
  FOG


RELATIVE HUMIDITY (PERCENT)
 HIGHEST   100           400 AM
 LOWEST     40           300 PM
 AVERAGE    70

..........................................................


THE TRI-CITIES CLIMATE NORMALS FOR TODAY
                         NORMAL    RECORD    YEAR
 MAXIMUM TEMPERATURE (F)   79        92      1941
 MINIMUM TEMPERATURE (F)   55        37      1961


SUNRISE AND SUNSET
MAY 28 2015...........SUNRISE   615 AM EDT   SUNSET   839 PM EDT
MAY 29 2015...........SUNRISE   614 AM EDT   SUNSET   840 PM EDT


-  INDICATES NEGATIVE NUMBERS.
R  INDICATES RECORD WAS SET OR TIED.
MM INDICATES DATA IS MISSING.
T  INDICATES TRACE AMOUNT.




$$
