000
CDUS44 KMRX 252126
CLITRI

CLIMATE REPORT
NATIONAL WEATHER SERVICE MORRISTOWN TN
522 PM EDT SAT OCT 25 2014


...................................

...THE TRI-CITIES      ASOS CLIMATE SUMMARY FOR OCTOBER 25 2014...
VALID TODAY AS OF 0500 PM LOCAL TIME.

CLIMATE NORMAL PERIOD 1981 TO 2010
CLIMATE RECORD PERIOD 1934 TO 2014


WEATHER ITEM   OBSERVED TIME   RECORD YEAR NORMAL DEPARTURE LAST
                VALUE   (LST)  VALUE       VALUE  FROM      YEAR
                                                  NORMAL
..................................................................
TEMPERATURE (F)
 TODAY
  MAXIMUM         69    331 PM  81    2012  67      2       45
                                      1991
  MINIMUM         33    705 AM  24    2006  40     -7       26
  AVERAGE         51                        54     -3       36

PRECIPITATION (IN)
  TODAY            0.00          1.57 1976   0.08  -0.08      T
  MONTH TO DATE    5.68                      1.65   4.03     0.63
  SINCE SEP 1      7.10                      4.64   2.46     2.48
  SINCE JAN 1     32.14                     34.09  -1.95    47.35

SNOWFALL (IN)
  TODAY            0.0                       0.1   -0.1       T
  MONTH TO DATE    0.0                       0.1   -0.1       T
  SINCE SEP 1      0.0                       0.1   -0.1       T
  SINCE JUL 1      0.0                       0.1   -0.1       T
  SNOW DEPTH       0

DEGREE DAYS
 HEATING
  TODAY           14                        12      2       29
  MONTH TO DATE  182                       207    -25      171
  SINCE SEP 1    193                       259    -66      190
  SINCE JUL 1    193                       260    -67      190

 COOLING
  TODAY            0                         0      0        0
  MONTH TO DATE    9                         9      0       25
  SINCE SEP 1    184                       125     59      145
  SINCE JAN 1   1141                       977    164     1003
..................................................................


WIND (MPH)
  HIGHEST WIND SPEED    12   HIGHEST WIND DIRECTION     W (260)
  HIGHEST GUST SPEED    14   HIGHEST GUST DIRECTION     S (200)
  AVERAGE WIND SPEED     1.9


SKY COVER
  POSSIBLE SUNSHINE  MM
  AVERAGE SKY COVER  MM


WEATHER CONDITIONS
 THE FOLLOWING WEATHER WAS RECORDED TODAY.
  FOG
  FOG W/VISIBILITY <= 1/4 MILE


RELATIVE HUMIDITY (PERCENT)
 HIGHEST   100          1200 AM
 LOWEST     45           400 PM
 AVERAGE    73

..........................................................


THE TRI-CITIES      ASOS CLIMATE NORMALS FOR TOMORROW
                         NORMAL    RECORD    YEAR
 MAXIMUM TEMPERATURE (F)   66        83      2010
 MINIMUM TEMPERATURE (F)   40        22      2013


SUNRISE AND SUNSET
OCTOBER 25 2014.......SUNRISE   746 AM EDT   SUNSET   641 PM EDT
OCTOBER 26 2014.......SUNRISE   747 AM EDT   SUNSET   640 PM EDT


-  INDICATES NEGATIVE NUMBERS.
R  INDICATES RECORD WAS SET OR TIED.
MM INDICATES DATA IS MISSING.
T  INDICATES TRACE AMOUNT.




$$
