458
CDUS44 KMRX 220846
CLITRI


CLIMATE REPORT
NATIONAL WEATHER SERVICE MORRISTOWN TN
346 AM EST WED NOV 22 2017


...................................

...THE TRI-CITIES      ASOS CLIMATE SUMMARY FOR NOVEMBER 21 2017...

CLIMATE NORMAL PERIOD 1981 TO 2010
CLIMATE RECORD PERIOD 1934 TO 2017


WEATHER ITEM   OBSERVED TIME   RECORD YEAR NORMAL DEPARTURE LAST
                VALUE   (LST)  VALUE       VALUE  FROM      YEAR
                                                  NORMAL
..................................................................
TEMPERATURE (F)
 YESTERDAY
  MAXIMUM         63    413 PM  76    1979  56      7       47
  MINIMUM         26    721 AM  17    2008  33     -7       20
                                      1968
  AVERAGE         45                        45      0       34

PRECIPITATION (IN)
  YESTERDAY        0.00          1.94 1952   0.11  -0.11     0.00
  MONTH TO DATE    1.00                      2.08  -1.08     0.16
  SINCE SEP 1      6.44                      7.17  -0.73     3.47
  SINCE JAN 1     41.25                     36.62   4.63    27.63

SNOWFALL (IN)
  YESTERDAY        0.0                       0.0    0.0      0.0
  MONTH TO DATE    0.0                       0.1   -0.1      0.0
  SINCE SEP 1      0.0                       0.2   -0.2      0.0
  SINCE JUL 1      0.0                       0.2   -0.2      0.0
  SNOW DEPTH       0

DEGREE DAYS
 HEATING
  YESTERDAY       20                        20      0       31
  MONTH TO DATE  314                       353    -39      316
  SINCE SEP 1    580                       687   -107      461
  SINCE JUL 1    580                       688   -108      461

 COOLING
  YESTERDAY        0                         0      0        0
  MONTH TO DATE    1                         0      1        2
  SINCE SEP 1    188                       128     60      259
  SINCE JAN 1   1142                       980    162     1492
..................................................................


WIND (MPH)
  HIGHEST WIND SPEED     8   HIGHEST WIND DIRECTION     S (170)
  HIGHEST GUST SPEED    11   HIGHEST GUST DIRECTION     S (160)
  AVERAGE WIND SPEED     1.0


SKY COVER
  POSSIBLE SUNSHINE  MM
  AVERAGE SKY COVER 0.5


WEATHER CONDITIONS
 THE FOLLOWING WEATHER WAS RECORDED YESTERDAY.
  HAZE


RELATIVE HUMIDITY (PERCENT)
 HIGHEST    92           500 AM
 LOWEST     48           200 PM
 AVERAGE    70

..........................................................


THE TRI-CITIES      ASOS CLIMATE NORMALS FOR TODAY
                         NORMAL    RECORD    YEAR
 MAXIMUM TEMPERATURE (F)   56        73      1999
                                             1979
 MINIMUM TEMPERATURE (F)   33        11      2008


SUNRISE AND SUNSET
NOVEMBER 22 2017......SUNRISE   714 AM EST   SUNSET   517 PM EST
NOVEMBER 23 2017......SUNRISE   715 AM EST   SUNSET   516 PM EST


-  INDICATES NEGATIVE NUMBERS.
R  INDICATES RECORD WAS SET OR TIED.
MM INDICATES DATA IS MISSING.
T  INDICATES TRACE AMOUNT.




$$
