000
CDUS46 KSGX 220118
CLITRM


CLIMATE REPORT
NATIONAL WEATHER SERVICE SAN DIEGO, CA
518 PM PST TUE NOV 21 2017


...................................

...THE THERMAL AIRPORT CA CLIMATE SUMMARY FOR NOVEMBER 21 2017...
VALID TODAY AS OF 0500 PM LOCAL TIME.

CLIMATE NORMAL PERIOD 1981 TO 2010
CLIMATE RECORD PERIOD 1950 TO 2017


WEATHER ITEM   OBSERVED TIME   RECORD YEAR NORMAL DEPARTURE LAST
                VALUE   (LST)  VALUE       VALUE  FROM      YEAR
                                                  NORMAL
..................................................................
TEMPERATURE (F)
 TODAY
  MAXIMUM         86    211 PM  92    1950  76     10       76
  MINIMUM         44    605 AM  25    1994  41      3       45
  AVERAGE         65                        58      7       61

PRECIPITATION (IN)
  TODAY            0.00          0.99 2004   0.01  -0.01     0.01
  MONTH TO DATE    0.00                      0.14  -0.14     0.01
  SINCE OCT 1      0.00                      0.37  -0.37     0.32
  SINCE JAN 1      3.36                      2.76   0.60     2.16

DEGREE DAYS
 HEATING
  TODAY            0                         7     -7        4
  MONTH TO DATE   13                        79    -66       33
  SINCE SEP 1     13                        90    -77       33
  SINCE JUL 1     13                        90    -77       33

 COOLING
  TODAY            0                         0      0        0
  MONTH TO DATE   44                        33     11       94
  SINCE SEP 1    974                       853    121      997
  SINCE JAN 1   4443                      3686    757     4334
..................................................................


WIND (MPH)
  RESULTANT WIND SPEED   3   RESULTANT WIND DIRECTION  NW (330)
  HIGHEST WIND SPEED     8   HIGHEST WIND DIRECTION     N (360)
  HIGHEST GUST SPEED    12   HIGHEST GUST DIRECTION    NE (30)
  AVERAGE WIND SPEED     3.9


SKY COVER
  POSSIBLE SUNSHINE  MM
  AVERAGE SKY COVER 0.0


WEATHER CONDITIONS
 THE FOLLOWING WEATHER WAS RECORDED TODAY.
  NO SIGNIFICANT WEATHER WAS OBSERVED.


RELATIVE HUMIDITY (PERCENT)
 HIGHEST    60           200 AM
 LOWEST      8           200 PM
 AVERAGE    34

..........................................................


THE THERMAL AIRPORT CA CLIMATE NORMALS FOR TOMORROW
                         NORMAL    RECORD    YEAR
 MAXIMUM TEMPERATURE (F)   76        93      1950
 MINIMUM TEMPERATURE (F)   40        29      1979


SUNRISE AND SUNSET
NOVEMBER 21 2017......SUNRISE   622 AM PST   SUNSET   439 PM PST
NOVEMBER 22 2017......SUNRISE   623 AM PST   SUNSET   438 PM PST


-  INDICATES NEGATIVE NUMBERS.
R  INDICATES RECORD WAS SET OR TIED.
MM INDICATES DATA IS MISSING.
T  INDICATES TRACE AMOUNT.




$$
