000
CDUS46 KSGX 170118
CLITRM


CLIMATE REPORT
NATIONAL WEATHER SERVICE SAN DIEGO, CA
518 PM PST MON JAN 16 2017


...................................

...THE THERMAL AIRPORT CA CLIMATE SUMMARY FOR JANUARY 16 2017...
VALID TODAY AS OF 0500 PM LOCAL TIME.

CLIMATE NORMAL PERIOD 1981 TO 2010
CLIMATE RECORD PERIOD 1950 TO 2017


WEATHER ITEM   OBSERVED TIME   RECORD YEAR NORMAL DEPARTURE LAST
                VALUE   (LST)  VALUE       VALUE  FROM      YEAR
                                                  NORMAL
..................................................................
TEMPERATURE (F)
 TODAY
  MAXIMUM         70    300 PM  88    1976  72     -2       69
  MINIMUM         42    628 AM  25    2013  38      4       43
  AVERAGE         56                        55      1       56

PRECIPITATION (IN)
  TODAY            0.00          2.27 1993   0.02  -0.02     0.00
  MONTH TO DATE    0.63                      0.36   0.27     1.15
  SINCE OCT 1      2.31                      1.17   1.14     1.58
  SINCE JAN 1      0.63                      0.36   0.27     1.15

DEGREE DAYS
 HEATING
  TODAY            9                        10     -1        9
  MONTH TO DATE  157                       175    -18      216
  SINCE DEC 1    463                       546    -83      612
  SINCE JUL 1    581                       713   -132      811

 COOLING
  TODAY            0                         0      0        0
  MONTH TO DATE    0                         0      0        0
  SINCE DEC 1      2                         1      1        0
  SINCE JAN 1      0                         0      0        0
..................................................................


WIND (MPH)
  RESULTANT WIND SPEED   1   RESULTANT WIND DIRECTION   N (350)
  HIGHEST WIND SPEED     9   HIGHEST WIND DIRECTION     W (290)
  HIGHEST GUST SPEED    11   HIGHEST GUST DIRECTION     W (260)
  AVERAGE WIND SPEED     2.2


SKY COVER
  POSSIBLE SUNSHINE  MM
  AVERAGE SKY COVER 0.0


WEATHER CONDITIONS
 THE FOLLOWING WEATHER WAS RECORDED TODAY.
  NO SIGNIFICANT WEATHER WAS OBSERVED.


RELATIVE HUMIDITY (PERCENT)
 HIGHEST   100           700 AM
 LOWEST     25           300 PM
 AVERAGE    63

..........................................................


THE THERMAL AIRPORT CA CLIMATE NORMALS FOR TOMORROW
                         NORMAL    RECORD    YEAR
 MAXIMUM TEMPERATURE (F)   72        87      1976
 MINIMUM TEMPERATURE (F)   38        17      2007


SUNRISE AND SUNSET
JANUARY 16 2017.......SUNRISE   649 AM PST   SUNSET   501 PM PST
JANUARY 17 2017.......SUNRISE   648 AM PST   SUNSET   502 PM PST


-  INDICATES NEGATIVE NUMBERS.
R  INDICATES RECORD WAS SET OR TIED.
MM INDICATES DATA IS MISSING.
T  INDICATES TRACE AMOUNT.




$$
