000
CDUS46 KSGX 310021
CLITRM


CLIMATE REPORT
NATIONAL WEATHER SERVICE SAN DIEGO, CA
521 PM PDT THU OCT 30 2014


...................................

...THE THERMAL AIRPORT CA CLIMATE SUMMARY FOR OCTOBER 30 2014...
VALID TODAY AS OF 0500 PM LOCAL TIME.

CLIMATE NORMAL PERIOD 1981 TO 2010
CLIMATE RECORD PERIOD 1950 TO 2014


WEATHER ITEM   OBSERVED TIME   RECORD YEAR NORMAL DEPARTURE LAST
                VALUE   (LST)  VALUE       VALUE  FROM      YEAR
                                                  NORMAL
..................................................................
TEMPERATURE (F)
 TODAY
  MAXIMUM         92    220 PM 101    1966  86      6       77
  MINIMUM         48    619 AM  28    1971  50     -2       48
  AVERAGE         70                        68      2       63

PRECIPITATION (IN)
  TODAY            0.00          0.28 1957   0.01  -0.01     0.00
  MONTH TO DATE    T                         0.22  -0.22      T
  SINCE JUL 1      0.45                      0.79  -0.34     1.39
  SINCE JAN 1      0.53                      2.61  -2.08     1.83

SNOWFALL (IN)
  TODAY            0.0
  MONTH TO DATE    0.0
  SINCE JAN 1      0.0
  SINCE JUL 1      0.0
  SNOW DEPTH       0

DEGREE DAYS
 HEATING
  TODAY            0                         1     -1        2
  MONTH TO DATE    0                         8     -8        7
  SINCE SEP 1      0                         8     -8        7
  SINCE JUL 1      0                         8     -8        7

 COOLING
  TODAY            5                         4      1        0
  MONTH TO DATE  355                       251    104      156
  SINCE SEP 1   1038                       816    222      768
  SINCE JAN 1   4235                      3649    586     4052
..................................................................


WIND (MPH)
  RESULTANT WIND SPEED   1   RESULTANT WIND DIRECTION   N (20)
  HIGHEST WIND SPEED    12   HIGHEST WIND DIRECTION    SE (120)
  HIGHEST GUST SPEED    15   HIGHEST GUST DIRECTION    SE (150)
  AVERAGE WIND SPEED     4.1


SKY COVER
  POSSIBLE SUNSHINE  MM
  AVERAGE SKY COVER 0.0


WEATHER CONDITIONS
 THE FOLLOWING WEATHER WAS RECORDED TODAY.
  HAZE


RELATIVE HUMIDITY (PERCENT)
 HIGHEST    68           200 AM
 LOWEST     15           100 PM
 AVERAGE    42

..........................................................


THE THERMAL AIRPORT CA CLIMATE NORMALS FOR TOMORROW
                         NORMAL    RECORD    YEAR
 MAXIMUM TEMPERATURE (F)   85       101      1966
 MINIMUM TEMPERATURE (F)   49        31      1971


SUNRISE AND SUNSET
OCTOBER 30 2014.......SUNRISE   702 AM PDT   SUNSET   554 PM PDT
OCTOBER 31 2014.......SUNRISE   703 AM PDT   SUNSET   553 PM PDT


-  INDICATES NEGATIVE NUMBERS.
R  INDICATES RECORD WAS SET OR TIED.
MM INDICATES DATA IS MISSING.
T  INDICATES TRACE AMOUNT.




$$
