000
CDUS46 KSGX 290018
CLITRM


CLIMATE REPORT
NATIONAL WEATHER SERVICE SAN DIEGO, CA
518 PM PDT SAT MAY 28 2016


...................................

...THE THERMAL AIRPORT CA CLIMATE SUMMARY FOR MAY 28 2016...
VALID TODAY AS OF 0500 PM LOCAL TIME.

CLIMATE NORMAL PERIOD 1981 TO 2010
CLIMATE RECORD PERIOD 1950 TO 2016


WEATHER ITEM   OBSERVED TIME   RECORD YEAR NORMAL DEPARTURE LAST
                VALUE   (LST)  VALUE       VALUE  FROM      YEAR
                                                  NORMAL
..................................................................
TEMPERATURE (F)
 TODAY
  MAXIMUM         96    139 PM 116    1983  98     -2       99
  MINIMUM         62    444 AM  53    1994  64     -2       61
  AVERAGE         79                        81     -2       80

PRECIPITATION (IN)
  TODAY            0.00          0.16 1971   0.00   0.00     0.00
  MONTH TO DATE    T                         0.03  -0.03     0.07
  SINCE OCT 1      1.98                      2.61  -0.63     0.84
  SINCE JAN 1      1.55                      1.80  -0.25     0.69

DEGREE DAYS
 HEATING
  TODAY            0                         0      0        0
  MONTH TO DATE    0                         0      0       15
  SINCE MAR 1     22                       115    -93       59
  SINCE JUL 1   1047                      1180   -133      764

 COOLING
  TODAY           14                        16     -2       15
  MONTH TO DATE  374                       367      7      287
  SINCE MAR 1    754                       611    143      682
  SINCE JAN 1    819                       623    196      704
..................................................................


WIND (MPH)
  RESULTANT WIND SPEED   4   RESULTANT WIND DIRECTION  SE (130)
  HIGHEST WIND SPEED    16   HIGHEST WIND DIRECTION    SE (140)
  HIGHEST GUST SPEED    23   HIGHEST GUST DIRECTION    SE (120)
  AVERAGE WIND SPEED     8.1


SKY COVER
  POSSIBLE SUNSHINE  MM
  AVERAGE SKY COVER 0.0


WEATHER CONDITIONS
 THE FOLLOWING WEATHER WAS RECORDED TODAY.
  NO SIGNIFICANT WEATHER WAS OBSERVED.


RELATIVE HUMIDITY (PERCENT)
 HIGHEST    58           400 AM
 LOWEST      9           200 PM
 AVERAGE    34

..........................................................


THE THERMAL AIRPORT CA CLIMATE NORMALS FOR TOMORROW
                         NORMAL    RECORD    YEAR
 MAXIMUM TEMPERATURE (F)   99       114      2000
 MINIMUM TEMPERATURE (F)   64        50      1971


SUNRISE AND SUNSET
MAY 28 2016...........SUNRISE   537 AM PDT   SUNSET   748 PM PDT
MAY 29 2016...........SUNRISE   536 AM PDT   SUNSET   748 PM PDT


-  INDICATES NEGATIVE NUMBERS.
R  INDICATES RECORD WAS SET OR TIED.
MM INDICATES DATA IS MISSING.
T  INDICATES TRACE AMOUNT.




$$
