000
CDUS46 KSGX 210016
CLITRM


CLIMATE REPORT
NATIONAL WEATHER SERVICE SAN DIEGO, CA
416 PM PST TUE FEB 20 2018


...................................

...THE THERMAL AIRPORT CA CLIMATE SUMMARY FOR FEBRUARY 20 2018...
VALID TODAY AS OF 0400 PM LOCAL TIME.

CLIMATE NORMAL PERIOD 1981 TO 2010
CLIMATE RECORD PERIOD 1950 TO 2018


WEATHER ITEM   OBSERVED TIME   RECORD YEAR NORMAL DEPARTURE LAST
                VALUE   (LST)  VALUE       VALUE  FROM      YEAR
                                                  NORMAL
..................................................................
TEMPERATURE (F)
 TODAY
  MAXIMUM         66    303 PM  93    1995  76    -10       70
  MINIMUM         38    613 AM  27    1955  42     -4       49
  AVERAGE         52                        59     -7       60

PRECIPITATION (IN)
  TODAY            0.00          0.25 1980   0.02  -0.02     0.00
  MONTH TO DATE    0.00                      0.46  -0.46     0.37
  SINCE OCT 1      0.41                      1.94  -1.53     3.36
  SINCE JAN 1      0.41                      1.13  -0.72     1.68

DEGREE DAYS
 HEATING
  TODAY           13                         6      7        5
  MONTH TO DATE   61                       160    -99       61
  SINCE DEC 1    445                       853   -408      689
  SINCE JUL 1    462                      1020   -558      807

 COOLING
  TODAY            0                         0      0        0
  MONTH TO DATE   20                         0     20       32
  SINCE DEC 1     31                         3     28       34
  SINCE JAN 1     31                         2     29       32
..................................................................


WIND (MPH)
  RESULTANT WIND SPEED   4   RESULTANT WIND DIRECTION   N (340)
  HIGHEST WIND SPEED    12   HIGHEST WIND DIRECTION    NW (310)
  HIGHEST GUST SPEED    16   HIGHEST GUST DIRECTION    NW (320)
  AVERAGE WIND SPEED     5.8


SKY COVER
  POSSIBLE SUNSHINE  MM
  AVERAGE SKY COVER 0.0


WEATHER CONDITIONS
 THE FOLLOWING WEATHER WAS RECORDED TODAY.
  NO SIGNIFICANT WEATHER WAS OBSERVED.


RELATIVE HUMIDITY (PERCENT)
 HIGHEST    33           500 AM
 LOWEST      7           300 PM
 AVERAGE    20

..........................................................


THE THERMAL AIRPORT CA CLIMATE NORMALS FOR TOMORROW
                         NORMAL    RECORD    YEAR
 MAXIMUM TEMPERATURE (F)   76        89      1977
 MINIMUM TEMPERATURE (F)   43        28      1955


SUNRISE AND SUNSET
FEBRUARY 20 2018......SUNRISE   623 AM PST   SUNSET   534 PM PST
FEBRUARY 21 2018......SUNRISE   622 AM PST   SUNSET   535 PM PST


-  INDICATES NEGATIVE NUMBERS.
R  INDICATES RECORD WAS SET OR TIED.
MM INDICATES DATA IS MISSING.
T  INDICATES TRACE AMOUNT.




$$
