000
CDUS46 KPQR 211142
CLITTD


CLIMATE REPORT
NATIONAL WEATHER SERVICE PORTLAND OREGON
341 AM PST TUE FEB 21 2017


...................................

...THE TROUTDALE OR CLIMATE SUMMARY FOR FEBRUARY 20 2017...

CLIMATE NORMAL PERIOD 1981 TO 2010
CLIMATE RECORD PERIOD 1948 TO 2017


WEATHER ITEM   OBSERVED TIME   RECORD YEAR NORMAL DEPARTURE LAST
                VALUE   (LST)  VALUE       VALUE  FROM      YEAR
                                                  NORMAL
..................................................................
TEMPERATURE (F)
 YESTERDAY
  MAXIMUM         50    214 PM  64    1995  51     -1       52
  MINIMUM         42    906 AM  18    2006  36      6       40
  AVERAGE         46                        43      3       46

PRECIPITATION (IN)
  YESTERDAY        0.64                      0.17   0.47      T
  MONTH TO DATE    7.00                      3.65   3.35     2.83
  SINCE OCT 1     30.46                     28.23   2.23    27.15
  SINCE JAN 1      9.37                      9.83  -0.46     7.33

DEGREE DAYS
 HEATING
  YESTERDAY       19                        22     -3       19
  MONTH TO DATE  461                       456      5      311

 COOLING
  YESTERDAY        0                         0      0        0
  MONTH TO DATE    0                         0      0        0
..................................................................


WIND (MPH)
  HIGHEST WIND SPEED    23   HIGHEST WIND DIRECTION    SW (220)
  HIGHEST GUST SPEED    28   HIGHEST GUST DIRECTION    SW (210)
  AVERAGE WIND SPEED    10.2


SKY COVER
  POSSIBLE SUNSHINE  MM
  AVERAGE SKY COVER 1.0


WEATHER CONDITIONS
 THE FOLLOWING WEATHER WAS RECORDED YESTERDAY.
  RAIN
  LIGHT RAIN
  FOG


RELATIVE HUMIDITY (PERCENT)
 HIGHEST    92          1100 AM
 LOWEST     80           200 PM
 AVERAGE    86

..........................................................


THE TROUTDALE OR CLIMATE NORMALS FOR TODAY
                         NORMAL    RECORD    YEAR
 MAXIMUM TEMPERATURE (F)   51        68      1958
 MINIMUM TEMPERATURE (F)   36        26      1955


SUNRISE AND SUNSET
FEBRUARY 21 2017......SUNRISE   701 AM PST   SUNSET   546 PM PST
FEBRUARY 22 2017......SUNRISE   659 AM PST   SUNSET   547 PM PST


-  INDICATES NEGATIVE NUMBERS.
R  INDICATES RECORD WAS SET OR TIED.
MM INDICATES DATA IS MISSING.
T  INDICATES TRACE AMOUNT.




$$
