000
CDUS46 KPQR 301145
CLITTD


CLIMATE REPORT
NATIONAL WEATHER SERVICE PORTLAND OREGON
443 AM PDT MON MAY 30 2016


...................................

...THE TROUTDALE OR CLIMATE SUMMARY FOR MAY 29 2016...

CLIMATE NORMAL PERIOD 1981 TO 2010
CLIMATE RECORD PERIOD 1948 TO 2016


WEATHER ITEM   OBSERVED TIME   RECORD YEAR NORMAL DEPARTURE LAST
                VALUE   (LST)  VALUE       VALUE  FROM      YEAR
                                                  NORMAL
..................................................................
TEMPERATURE (F)
 YESTERDAY
  MAXIMUM         71    226 PM  90    1995  71      0       84
  MINIMUM         53   1159 PM  35    1951  49      4       57
  AVERAGE         62                        60      2       71

PRECIPITATION (IN)
  YESTERDAY        T                         0.10  -0.10     0.00
  MONTH TO DATE    1.87                      2.75  -0.88     0.82
  SINCE OCT 1     36.89                     40.91  -4.02    28.34
  SINCE JAN 1     17.07                     22.51  -5.44    13.38

DEGREE DAYS
 HEATING
  YESTERDAY        3                         6     -3        0
  MONTH TO DATE  116                       241   -125      150

 COOLING
  YESTERDAY        0                         1     -1        6
  MONTH TO DATE   23                        12     11       12
..................................................................


WIND (MPH)
  HIGHEST WIND SPEED    10   HIGHEST WIND DIRECTION    NW (300)
  HIGHEST GUST SPEED    18   HIGHEST GUST DIRECTION    NW (320)
  AVERAGE WIND SPEED     2.4


SKY COVER
  POSSIBLE SUNSHINE  MM
  AVERAGE SKY COVER 0.7


WEATHER CONDITIONS
 THE FOLLOWING WEATHER WAS RECORDED YESTERDAY.
  LIGHT RAIN


RELATIVE HUMIDITY (PERCENT)
 HIGHEST    77           400 AM
 LOWEST     37           200 PM
 AVERAGE    57

..........................................................


THE TROUTDALE OR CLIMATE NORMALS FOR TODAY
                         NORMAL    RECORD    YEAR
 MAXIMUM TEMPERATURE (F)   71        89      2007
 MINIMUM TEMPERATURE (F)   49        37      1952


SUNRISE AND SUNSET
MAY 30 2016...........SUNRISE   525 AM PDT   SUNSET   850 PM PDT
MAY 31 2016...........SUNRISE   524 AM PDT   SUNSET   851 PM PDT


-  INDICATES NEGATIVE NUMBERS.
R  INDICATES RECORD WAS SET OR TIED.
MM INDICATES DATA IS MISSING.
T  INDICATES TRACE AMOUNT.




$$
