000
CDUS46 KPQR 031141
CLITTD


CLIMATE REPORT
NATIONAL WEATHER SERVICE PORTLAND OREGON
440 AM PDT MON AUG 3 2015


...................................

...THE TROUTDALE OR CLIMATE SUMMARY FOR AUGUST 2 2015...

CLIMATE NORMAL PERIOD 1981 TO 2010
CLIMATE RECORD PERIOD 1948 TO 2015


WEATHER ITEM   OBSERVED TIME   RECORD YEAR NORMAL DEPARTURE LAST
                VALUE   (LST)  VALUE       VALUE  FROM      YEAR
                                                  NORMAL
..................................................................
TEMPERATURE (F)
 YESTERDAY
  MAXIMUM         81    411 PM  99    1993  83     -2       87
  MINIMUM         62    438 AM  43    1956  55      7       62
  AVERAGE         72                        69      3       75

PRECIPITATION (IN)
  YESTERDAY        0.00                      0.02  -0.02     0.00
  MONTH TO DATE    0.00                      0.04  -0.04     0.01
  SINCE OCT 1     29.53                     44.30 -14.77    29.16
  SINCE JAN 1     14.57                     25.90 -11.33    21.57

DEGREE DAYS
 HEATING
  YESTERDAY        0                         1     -1        0
  MONTH TO DATE    0                         2     -2        0

 COOLING
  YESTERDAY        7                         5      2       10
  MONTH TO DATE   20                        10     10       23
..................................................................


WIND (MPH)
  HIGHEST WIND SPEED     8   HIGHEST WIND DIRECTION    SW (240)
  HIGHEST GUST SPEED    14   HIGHEST GUST DIRECTION    NE (30)
  AVERAGE WIND SPEED     1.7


SKY COVER
  POSSIBLE SUNSHINE  MM
  AVERAGE SKY COVER 0.0


WEATHER CONDITIONS
 THE FOLLOWING WEATHER WAS RECORDED YESTERDAY.
  NO SIGNIFICANT WEATHER WAS OBSERVED.


RELATIVE HUMIDITY (PERCENT)
 HIGHEST    78           500 AM
 LOWEST     36           400 PM
 AVERAGE    57

..........................................................


THE TROUTDALE OR CLIMATE NORMALS FOR TODAY
                         NORMAL    RECORD    YEAR
 MAXIMUM TEMPERATURE (F)   83       103      1952
 MINIMUM TEMPERATURE (F)   55        45      1956


SUNRISE AND SUNSET
AUGUST  3 2015........SUNRISE   556 AM PDT   SUNSET   835 PM PDT
AUGUST  4 2015........SUNRISE   557 AM PDT   SUNSET   834 PM PDT


-  INDICATES NEGATIVE NUMBERS.
R  INDICATES RECORD WAS SET OR TIED.
MM INDICATES DATA IS MISSING.
T  INDICATES TRACE AMOUNT.




$$
