000
CDUS46 KPQR 061147
CLITTD


CLIMATE REPORT
NATIONAL WEATHER SERVICE PORTLAND OREGON
346 AM PST TUE DEC 6 2016


...................................

...THE TROUTDALE OR CLIMATE SUMMARY FOR DECEMBER 5 2016...

CLIMATE NORMAL PERIOD 1981 TO 2010
CLIMATE RECORD PERIOD 1948 TO 2016


WEATHER ITEM   OBSERVED TIME   RECORD YEAR NORMAL DEPARTURE LAST
                VALUE   (LST)  VALUE       VALUE  FROM      YEAR
                                                  NORMAL
..................................................................
TEMPERATURE (F)
 YESTERDAY
  MAXIMUM         39   1037 PM  64    1989  46     -7       46
  MINIMUM         33   1128 AM  22    2009  35     -2       43
                                      1972
  AVERAGE         36                        40     -4       45

PRECIPITATION (IN)
  YESTERDAY        0.18                      0.22  -0.04     0.12
  MONTH TO DATE    0.32                      1.15  -0.83     1.07
  SINCE OCT 1     18.28                     12.38   5.90     9.86
  SINCE JAN 1     40.79                     40.95  -0.16    26.97

DEGREE DAYS
 HEATING
  YESTERDAY       29                        25      4       20
  MONTH TO DATE  107                       121    -14      117

 COOLING
  YESTERDAY        0                         0      0        0
  MONTH TO DATE    0                         0      0        0
..................................................................


WIND (MPH)
  HIGHEST WIND SPEED    12   HIGHEST WIND DIRECTION     S (200)
  HIGHEST GUST SPEED    17   HIGHEST GUST DIRECTION     S (200)
  AVERAGE WIND SPEED     3.0


SKY COVER
  POSSIBLE SUNSHINE  MM
  AVERAGE SKY COVER 1.0


WEATHER CONDITIONS
 THE FOLLOWING WEATHER WAS RECORDED YESTERDAY.
  LIGHT RAIN
  LIGHT SNOW
  FOG


RELATIVE HUMIDITY (PERCENT)
 HIGHEST    92          1200 AM
 LOWEST     85           500 AM
 AVERAGE    89

..........................................................


THE TROUTDALE OR CLIMATE NORMALS FOR TODAY
                         NORMAL    RECORD    YEAR
 MAXIMUM TEMPERATURE (F)   46        62      1988
 MINIMUM TEMPERATURE (F)   35        16      1972


SUNRISE AND SUNSET
DECEMBER  6 2016......SUNRISE   736 AM PST   SUNSET   426 PM PST
DECEMBER  7 2016......SUNRISE   737 AM PST   SUNSET   426 PM PST


-  INDICATES NEGATIVE NUMBERS.
R  INDICATES RECORD WAS SET OR TIED.
MM INDICATES DATA IS MISSING.
T  INDICATES TRACE AMOUNT.




$$
