000
CDUS46 KPQR 181146
CLITTD


CLIMATE REPORT
NATIONAL WEATHER SERVICE PORTLAND OREGON
345 AM PST THU DEC 18 2014


...................................

...THE TROUTDALE OR CLIMATE SUMMARY FOR DECEMBER 17 2014...

CLIMATE NORMAL PERIOD 1981 TO 2010
CLIMATE RECORD PERIOD 9999 TO 9999


WEATHER ITEM   OBSERVED TIME   NORMAL DEPARTURE LAST
                VALUE   (LST)  VALUE  FROM      YEAR
                                      NORMAL
......................................................
TEMPERATURE (F)
 YESTERDAY
  MAXIMUM         46    136 PM  44      2       41
  MINIMUM         43   1159 PM  33     10       34
  AVERAGE         45            38      7       38

PRECIPITATION (IN)
  YESTERDAY        0.03          0.22  -0.19     0.00
  MONTH TO DATE    1.86          3.84  -1.98     1.35
  SINCE OCT 1     12.52         15.07  -2.55     6.57
  SINCE JAN 1     35.22         43.64  -8.42    27.49

DEGREE DAYS
 HEATING
  YESTERDAY       20            27     -7       27
  MONTH TO DATE  360           431    -71      508

 COOLING
  YESTERDAY        0             0      0        0
  MONTH TO DATE    0             0      0        0
......................................................


WIND (MPH)
  HIGHEST WIND SPEED    25   HIGHEST WIND DIRECTION     E (90)
  HIGHEST GUST SPEED    31   HIGHEST GUST DIRECTION     E (90)
  AVERAGE WIND SPEED    16.3


SKY COVER
  POSSIBLE SUNSHINE  MM
  AVERAGE SKY COVER 0.9


WEATHER CONDITIONS
 THE FOLLOWING WEATHER WAS RECORDED YESTERDAY.
  LIGHT RAIN
  FOG


RELATIVE HUMIDITY (PERCENT)
 HIGHEST    83           900 PM
 LOWEST     65           200 AM
 AVERAGE    74

..........................................................


THE TROUTDALE OR CLIMATE NORMALS FOR TODAY
                         NORMAL    RECORD    YEAR
 MAXIMUM TEMPERATURE (F)   44        59      1999
 MINIMUM TEMPERATURE (F)   33         7      1964


SUNRISE AND SUNSET
DECEMBER 18 2014......SUNRISE   745 AM PST   SUNSET   427 PM PST
DECEMBER 19 2014......SUNRISE   746 AM PST   SUNSET   428 PM PST


-  INDICATES NEGATIVE NUMBERS.
R  INDICATES RECORD WAS SET OR TIED.
MM INDICATES DATA IS MISSING.
T  INDICATES TRACE AMOUNT.




$$
