000
CDUS46 KPQR 280221
CLITTD


CLIMATE REPORT
NATIONAL WEATHER SERVICE PORTLAND OREGON
720 PM PDT SAT MAY 27 2017


...................................

...THE TROUTDALE OR CLIMATE SUMMARY FOR MAY 27 2017...
VALID TODAY AS OF 0700 PM LOCAL TIME.

CLIMATE NORMAL PERIOD 1981 TO 2010
CLIMATE RECORD PERIOD 1948 TO 2017


WEATHER ITEM   OBSERVED TIME   RECORD YEAR NORMAL DEPARTURE LAST
                VALUE   (LST)  VALUE       VALUE  FROM      YEAR
                                                  NORMAL
..................................................................
TEMPERATURE (F)
 TODAY
  MAXIMUM         89    459 PM  98    1983  71     18       64
  MINIMUM         52    446 AM  37    1998  49      3       50
  AVERAGE         71                        60     11       57

PRECIPITATION (IN)
  TODAY            0.00                      0.10  -0.10     0.15
  MONTH TO DATE    2.19                      2.55  -0.36     1.87
  SINCE OCT 1     46.45                     40.71   5.74    36.89
  SINCE JAN 1     25.36                     22.31   3.05    17.07

DEGREE DAYS
 HEATING
  TODAY            0                         6     -6        8
  MONTH TO DATE  177                       229    -52      108

 COOLING
  TODAY            6                         1      5        0
  MONTH TO DATE   37                        10     27       23
..................................................................


WIND (MPH)
  HIGHEST WIND SPEED    13   HIGHEST WIND DIRECTION     E (80)
  HIGHEST GUST SPEED    15   HIGHEST GUST DIRECTION     E (80)
  AVERAGE WIND SPEED     3.7


SKY COVER
  POSSIBLE SUNSHINE  MM
  AVERAGE SKY COVER 0.0


WEATHER CONDITIONS
 THE FOLLOWING WEATHER WAS RECORDED TODAY.
  NO SIGNIFICANT WEATHER WAS OBSERVED.


RELATIVE HUMIDITY (PERCENT)
 HIGHEST    89           400 AM
 LOWEST     22           600 PM
 AVERAGE    56

..........................................................


THE TROUTDALE OR CLIMATE NORMALS FOR TOMORROW
                         NORMAL    RECORD    YEAR
 MAXIMUM TEMPERATURE (F)   71        91      1972
 MINIMUM TEMPERATURE (F)   49        33      1998


SUNRISE AND SUNSET
MAY 27 2017...........SUNRISE   527 AM PDT   SUNSET   847 PM PDT
MAY 28 2017...........SUNRISE   526 AM PDT   SUNSET   848 PM PDT


-  INDICATES NEGATIVE NUMBERS.
R  INDICATES RECORD WAS SET OR TIED.
MM INDICATES DATA IS MISSING.
T  INDICATES TRACE AMOUNT.




$$
