000
CDUS41 KPHI 242126
CLITTN


CLIMATE REPORT
NATIONAL WEATHER SERVICE MOUNT HOLLY NJ
526 PM EDT FRI OCT 24 2014


...................................

...THE TRENTON NJ CLIMATE SUMMARY FOR OCTOBER 24 2014...
VALID TODAY AS OF 0500 PM LOCAL TIME.

CLIMATE NORMAL PERIOD 1981 TO 2010
CLIMATE RECORD PERIOD 1865 TO 2014


WEATHER ITEM   OBSERVED TIME   RECORD YEAR NORMAL DEPARTURE LAST
                VALUE   (LST)  VALUE       VALUE  FROM      YEAR
                                                  NORMAL
..................................................................
TEMPERATURE (F)
 TODAY
  MAXIMUM         68    339 PM  82    2001  62      6       53
  MINIMUM         50    130 AM  29    2008  42      8       37
                                      1969
  AVERAGE         59                        52      7       45

PRECIPITATION (IN)
  TODAY            0.00          1.81 1971   0.15  -0.15     0.00
  MONTH TO DATE    3.11                      3.30  -0.19     1.61
  SINCE SEP 1      4.16                      7.57  -3.41     3.22
  SINCE JAN 1     35.62                     38.55  -2.93    35.57

SNOWFALL (IN)
  TODAY           MM            MM      MM  MM     MM       MM
  MONTH TO DATE   MM                        MM     MM       MM
  SINCE SEP 1     MM                        MM     MM       MM
  SINCE JUL 1     MM                        MM     MM       MM
  SNOW DEPTH      MM

DEGREE DAYS
 HEATING
  TODAY            6                        13     -7       20
  MONTH TO DATE  164                       233    -69      145
  SINCE SEP 1    212                       295    -83      233
  SINCE JUL 1    212                       298    -86      233

 COOLING
  TODAY            0                         0      0        0
  MONTH TO DATE   14                         7      7       36
  SINCE SEP 1    147                       106     41      127
  SINCE JAN 1    930                       962    -32     1077
..................................................................


WIND (MPH)
  HIGHEST WIND SPEED    21   HIGHEST WIND DIRECTION     N (360)
  HIGHEST GUST SPEED    29   HIGHEST GUST DIRECTION     N (350)
  AVERAGE WIND SPEED    10.3


SKY COVER
  POSSIBLE SUNSHINE  MM
  AVERAGE SKY COVER 0.7


WEATHER CONDITIONS
 THE FOLLOWING WEATHER WAS RECORDED TODAY.
  NO SIGNIFICANT WEATHER WAS OBSERVED.


RELATIVE HUMIDITY (PERCENT)
 HIGHEST    77           400 AM
 LOWEST     39           200 PM
 AVERAGE    58

..........................................................


THE TRENTON NJ CLIMATE NORMALS FOR TOMORROW
                         NORMAL    RECORD    YEAR
 MAXIMUM TEMPERATURE (F)   62        77      1963
 MINIMUM TEMPERATURE (F)   41        30      1891
                                             1879


SUNRISE AND SUNSET
OCTOBER 24 2014.......SUNRISE   720 AM EDT   SUNSET   607 PM EDT
OCTOBER 25 2014.......SUNRISE   721 AM EDT   SUNSET   605 PM EDT


-  INDICATES NEGATIVE NUMBERS.
R  INDICATES RECORD WAS SET OR TIED.
MM INDICATES DATA IS MISSING.
T  INDICATES TRACE AMOUNT.




$$
