000
CDUS41 KPHI 020628
CLITTN


CLIMATE REPORT
NATIONAL WEATHER SERVICE MOUNT HOLLY NJ
226 AM EDT SAT AUG 2 2014


...................................

...THE TRENTON NJ CLIMATE SUMMARY FOR AUGUST 1 2014...

CLIMATE NORMAL PERIOD 1981 TO 2010
CLIMATE RECORD PERIOD 1865 TO 2014


WEATHER ITEM   OBSERVED TIME   RECORD YEAR NORMAL DEPARTURE LAST
                VALUE   (LST)  VALUE       VALUE  FROM      YEAR
                                                  NORMAL
..................................................................
TEMPERATURE (F)
 YESTERDAY
  MAXIMUM         81    106 PM  99    2002  85     -4       71
                                      1999
  MINIMUM         67    518 AM  54    1895  66      1       67
  AVERAGE         74                        76     -2       69

PRECIPITATION (IN)
  YESTERDAY        0.37          2.60 1977   0.15   0.22     0.97
  MONTH TO DATE    0.37                      0.15   0.22     0.97
  SINCE JUN 1      8.04                      9.51  -1.47    16.57
  SINCE JAN 1     28.37                     27.03   1.34    29.39

SNOWFALL (IN)
  YESTERDAY       MM            MM      MM  MM     MM       MM
  MONTH TO DATE   MM                        MM     MM       MM
  SINCE JUN 1     MM                        MM     MM       MM
  SINCE JUL 1     MM                        MM     MM       MM
  SNOW DEPTH      MM

DEGREE DAYS
 HEATING
  YESTERDAY        0                         0      0        0
  MONTH TO DATE    0                         0      0        0
  SINCE JUN 1      3                        24    -21        4
  SINCE JUL 1      0                         0      0        0

 COOLING
  YESTERDAY        9                        11     -2        4
  MONTH TO DATE    9                        11     -2        4
  SINCE JUN 1    529                       531     -2      636
  SINCE JAN 1    573                       588    -15      726
..................................................................


WIND (MPH)
  HIGHEST WIND SPEED    22   HIGHEST WIND DIRECTION     S (170)
  HIGHEST GUST SPEED    26   HIGHEST GUST DIRECTION     S (160)
  AVERAGE WIND SPEED     4.6


SKY COVER
  POSSIBLE SUNSHINE  MM
  AVERAGE SKY COVER 0.4


WEATHER CONDITIONS
 THE FOLLOWING WEATHER WAS RECORDED YESTERDAY.
  THUNDERSTORM
  HEAVY RAIN
  RAIN
  LIGHT RAIN
  FOG
  HAZE


RELATIVE HUMIDITY (PERCENT)
 HIGHEST    93           300 AM
 LOWEST     62           100 PM
 AVERAGE    78

..........................................................


THE TRENTON NJ CLIMATE NORMALS FOR TODAY
                         NORMAL    RECORD    YEAR
 MAXIMUM TEMPERATURE (F)   85       100      2002
                                             1955
 MINIMUM TEMPERATURE (F)   66        55      1998
                                             1912


SUNRISE AND SUNSET
AUGUST  2 2014........SUNRISE   558 AM EDT   SUNSET   813 PM EDT
AUGUST  3 2014........SUNRISE   559 AM EDT   SUNSET   811 PM EDT


-  INDICATES NEGATIVE NUMBERS.
R  INDICATES RECORD WAS SET OR TIED.
MM INDICATES DATA IS MISSING.
T  INDICATES TRACE AMOUNT.




$$
