000
CDUS41 KPHI 260659
CLITTN


CLIMATE REPORT
NATIONAL WEATHER SERVICE MOUNT HOLLY NJ
238 AM EDT TUE JUL 26 2016


...................................

...THE TRENTON NJ CLIMATE SUMMARY FOR JULY 25 2016...

CLIMATE NORMAL PERIOD 1981 TO 2010
CLIMATE RECORD PERIOD 1865 TO 2016


WEATHER ITEM   OBSERVED TIME   RECORD YEAR NORMAL DEPARTURE LAST
                VALUE   (LST)  VALUE       VALUE  FROM      YEAR
                                                  NORMAL
..................................................................
TEMPERATURE (F)
 YESTERDAY
  MAXIMUM         94    313 PM  97    1999  86      8       88
  MINIMUM         73   1159 PM  55    1912  66      7       61
  AVERAGE         84                        76      8       75

PRECIPITATION (IN)
  YESTERDAY        1.87R         1.34 1902   0.16   1.71     0.00
  MONTH TO DATE    5.88                      4.02   1.86     2.49
  SINCE JUN 1      7.99                      8.43  -0.44     8.82
  SINCE JAN 1     22.03                     25.95  -3.92    22.88

SNOWFALL (IN)
  YESTERDAY       MM            MM      MM  MM     MM       MM
  MONTH TO DATE   MM                        MM     MM       MM
  SINCE JUN 1     MM                        MM     MM       MM
  SINCE JUL 1     MM                        MM     MM       MM
  SNOW DEPTH      MM

DEGREE DAYS
 HEATING
  YESTERDAY        0                         0      0        0
  MONTH TO DATE    0                         0      0        0
  SINCE JUN 1      8                        24    -16       25
  SINCE JUL 1      0                         0      0        0

 COOLING
  YESTERDAY       19                        11      8       10
  MONTH TO DATE  334                       266     68      273
  SINCE JUN 1    557                       456    101      497
  SINCE JAN 1    649                       513    136      636
..................................................................


WIND (MPH)
  HIGHEST WIND SPEED    36   HIGHEST WIND DIRECTION     N (340)
  HIGHEST GUST SPEED    56   HIGHEST GUST DIRECTION    NW (310)
  AVERAGE WIND SPEED     7.6


SKY COVER
  POSSIBLE SUNSHINE  MM
  AVERAGE SKY COVER 0.6


WEATHER CONDITIONS
 THE FOLLOWING WEATHER WAS RECORDED YESTERDAY.
  THUNDERSTORM
  HEAVY RAIN
  RAIN
  LIGHT RAIN
  FOG
  FOG W/VISIBILITY <= 1/4 MILE
  HAZE


RELATIVE HUMIDITY (PERCENT)
 HIGHEST   100           600 PM
 LOWEST     52           300 PM
 AVERAGE    76

..........................................................


THE TRENTON NJ CLIMATE NORMALS FOR TODAY
                         NORMAL    RECORD    YEAR
 MAXIMUM TEMPERATURE (F)   85        99      1892
 MINIMUM TEMPERATURE (F)   66        53      1920


SUNRISE AND SUNSET
JULY 26 2016..........SUNRISE   552 AM EDT   SUNSET   819 PM EDT
JULY 27 2016..........SUNRISE   553 AM EDT   SUNSET   818 PM EDT


-  INDICATES NEGATIVE NUMBERS.
R  INDICATES RECORD WAS SET OR TIED.
MM INDICATES DATA IS MISSING.
T  INDICATES TRACE AMOUNT.




$$
