000
CDUS41 KPHI 200601
CLITTN


CLIMATE REPORT
NATIONAL WEATHER SERVICE MOUNT HOLLY NJ
1259 AM EST TUE FEB 20 2018


...................................

...THE TRENTON NJ CLIMATE SUMMARY FOR FEBRUARY 19 2018...

CLIMATE NORMAL PERIOD 1981 TO 2010
CLIMATE RECORD PERIOD 1865 TO 2018


WEATHER ITEM   OBSERVED TIME   RECORD YEAR NORMAL DEPARTURE LAST
                VALUE   (LST)  VALUE       VALUE  FROM      YEAR
                                                  NORMAL
..................................................................
TEMPERATURE (F)
 YESTERDAY
  MAXIMUM         49    307 PM  69    2017  43      6       69
  MINIMUM         29    154 AM   2    1903  26      3       45
                                      1936
  AVERAGE         39                        35      4       57

PRECIPITATION (IN)
  YESTERDAY        0.04          1.60 1898   0.09  -0.05     0.00
  MONTH TO DATE    4.51                      1.49   3.02     0.99
  SINCE DEC 1      8.19                      8.35  -0.16     7.01
  SINCE JAN 1      6.60                      4.65   1.95     4.36

DEGREE DAYS
 HEATING
  YESTERDAY       26                        30     -4        8
  MONTH TO DATE  532                       605    -73      517
  SINCE DEC 1   2558                      2575    -17     2269
  SINCE JUL 1   3344                      3551   -207     3079

 COOLING
  YESTERDAY        0                         0      0        0
  MONTH TO DATE    0                         0      0        0
  SINCE DEC 1      0                         0      0        0
  SINCE JAN 1      0                         0      0        0
..................................................................


WIND (MPH)
  HIGHEST WIND SPEED    14   HIGHEST WIND DIRECTION     S (200)
  HIGHEST GUST SPEED    17   HIGHEST GUST DIRECTION    SW (210)
  AVERAGE WIND SPEED     3.0


SKY COVER
  POSSIBLE SUNSHINE  MM
  AVERAGE SKY COVER 0.6


WEATHER CONDITIONS
 THE FOLLOWING WEATHER WAS RECORDED YESTERDAY.
  LIGHT RAIN
  FOG
  FOG W/VISIBILITY <= 1/4 MILE


RELATIVE HUMIDITY (PERCENT)
 HIGHEST   100           900 PM
 LOWEST     66           100 PM
 AVERAGE    83

..........................................................


THE TRENTON NJ CLIMATE NORMALS FOR TODAY
                         NORMAL    RECORD    YEAR
 MAXIMUM TEMPERATURE (F)   43        70      1930
 MINIMUM TEMPERATURE (F)   27         0      2015


SUNRISE AND SUNSET
FEBRUARY 20 2018......SUNRISE   646 AM EST   SUNSET   541 PM EST
FEBRUARY 21 2018......SUNRISE   644 AM EST   SUNSET   542 PM EST


-  INDICATES NEGATIVE NUMBERS.
R  INDICATES RECORD WAS SET OR TIED.
MM INDICATES DATA IS MISSING.
T  INDICATES TRACE AMOUNT.




$$
