000
CDUS41 KPHI 042130
CLITTN


CLIMATE REPORT
NATIONAL WEATHER SERVICE MOUNT HOLLY NJ
527 PM EDT TUE AUG 4 2015


...................................

...THE TRENTON NJ CLIMATE SUMMARY FOR AUGUST 4 2015...
VALID TODAY AS OF 0500 PM LOCAL TIME.

CLIMATE NORMAL PERIOD 1981 TO 2010
CLIMATE RECORD PERIOD 1865 TO 2015


WEATHER ITEM   OBSERVED TIME   RECORD YEAR NORMAL DEPARTURE LAST
                VALUE   (LST)  VALUE       VALUE  FROM      YEAR
                                                  NORMAL
..................................................................
TEMPERATURE (F)
 TODAY
  MAXIMUM         91    316 PM  97    1944  85      6       83
  MINIMUM         66    338 AM  52    1912  66      0       68
  AVERAGE         79                        75      4       76

PRECIPITATION (IN)
  TODAY            0.07          2.24 1915   0.14  -0.07     0.00
  MONTH TO DATE    0.07                      0.59  -0.52     0.77
  SINCE JUN 1      9.51                      9.95  -0.44     8.44
  SINCE JAN 1     23.57                     27.47  -3.90    28.77

SNOWFALL (IN)
  TODAY           MM            MM      MM  MM     MM       MM
  MONTH TO DATE   MM                        MM     MM       MM
  SINCE JUN 1     MM                        MM     MM       MM
  SINCE JUL 1     MM                        MM     MM       MM
  SNOW DEPTH      MM

DEGREE DAYS
 HEATING
  TODAY            0                         0      0        0
  MONTH TO DATE    0                         0      0        0
  SINCE JUN 1     25                        24      1        3
  SINCE JUL 1      0                         0      0        0

 COOLING
  TODAY           14                        10      4       11
  MONTH TO DATE   55                        41     14       30
  SINCE JUN 1    643                       561     82      550
  SINCE JAN 1    782                       618    164      594
..................................................................


WIND (MPH)
  HIGHEST WIND SPEED    20   HIGHEST WIND DIRECTION     W (260)
  HIGHEST GUST SPEED    29   HIGHEST GUST DIRECTION    NW (300)
  AVERAGE WIND SPEED     8.9


SKY COVER
  POSSIBLE SUNSHINE  MM
  AVERAGE SKY COVER 0.0


WEATHER CONDITIONS
 THE FOLLOWING WEATHER WAS RECORDED TODAY.
  THUNDERSTORM
  RAIN
  LIGHT RAIN


RELATIVE HUMIDITY (PERCENT)
 HIGHEST    93           400 AM
 LOWEST     29           300 PM
 AVERAGE    61

..........................................................


THE TRENTON NJ CLIMATE NORMALS FOR TOMORROW
                         NORMAL    RECORD    YEAR
 MAXIMUM TEMPERATURE (F)   85        98      1955
 MINIMUM TEMPERATURE (F)   66        51      1912


SUNRISE AND SUNSET
AUGUST  4 2015........SUNRISE   600 AM EDT   SUNSET   811 PM EDT
AUGUST  5 2015........SUNRISE   600 AM EDT   SUNSET   809 PM EDT


-  INDICATES NEGATIVE NUMBERS.
R  INDICATES RECORD WAS SET OR TIED.
MM INDICATES DATA IS MISSING.
T  INDICATES TRACE AMOUNT.




$$
