203
CDUS41 KPHI 302126
CLITTN


CLIMATE REPORT
NATIONAL WEATHER SERVICE MOUNT HOLLY NJ
525 PM EDT SUN APR 30 2017


...................................

...THE TRENTON NJ CLIMATE SUMMARY FOR APRIL 30 2017...
VALID TODAY AS OF 0500 PM LOCAL TIME.

CLIMATE NORMAL PERIOD 1981 TO 2010
CLIMATE RECORD PERIOD 1865 TO 2017


WEATHER ITEM   OBSERVED TIME   RECORD YEAR NORMAL DEPARTURE LAST
                VALUE   (LST)  VALUE       VALUE  FROM      YEAR
                                                  NORMAL
..................................................................
TEMPERATURE (F)
 TODAY
  MAXIMUM         68   1227 AM  90    1942  67      1       61
  MINIMUM         59    424 AM  34    1931  46     13       46
                                      1874
  AVERAGE         64                        56      8       54

PRECIPITATION (IN)
  TODAY            0.00          4.03 2014   0.09  -0.09      T
  MONTH TO DATE    3.16                      3.54  -0.38     1.67
  SINCE MAR 1      7.77                      7.68   0.09     3.29
  SINCE JAN 1     12.51                     13.15  -0.64    10.49

DEGREE DAYS
 HEATING
  TODAY            1                        10     -9       11
  MONTH TO DATE  256                       420   -164      403
  SINCE MAR 1   1044                      1154   -110      924
  SINCE JUL 1   4263                      4968   -705     4018

 COOLING
  TODAY            0                         1     -1        0
  MONTH TO DATE   31                         8     23        9
  SINCE MAR 1     31                         8     23       12
  SINCE JAN 1     31                         8     23       12
..................................................................


WIND (MPH)
  HIGHEST WIND SPEED    17   HIGHEST WIND DIRECTION    SE (120)
  HIGHEST GUST SPEED    22   HIGHEST GUST DIRECTION     E (80)
  AVERAGE WIND SPEED     9.1


SKY COVER
  POSSIBLE SUNSHINE  MM
  AVERAGE SKY COVER 0.7


WEATHER CONDITIONS
 THE FOLLOWING WEATHER WAS RECORDED TODAY.
  NO SIGNIFICANT WEATHER WAS OBSERVED.


RELATIVE HUMIDITY (PERCENT)
 HIGHEST    73           200 AM
 LOWEST     44          1100 AM
 AVERAGE    59

..........................................................


THE TRENTON NJ CLIMATE NORMALS FOR TOMORROW
                         NORMAL    RECORD    YEAR
 MAXIMUM TEMPERATURE (F)   67        91      2010
 MINIMUM TEMPERATURE (F)   46        35      2000
                                             1963


SUNRISE AND SUNSET
APRIL 30 2017.........SUNRISE   600 AM EDT   SUNSET   754 PM EDT
MAY  1 2017...........SUNRISE   558 AM EDT   SUNSET   755 PM EDT


-  INDICATES NEGATIVE NUMBERS.
R  INDICATES RECORD WAS SET OR TIED.
MM INDICATES DATA IS MISSING.
T  INDICATES TRACE AMOUNT.




$$
