283
CDUS41 KPHI 250628
CLITTN


CLIMATE REPORT
NATIONAL WEATHER SERVICE MOUNT HOLLY NJ
227 AM EDT SUN JUN 25 2017


...................................

...THE TRENTON NJ CLIMATE SUMMARY FOR JUNE 24 2017...

CLIMATE NORMAL PERIOD 1981 TO 2010
CLIMATE RECORD PERIOD 1865 TO 2017


WEATHER ITEM   OBSERVED TIME   RECORD YEAR NORMAL DEPARTURE LAST
                VALUE   (LST)  VALUE       VALUE  FROM      YEAR
                                                  NORMAL
..................................................................
TEMPERATURE (F)
 YESTERDAY
  MAXIMUM         86    319 PM  98    1894  83      3       82
  MINIMUM         70    637 AM  50    1902  63      7       65
  AVERAGE         78                        73      5       74

PRECIPITATION (IN)
  YESTERDAY        1.94R         0.82 2006   0.13   1.81     0.00
  MONTH TO DATE    4.56                      3.62   0.94     1.37
  SINCE JUN 1      4.56                      3.62   0.94     1.37
  SINCE JAN 1     22.32                     21.14   1.18    15.41

DEGREE DAYS
 HEATING
  YESTERDAY        0                         0      0        0
  MONTH TO DATE   25                        22      3        8
  SINCE JUN 1     25                        22      3        8
  SINCE JUL 1   4472                      5158   -686     4213

 COOLING
  YESTERDAY       13                         8      5        9
  MONTH TO DATE  183                       137     46      165
  SINCE JUN 1    183                       137     46      165
  SINCE JAN 1    266                       194     72      257
..................................................................


WIND (MPH)
  HIGHEST WIND SPEED    20   HIGHEST WIND DIRECTION    NW (320)
  HIGHEST GUST SPEED    28   HIGHEST GUST DIRECTION    NW (310)
  AVERAGE WIND SPEED     7.4


SKY COVER
  POSSIBLE SUNSHINE  MM
  AVERAGE SKY COVER 0.3


WEATHER CONDITIONS
 THE FOLLOWING WEATHER WAS RECORDED YESTERDAY.
  THUNDERSTORM
  HEAVY RAIN
  RAIN
  LIGHT RAIN
  FOG


RELATIVE HUMIDITY (PERCENT)
 HIGHEST   100           500 AM
 LOWEST     40           100 PM
 AVERAGE    70

..........................................................


THE TRENTON NJ CLIMATE NORMALS FOR TODAY
                         NORMAL    RECORD    YEAR
 MAXIMUM TEMPERATURE (F)   83        99      1997
 MINIMUM TEMPERATURE (F)   63        53      1986
                                             1979
                                             1902


SUNRISE AND SUNSET
JUNE 25 2017..........SUNRISE   531 AM EDT   SUNSET   833 PM EDT
JUNE 26 2017..........SUNRISE   531 AM EDT   SUNSET   833 PM EDT


-  INDICATES NEGATIVE NUMBERS.
R  INDICATES RECORD WAS SET OR TIED.
MM INDICATES DATA IS MISSING.
T  INDICATES TRACE AMOUNT.




$$
