000
CDUS44 KTSA 222130 RRB
CLITUL

CLIMATE REPORT
NATIONAL WEATHER SERVICE TULSA OK
418 PM CDT SAT JUL 22 2017


...................................

...THE TULSA OKLAHOMA CLIMATE SUMMARY FOR JULY 22 2017...
VALID TODAY AS OF 0400 PM LOCAL TIME.

CLIMATE NORMAL PERIOD 1981 TO 2010
CLIMATE RECORD PERIOD 1882 TO 2017


WEATHER ITEM   OBSERVED TIME   RECORD YEAR NORMAL DEPARTURE LAST
                VALUE   (LST)  VALUE       VALUE  FROM      YEAR
                                                  NORMAL
..................................................................
TEMPERATURE (F)
 TODAY
  MAXIMUM        101    259 PM 109    1974  94      7      101
  MINIMUM         80    529 AM  57    1970  73      7       80
  AVERAGE         91                        83      8       91

PRECIPITATION (IN)
  TODAY            0.00          3.12 1960   0.10  -0.10     0.00
  MONTH TO DATE    2.00                      2.50  -0.50     1.99
  SINCE JUN 1      4.77                      7.22  -2.45     2.76
  SINCE JAN 1     28.70                     23.72   4.98    16.62

DEGREE DAYS
 COOLING
  TODAY           26                        18      8       26
  MONTH TO DATE  416                       386     30      450
  SINCE JUN 1    816                       765     51      983
  SINCE JAN 1   1103                       999    104     1187
..................................................................


WIND (MPH)
  HIGHEST WIND SPEED    17   HIGHEST WIND DIRECTION     S (160)
  HIGHEST GUST SPEED    23   HIGHEST GUST DIRECTION     S (160)
  AVERAGE WIND SPEED    10.6


SKY COVER
  POSSIBLE SUNSHINE  MM
  AVERAGE SKY COVER 0.1


WEATHER CONDITIONS
 THE FOLLOWING WEATHER WAS RECORDED TODAY.
  NO SIGNIFICANT WEATHER WAS OBSERVED.


RELATIVE HUMIDITY (PERCENT)
 HIGHEST    65           400 AM
 LOWEST     40           200 PM
 AVERAGE    53

..........................................................


THE TULSA OKLAHOMA CLIMATE NORMALS FOR TOMORROW
                         NORMAL    RECORD    YEAR
 MAXIMUM TEMPERATURE (F)   94       107      1936
                                             1934
 MINIMUM TEMPERATURE (F)   73        58      1970


SUNRISE AND SUNSET
JULY 22 2017..........SUNRISE   623 AM CDT   SUNSET   837 PM CDT
JULY 23 2017..........SUNRISE   624 AM CDT   SUNSET   836 PM CDT


-  INDICATES NEGATIVE NUMBERS.
R  INDICATES RECORD WAS SET OR TIED.
MM INDICATES DATA IS MISSING.
T  INDICATES TRACE AMOUNT.




$$

&&
...........................................................

TULSA RECORD LOW MAX AND HIGH MIN TEMPERATURES FOR TOMORROW
                      RECORD        YEAR
  LOW MAXIMUM           69          1947
  HIGH MINIMUM          83          1954
...........................................................
ALL DATA MEASURED AT THE TULSA INTERNATIONAL AIRPORT...
EXCEPT SNOWFALL...WHICH IS MEASURED AT THE NWS OFFICE.
