000
CDUS44 KTSA 230650
CLITUL

CLIMATE REPORT
NATIONAL WEATHER SERVICE TULSA OK
147 AM CDT THU OCT 23 2014


...................................

...THE TULSA OKLAHOMA CLIMATE SUMMARY FOR OCTOBER 22 2014...

CLIMATE NORMAL PERIOD 1981 TO 2010
CLIMATE RECORD PERIOD 1882 TO 2014


WEATHER ITEM   OBSERVED TIME   RECORD YEAR NORMAL DEPARTURE LAST
                VALUE   (LST)  VALUE       VALUE  FROM      YEAR
                                                  NORMAL
..................................................................
TEMPERATURE (F)
 YESTERDAY
  MAXIMUM         79    247 PM  88    1963  71      8       73
                                      1939
                                      1921
  MINIMUM         58    654 AM  31    1911  49      9       42
  AVERAGE         69                        60      9       58

PRECIPITATION (IN)
  YESTERDAY        0.01          4.05 1920   0.14  -0.13     0.00
  MONTH TO DATE    4.22                      2.80   1.42     2.38
  SINCE SEP 1      6.41                      7.06  -0.65     4.88
  SINCE JAN 1     24.93                     34.54  -9.61    28.26

SNOWFALL (IN)
  YESTERDAY        0.0                                       0.0
  MONTH TO DATE    0.0                                       0.0
  SINCE SEP 1      0.0                                       0.0
  SINCE JUL 1      0.0                                       0.0

DEGREE DAYS
 HEATING
  YESTERDAY        0                         6     -6        7
  MONTH TO DATE   60                        93    -33      110
  SINCE SEP 1     72                       117    -45      111
  SINCE JUL 1     73                       117    -44      111

 COOLING
  YESTERDAY        4                         1      3        0
  MONTH TO DATE   81                        53     28       66
  SINCE SEP 1    362                       317     45      414
  SINCE JAN 1   2015                      2018     -3     2043
..................................................................


WIND (MPH)
  HIGHEST WIND SPEED    16   HIGHEST WIND DIRECTION     S (160)
  HIGHEST GUST SPEED    22   HIGHEST GUST DIRECTION     S (160)
  AVERAGE WIND SPEED     7.9


SKY COVER
  POSSIBLE SUNSHINE  MM
  AVERAGE SKY COVER 0.4


WEATHER CONDITIONS
 THE FOLLOWING WEATHER WAS RECORDED YESTERDAY.
  LIGHT RAIN
  FOG


RELATIVE HUMIDITY (PERCENT)
 HIGHEST   100           600 AM
 LOWEST     50           300 PM
 AVERAGE    75

..........................................................


THE TULSA OKLAHOMA CLIMATE NORMALS FOR TODAY
                         NORMAL    RECORD    YEAR
 MAXIMUM TEMPERATURE (F)   71        92      1939
 MINIMUM TEMPERATURE (F)   49        26      1937


SUNRISE AND SUNSET
OCTOBER 23 2014.......SUNRISE   738 AM CDT   SUNSET   637 PM CDT
OCTOBER 24 2014.......SUNRISE   739 AM CDT   SUNSET   636 PM CDT


-  INDICATES NEGATIVE NUMBERS.
R  INDICATES RECORD WAS SET OR TIED.
MM INDICATES DATA IS MISSING.
T  INDICATES TRACE AMOUNT.




$$

&&
...........................................................

THE TULSA PRECIPITATION NORMALS FOR TODAY
                       NORMAL    RECORD      YEAR
  TODAY                 0.13      2.40       1908
  MONTH TO DATE         2.93
  YEAR TO DATE         34.67
...........................................................
ALL DATA MEASURED AT THE TULSA INTERNATIONAL AIRPORT...
EXCEPT SNOWFALL...WHICH IS MEASURED AT THE NWS OFFICE.
