000
CDUS44 KTSA 240655
CLITUL

CLIMATE REPORT
NATIONAL WEATHER SERVICE TULSA OK
1247 AM CST TUE JAN 24 2017


...................................

...THE TULSA OKLAHOMA CLIMATE SUMMARY FOR JANUARY 23 2017...

CLIMATE NORMAL PERIOD 1981 TO 2010
CLIMATE RECORD PERIOD 1882 TO 2017


WEATHER ITEM   OBSERVED TIME   RECORD YEAR NORMAL DEPARTURE LAST
                VALUE   (LST)  VALUE       VALUE  FROM      YEAR
                                                  NORMAL
..................................................................
TEMPERATURE (F)
 YESTERDAY
  MAXIMUM         57    429 PM  78    1909  49      8       43
  MINIMUM         29    712 AM  -8    1930  28      1       29
  AVERAGE         43                        38      5       36

PRECIPITATION (IN)
  YESTERDAY        0.00          1.42 1953   0.06  -0.06     0.00
  MONTH TO DATE    3.42                      1.21   2.21     0.61
  SINCE DEC 1      3.86                      3.70   0.16     9.21
  SINCE JAN 1      3.42                      1.21   2.21     0.61

SNOWFALL (IN)
  YESTERDAY        0.0                                       0.0
  MONTH TO DATE    0.2                                       2.5
  SINCE DEC 1      0.7                                       3.0
  SINCE JUL 1      0.7                                       3.0

DEGREE DAYS
 HEATING
  YESTERDAY       22                        27     -5       29
  MONTH TO DATE  549                       636    -87      688
  SINCE DEC 1   1333                      1428    -95     1249
  SINCE JUL 1   1672                      2064   -392     1724
..................................................................


WIND (MPH)
  HIGHEST WIND SPEED    15   HIGHEST WIND DIRECTION    SE (130)
  HIGHEST GUST SPEED    18   HIGHEST GUST DIRECTION    SE (130)
  AVERAGE WIND SPEED     6.0


SKY COVER
  POSSIBLE SUNSHINE  MM
  AVERAGE SKY COVER 0.0


WEATHER CONDITIONS
 THE FOLLOWING WEATHER WAS RECORDED YESTERDAY.
  NO SIGNIFICANT WEATHER WAS OBSERVED.


RELATIVE HUMIDITY (PERCENT)
 HIGHEST   100           700 AM
 LOWEST     35           500 PM
 AVERAGE    68

..........................................................


THE TULSA OKLAHOMA CLIMATE NORMALS FOR TODAY
                         NORMAL    RECORD    YEAR
 MAXIMUM TEMPERATURE (F)   49        79      1950
 MINIMUM TEMPERATURE (F)   28        -4      1906


SUNRISE AND SUNSET
JANUARY 24 2017.......SUNRISE   730 AM CST   SUNSET   542 PM CST
JANUARY 25 2017.......SUNRISE   729 AM CST   SUNSET   543 PM CST


-  INDICATES NEGATIVE NUMBERS.
R  INDICATES RECORD WAS SET OR TIED.
MM INDICATES DATA IS MISSING.
T  INDICATES TRACE AMOUNT.




$$

&&
...........................................................

THE TULSA PRECIPITATION NORMALS FOR TODAY
                       NORMAL    RECORD      YEAR
  TODAY                 0.05      0.67       1938
  MONTH TO DATE         1.26
  YEAR TO DATE          1.26
...........................................................
ALL DATA MEASURED AT THE TULSA INTERNATIONAL AIRPORT...
EXCEPT SNOWFALL...WHICH IS MEASURED AT THE NWS OFFICE.
