000
CDUS44 KTSA 231414
CLITUL

CLIMATE REPORT
NATIONAL WEATHER SERVICE TULSA OK
912 AM CDT SAT SEP 23 2017


...................................

...THE TULSA OKLAHOMA CLIMATE SUMMARY FOR SEPTEMBER 23 2017...
VALID AS OF 0900 AM LOCAL TIME.

CLIMATE NORMAL PERIOD 1981 TO 2010
CLIMATE RECORD PERIOD 1882 TO 2017


WEATHER ITEM   OBSERVED TIME   RECORD YEAR NORMAL DEPARTURE LAST
                VALUE   (LST)  VALUE       VALUE  FROM      YEAR
                                                  NORMAL
..................................................................
TEMPERATURE (F)
 TODAY
  MAXIMUM         77    759 AM 101    1931  81     -4       94
  MINIMUM         67    606 AM  37    1995  59      8       65
  AVERAGE         72                        70      2       80

PRECIPITATION (IN)
  TODAY            0.00          2.25 1997   0.14  -0.14     0.00
  MONTH TO DATE    0.57                      3.29  -2.72     1.63
  SINCE SEP 1      0.57                      3.29  -2.72     1.63
  SINCE JAN 1     35.57                     30.77   4.80    22.33

DEGREE DAYS
 HEATING
  TODAY            0                         1     -1        0
  MONTH TO DATE    0                         9     -9        0
  SINCE SEP 1      0                         9     -9        0
  SINCE JUL 1      0                         9     -9        0

 COOLING
  TODAY            7                         6      1       15
  MONTH TO DATE  254                       227     27      338
  SINCE SEP 1    254                       227     27      338
  SINCE JAN 1   1955                      1928     27     2278
..................................................................


WIND (MPH)
  HIGHEST WIND SPEED     9   HIGHEST WIND DIRECTION    SE (150)
  HIGHEST GUST SPEED    12   HIGHEST GUST DIRECTION     S (170)
  AVERAGE WIND SPEED     6.1


SKY COVER
  POSSIBLE SUNSHINE  MM
  AVERAGE SKY COVER 0.1


WEATHER CONDITIONS
 THE FOLLOWING WEATHER WAS RECORDED TODAY.
  NO SIGNIFICANT WEATHER WAS OBSERVED.


RELATIVE HUMIDITY (PERCENT)
 HIGHEST   100           600 AM
 LOWEST     74          1200 AM
 AVERAGE    87

..........................................................


THE TULSA OKLAHOMA CLIMATE NORMALS FOR TOMORROW
                         NORMAL    RECORD    YEAR
 MAXIMUM TEMPERATURE (F)   80        99      1931
 MINIMUM TEMPERATURE (F)   58        37      1989


SUNRISE AND SUNSET
SEPTEMBER 23 2017.....SUNRISE   712 AM CDT   SUNSET   718 PM CDT
SEPTEMBER 24 2017.....SUNRISE   713 AM CDT   SUNSET   717 PM CDT


-  INDICATES NEGATIVE NUMBERS.
R  INDICATES RECORD WAS SET OR TIED.
MM INDICATES DATA IS MISSING.
T  INDICATES TRACE AMOUNT.




$$

&&
ALL DATA MEASURED AT THE TULSA INTERNATIONAL AIRPORT...
EXCEPT SNOWFALL...WHICH IS MEASURED AT THE NWS OFFICE.
