000
CDUS44 KTSA 210727
CLITUL

CLIMATE REPORT
NATIONAL WEATHER SERVICE TULSA OK
147 AM CDT SUN SEP 21 2014


...................................

...THE TULSA OKLAHOMA CLIMATE SUMMARY FOR SEPTEMBER 20 2014...

CLIMATE NORMAL PERIOD 1981 TO 2010
CLIMATE RECORD PERIOD 1882 TO 2014


WEATHER ITEM   OBSERVED TIME   RECORD YEAR NORMAL DEPARTURE LAST
                VALUE   (LST)  VALUE       VALUE  FROM      YEAR
                                                  NORMAL
..................................................................
TEMPERATURE (F)
 YESTERDAY
  MAXIMUM         89    314 PM 102    1954  82      7       72
  MINIMUM         68    546 AM  39    1938  60      8       57
  AVERAGE         79                        71      8       65

PRECIPITATION (IN)
  YESTERDAY        0.00          1.98 1915   0.15  -0.15     0.25
  MONTH TO DATE    1.84                      2.85  -1.01     1.24
  SINCE SEP 1      1.84                      2.85  -1.01     1.24
  SINCE JAN 1     20.36                     30.33  -9.97    24.62

DEGREE DAYS
 HEATING
  YESTERDAY        0                         1     -1        0
  MONTH TO DATE   12                         6      6        0
  SINCE SEP 1     12                         6      6        0
  SINCE JUL 1     13                         6      7        0

 COOLING
  YESTERDAY       14                         7      7        0
  MONTH TO DATE  220                       208     12      300
  SINCE SEP 1    220                       208     12      300
  SINCE JAN 1   1873                      1909    -36     1929
..................................................................


WIND (MPH)
  HIGHEST WIND SPEED    16   HIGHEST WIND DIRECTION     S (190)
  HIGHEST GUST SPEED    20   HIGHEST GUST DIRECTION     S (190)
  AVERAGE WIND SPEED     7.6


SKY COVER
  POSSIBLE SUNSHINE  MM
  AVERAGE SKY COVER 0.3


WEATHER CONDITIONS
 THE FOLLOWING WEATHER WAS RECORDED YESTERDAY.
  FOG
  HAZE


RELATIVE HUMIDITY (PERCENT)
 HIGHEST   100           400 AM
 LOWEST     50           400 PM
 AVERAGE    75

..........................................................


THE TULSA OKLAHOMA CLIMATE NORMALS FOR TODAY
                         NORMAL    RECORD    YEAR
 MAXIMUM TEMPERATURE (F)   82        98      1980
 MINIMUM TEMPERATURE (F)   60        38      1918


SUNRISE AND SUNSET
SEPTEMBER 21 2014.....SUNRISE   711 AM CDT   SUNSET   722 PM CDT
SEPTEMBER 22 2014.....SUNRISE   711 AM CDT   SUNSET   720 PM CDT


-  INDICATES NEGATIVE NUMBERS.
R  INDICATES RECORD WAS SET OR TIED.
MM INDICATES DATA IS MISSING.
T  INDICATES TRACE AMOUNT.




$$

&&
...........................................................

THE TULSA PRECIPITATION NORMALS FOR TODAY
                       NORMAL    RECORD      YEAR
  TODAY                 0.15      4.42       2009
  MONTH TO DATE         3.00
  YEAR TO DATE         30.48
...........................................................
ALL DATA MEASURED AT THE TULSA INTERNATIONAL AIRPORT...
EXCEPT SNOWFALL...WHICH IS MEASURED AT THE NWS OFFICE.
