000
CDUS44 KTSA 012235
CLITUL

CLIMATE REPORT
NATIONAL WEATHER SERVICE TULSA OK
427 PM CST SUN FEB 1 2015


...................................

...THE TULSA OKLAHOMA CLIMATE SUMMARY FOR FEBRUARY 1 2015...
VALID TODAY AS OF 0400 PM LOCAL TIME.

CLIMATE NORMAL PERIOD 1981 TO 2010
CLIMATE RECORD PERIOD 1882 TO 2015


WEATHER ITEM   OBSERVED TIME   RECORD YEAR NORMAL DEPARTURE LAST
                VALUE   (LST)  VALUE       VALUE  FROM      YEAR
                                                  NORMAL
..................................................................
TEMPERATURE (F)
 TODAY
  MAXIMUM         47    733 AM  90    1911  50     -3       32
  MINIMUM         33    257 PM  -7    1979  28      5       28
  AVERAGE         40                        39      1       30

PRECIPITATION (IN)
  TODAY            0.11          1.00 2011   0.05   0.06      T
  MONTH TO DATE    0.11                      0.05   0.06      T
  SINCE DEC 1      2.83                      4.20  -1.37     1.91
  SINCE JAN 1      0.86                      1.71  -0.85     0.13

SNOWFALL (IN)
  TODAY            0.0                                       0.0
  MONTH TO DATE    0.0                                       0.0
  SINCE DEC 1      2.0                                       6.1
  SINCE JUL 1      2.4                                       6.1

DEGREE DAYS
 HEATING
  TODAY           25                        26     -1       35
  MONTH TO DATE   25                        26     -1       35
  SINCE DEC 1   1534                      1663   -129     1845
  SINCE JUL 1   2235                      2299    -64     2546
..................................................................


WIND (MPH)
  HIGHEST WIND SPEED    32   HIGHEST WIND DIRECTION    NW (320)
  HIGHEST GUST SPEED    40   HIGHEST GUST DIRECTION     W (280)
  AVERAGE WIND SPEED    20.0


SKY COVER
  POSSIBLE SUNSHINE  MM
  AVERAGE SKY COVER 1.0


WEATHER CONDITIONS
 THE FOLLOWING WEATHER WAS RECORDED TODAY.
  LIGHT RAIN
  FOG


RELATIVE HUMIDITY (PERCENT)
 HIGHEST   100          1200 AM
 LOWEST     59           400 PM
 AVERAGE    80

..........................................................


THE TULSA OKLAHOMA CLIMATE NORMALS FOR TOMORROW
                         NORMAL    RECORD    YEAR
 MAXIMUM TEMPERATURE (F)   50        77      1995
 MINIMUM TEMPERATURE (F)   28        -1      2011


SUNRISE AND SUNSET
FEBRUARY  1 2015......SUNRISE   725 AM CST   SUNSET   550 PM CST
FEBRUARY  2 2015......SUNRISE   724 AM CST   SUNSET   551 PM CST


-  INDICATES NEGATIVE NUMBERS.
R  INDICATES RECORD WAS SET OR TIED.
MM INDICATES DATA IS MISSING.
T  INDICATES TRACE AMOUNT.




$$

&&
...........................................................

TULSA RECORD LOW MAX AND HIGH MIN TEMPERATURES FOR TOMORROW
                      RECORD        YEAR
  LOW MAXIMUM           16          1917
  HIGH MINIMUM          56          1986
...........................................................
ALL DATA MEASURED AT THE TULSA INTERNATIONAL AIRPORT...
EXCEPT SNOWFALL...WHICH IS MEASURED AT THE NWS OFFICE.
