000
CDUS44 KTSA 230710
CLITUL

CLIMATE REPORT
NATIONAL WEATHER SERVICE TULSA OK
147 AM CDT WED APR 23 2014


...................................

...THE TULSA OKLAHOMA CLIMATE SUMMARY FOR APRIL 22 2014...

CLIMATE NORMAL PERIOD 1981 TO 2010
CLIMATE RECORD PERIOD 1882 TO 2014


WEATHER ITEM   OBSERVED TIME   RECORD YEAR NORMAL DEPARTURE LAST
                VALUE   (LST)  VALUE       VALUE  FROM      YEAR
                                                  NORMAL
..................................................................
TEMPERATURE (F)
 YESTERDAY
  MAXIMUM         76    348 PM  91    2009  74      2       76
                                      1965
                                      1955
  MINIMUM         51    452 AM  32    1931  51      0       41
  AVERAGE         64                        63      1       59

PRECIPITATION (IN)
  YESTERDAY        0.00          2.40 1899   0.14  -0.14     0.03
  MONTH TO DATE    1.33                      2.55  -1.22     2.90
  SINCE MAR 1      3.69                      5.84  -2.15     4.00
  SINCE JAN 1      4.14                      9.35  -5.21     8.72

SNOWFALL (IN)
  YESTERDAY        0.0                                       0.0
  MONTH TO DATE    T                                         0.0
  SINCE MAR 1      2.4                                        T
  SINCE JUL 1     12.4                                       3.7

DEGREE DAYS
 HEATING
  YESTERDAY        1                         5     -4        6
  MONTH TO DATE  166                       158      8      219
  SINCE MAR 1    728                       596    132      754
  SINCE JUL 1   4029                      3507    522     3426

 COOLING
  YESTERDAY        0                         2     -2        0
  MONTH TO DATE   18                        33    -15       11
  SINCE MAR 1     19                        44    -25       15
  SINCE JAN 1     19                        45    -26       17
..................................................................


WIND (MPH)
  HIGHEST WIND SPEED    12   HIGHEST WIND DIRECTION     E (70)
  HIGHEST GUST SPEED    16   HIGHEST GUST DIRECTION     N (20)
  AVERAGE WIND SPEED     5.8


SKY COVER
  POSSIBLE SUNSHINE  MM
  AVERAGE SKY COVER 0.1


WEATHER CONDITIONS
 THE FOLLOWING WEATHER WAS RECORDED YESTERDAY.
  FOG


RELATIVE HUMIDITY (PERCENT)
 HIGHEST   100          1200 AM
 LOWEST     27           400 PM
 AVERAGE    64

..........................................................


THE TULSA OKLAHOMA CLIMATE NORMALS FOR TODAY
                         NORMAL    RECORD    YEAR
 MAXIMUM TEMPERATURE (F)   74        93      1958
 MINIMUM TEMPERATURE (F)   52        36      1909


SUNRISE AND SUNSET
APRIL 23 2014.........SUNRISE   640 AM CDT   SUNSET   804 PM CDT
APRIL 24 2014.........SUNRISE   639 AM CDT   SUNSET   805 PM CDT


-  INDICATES NEGATIVE NUMBERS.
R  INDICATES RECORD WAS SET OR TIED.
MM INDICATES DATA IS MISSING.
T  INDICATES TRACE AMOUNT.




$$

&&
...........................................................

THE TULSA PRECIPITATION NORMALS FOR TODAY
                       NORMAL    RECORD      YEAR
  TODAY                 0.15      3.22       1953
  MONTH TO DATE         2.70
  YEAR TO DATE          9.50
...........................................................
ALL DATA MEASURED AT THE TULSA INTERNATIONAL AIRPORT...
EXCEPT SNOWFALL...WHICH IS MEASURED AT THE NWS OFFICE.
