000
CDUS44 KMEG 282202
CLITUP


CLIMATE REPORT
NATIONAL WEATHER SERVICE MEMPHIS TN
501 PM CDT SAT MAR 28 2015


...................................

...THE TUPELO CLIMATE SUMMARY FOR MARCH 28 2015...
VALID TODAY AS OF 0500 PM LOCAL TIME.

CLIMATE NORMAL PERIOD 1981 TO 2010
CLIMATE RECORD PERIOD 1930 TO 2015


WEATHER ITEM   OBSERVED TIME   RECORD YEAR NORMAL DEPARTURE LAST
                VALUE   (LST)  VALUE       VALUE  FROM      YEAR
                                                  NORMAL
..................................................................
TEMPERATURE (F)
 TODAY
  MAXIMUM         45    246 PM  84    1997  69    -24       70
  MINIMUM         30    531 AM  25    1978  45    -15       59
  AVERAGE         38                        57    -19       65

PRECIPITATION (IN)
  TODAY            T             5.26 1951   0.15  -0.15     0.05
  MONTH TO DATE    5.65                      4.38   1.27     2.31
  SINCE MAR 1      5.65                      4.38   1.27     2.31
  SINCE JAN 1     14.81                     13.82   0.99     8.40

SNOWFALL (IN)
  TODAY            T

DEGREE DAYS
 HEATING
  TODAY           27                         9     18        0
  MONTH TO DATE  314                       331    -17      423
  SINCE MAR 1    314                       331    -17      423
  SINCE JUL 1   3032                      2762    270     3253

 COOLING
  TODAY            0                         1     -1        0
  MONTH TO DATE    3                         6     -3        0
  SINCE MAR 1      3                         6     -3        0
  SINCE JAN 1      3                         8     -5        0
..................................................................


WIND (MPH)
  HIGHEST WIND SPEED    12   HIGHEST WIND DIRECTION    NE (30)
  HIGHEST GUST SPEED    15   HIGHEST GUST DIRECTION    NE (30)
  AVERAGE WIND SPEED     5.5


SKY COVER
  POSSIBLE SUNSHINE  MM
  AVERAGE SKY COVER 0.6


WEATHER CONDITIONS
 THE FOLLOWING WEATHER WAS RECORDED TODAY.
  LIGHT SNOW


RELATIVE HUMIDITY (PERCENT)
 HIGHEST    85           600 AM
 LOWEST     39          1000 AM
 AVERAGE    62

..........................................................


THE TUPELO CLIMATE NORMALS FOR TOMORROW
                         NORMAL    RECORD    YEAR
 MAXIMUM TEMPERATURE (F)   69        86      2007
 MINIMUM TEMPERATURE (F)   45        25      1937


SUNRISE AND SUNSET
MARCH 28 2015.........SUNRISE   648 AM CDT   SUNSET   713 PM CDT
MARCH 29 2015.........SUNRISE   647 AM CDT   SUNSET   714 PM CDT


-  INDICATES NEGATIVE NUMBERS.
R  INDICATES RECORD WAS SET OR TIED.
MM INDICATES DATA IS MISSING.
T  INDICATES TRACE AMOUNT.




$$
