318
CDUS44 KMEG 300636
CLITUP


CLIMATE REPORT
NATIONAL WEATHER SERVICE MEMPHIS TN
135 AM CDT SUN APR 30 2017


...................................

...THE TUPELO CLIMATE SUMMARY FOR APRIL 29 2017...

CLIMATE NORMAL PERIOD 1981 TO 2010
CLIMATE RECORD PERIOD 1930 TO 2017


WEATHER ITEM   OBSERVED TIME   RECORD YEAR NORMAL DEPARTURE LAST
                VALUE   (LST)  VALUE       VALUE  FROM      YEAR
                                                  NORMAL
..................................................................
TEMPERATURE (F)
 YESTERDAY
  MAXIMUM         86    301 PM  90    1957  78      8       79
  MINIMUM         74    536 AM  34    1973  54     20       60
  AVERAGE         80                        66     14       70

PRECIPITATION (IN)
  YESTERDAY        0.00          2.26 1953   0.17  -0.17     1.10
  MONTH TO DATE    5.30                      4.60   0.70     5.84
  SINCE MAR 1      9.41                      9.42  -0.01    13.73
  SINCE JAN 1     17.88                     18.86  -0.98    20.90

SNOWFALL (IN)
  YESTERDAY        0.0           T    1996   0.0    0.0      0.0
  MONTH TO DATE    0.0                       0.0    0.0      0.0
  SINCE MAR 1      T                         0.3   -0.3      0.0
  SINCE JUL 1      T                         2.1   -2.1       T
  SNOW DEPTH       0

DEGREE DAYS
 HEATING
  YESTERDAY        0                         2     -2        0
  MONTH TO DATE   51                       144    -93       94
  SINCE MAR 1    341                       499   -158      324
  SINCE JUL 1   1959                      2930   -971     2261

 COOLING
  YESTERDAY       15                         3     12        5
  MONTH TO DATE  107                        56     51       57
  SINCE MAR 1    141                        70     71       86
  SINCE JAN 1    153                        72     81       86
..................................................................


WIND (MPH)
  HIGHEST WIND SPEED    26   HIGHEST WIND DIRECTION    SE (150)
  HIGHEST GUST SPEED    39   HIGHEST GUST DIRECTION    SE (150)
  AVERAGE WIND SPEED    15.4


SKY COVER
  POSSIBLE SUNSHINE  MM
  AVERAGE SKY COVER 0.6


WEATHER CONDITIONS
 THE FOLLOWING WEATHER WAS RECORDED YESTERDAY.
  NO SIGNIFICANT WEATHER WAS OBSERVED.


RELATIVE HUMIDITY (PERCENT)
 HIGHEST    82           100 AM
 LOWEST     54           700 PM
 AVERAGE    68

..........................................................


THE TUPELO CLIMATE NORMALS FOR TODAY
                         NORMAL    RECORD    YEAR
 MAXIMUM TEMPERATURE (F)   78        92      1987
 MINIMUM TEMPERATURE (F)   55        32      1969


SUNRISE AND SUNSET
APRIL 30 2017.........SUNRISE   606 AM CDT   SUNSET   739 PM CDT
MAY  1 2017...........SUNRISE   605 AM CDT   SUNSET   739 PM CDT


-  INDICATES NEGATIVE NUMBERS.
R  INDICATES RECORD WAS SET OR TIED.
MM INDICATES DATA IS MISSING.
T  INDICATES TRACE AMOUNT.




$$
