265
CDUS44 KMEG 240731
CLITUP


CLIMATE REPORT
NATIONAL WEATHER SERVICE MEMPHIS TN
131 AM CST FRI FEB 24 2017


...................................

...THE TUPELO CLIMATE SUMMARY FOR FEBRUARY 23 2017...

CLIMATE NORMAL PERIOD 1981 TO 2010
CLIMATE RECORD PERIOD 1930 TO 2017


WEATHER ITEM   OBSERVED TIME   RECORD YEAR NORMAL DEPARTURE LAST
                VALUE   (LST)  VALUE       VALUE  FROM      YEAR
                                                  NORMAL
..................................................................
TEMPERATURE (F)
 YESTERDAY
  MAXIMUM         70    334 PM  84    1996  59     11       63
  MINIMUM         51    519 AM  18    1963  37     14       46
  AVERAGE         61                        48     13       55

PRECIPITATION (IN)
  YESTERDAY        0.00          1.89 1962   0.20  -0.20     0.59
  MONTH TO DATE    1.67                      4.01  -2.34     3.30
  SINCE DEC 1     12.34                     14.77  -2.43    14.50
  SINCE JAN 1      7.44                      8.49  -1.05     7.14

SNOWFALL (IN)
  YESTERDAY        0.0           0.5  1935   0.0    0.0      0.0
  MONTH TO DATE    0.0                       0.5   -0.5      0.0
  SINCE DEC 1      T                         1.7   -1.7       T
  SINCE JUL 1      T                         1.7   -1.7       T
  SNOW DEPTH       0

DEGREE DAYS
 HEATING
  YESTERDAY        4                        17    -13       10
  MONTH TO DATE  255                       454   -199      396
  SINCE DEC 1   1274                      1828   -554     1504
  SINCE JUL 1   1568                      2350   -782     1845

 COOLING
  YESTERDAY        0                         0      0        0
  MONTH TO DATE    0                         0      0        0
  SINCE DEC 1     15                         3     12       27
  SINCE JAN 1      8                         1      7        0
..................................................................


WIND (MPH)
  HIGHEST WIND SPEED    16   HIGHEST WIND DIRECTION    SE (150)
  HIGHEST GUST SPEED    23   HIGHEST GUST DIRECTION    SE (130)
  AVERAGE WIND SPEED     6.7


SKY COVER
  POSSIBLE SUNSHINE  MM
  AVERAGE SKY COVER 0.5


WEATHER CONDITIONS
 THE FOLLOWING WEATHER WAS RECORDED YESTERDAY.
  FOG
  FOG W/VISIBILITY <= 1/4 MILE


RELATIVE HUMIDITY (PERCENT)
 HIGHEST    96           500 AM
 LOWEST     66           400 PM
 AVERAGE    81

..........................................................


THE TUPELO CLIMATE NORMALS FOR TODAY
                         NORMAL    RECORD    YEAR
 MAXIMUM TEMPERATURE (F)   59        78      2011
 MINIMUM TEMPERATURE (F)   38        16      1978


SUNRISE AND SUNSET
FEBRUARY 24 2017......SUNRISE   630 AM CST   SUNSET   547 PM CST
FEBRUARY 25 2017......SUNRISE   628 AM CST   SUNSET   548 PM CST


-  INDICATES NEGATIVE NUMBERS.
R  INDICATES RECORD WAS SET OR TIED.
MM INDICATES DATA IS MISSING.
T  INDICATES TRACE AMOUNT.




$$
