000
CDUS44 KMEG 072150
CLITUP


CLIMATE REPORT
NATIONAL WEATHER SERVICE MEMPHIS TN
449 PM CDT TUE JUL 7 2015


...................................

...THE TUPELO CLIMATE SUMMARY FOR JULY 7 2015...
VALID TODAY AS OF 0400 PM LOCAL TIME.

CLIMATE NORMAL PERIOD 1981 TO 2010
CLIMATE RECORD PERIOD 1930 TO 2015


WEATHER ITEM   OBSERVED TIME   RECORD YEAR NORMAL DEPARTURE LAST
                VALUE   (LST)  VALUE       VALUE  FROM      YEAR
                                                  NORMAL
..................................................................
TEMPERATURE (F)
 TODAY
  MAXIMUM         92    243 PM 102    1977  92      0       91
  MINIMUM         72    446 AM  52    1972  71      1       66
  AVERAGE         82                        81      1       79

PRECIPITATION (IN)
  TODAY            0.00          1.18 1932   0.13  -0.13     0.00
  MONTH TO DATE    8.04                      0.97   7.07     0.12
  SINCE JUN 1     11.42                      5.49   5.93     8.46
  SINCE JAN 1     43.83                     30.09  13.74    28.63

SNOWFALL (IN)
  TODAY            0.0

DEGREE DAYS
 HEATING
  TODAY            0                         0      0        0
  MONTH TO DATE    0                         0      0        0
  SINCE JUN 1      0                         0      0        0
  SINCE JUL 1      0                         0      0        0

 COOLING
  TODAY           17                        16      1       14
  MONTH TO DATE   89                       112    -23       85
  SINCE JUN 1    522                       507     15      505
  SINCE JAN 1    827                       784     43      779
..................................................................


WIND (MPH)
  HIGHEST WIND SPEED    17   HIGHEST WIND DIRECTION    SW (220)
  HIGHEST GUST SPEED    21   HIGHEST GUST DIRECTION    SW (220)
  AVERAGE WIND SPEED     8.3


SKY COVER
  POSSIBLE SUNSHINE  MM
  AVERAGE SKY COVER 0.3


WEATHER CONDITIONS
 THE FOLLOWING WEATHER WAS RECORDED TODAY.
  NO SIGNIFICANT WEATHER WAS OBSERVED.


RELATIVE HUMIDITY (PERCENT)
 HIGHEST   100           100 AM
 LOWEST     52           200 PM
 AVERAGE    76

..........................................................


THE TUPELO CLIMATE NORMALS FOR TOMORROW
                         NORMAL    RECORD    YEAR
 MAXIMUM TEMPERATURE (F)   92       102      1930
 MINIMUM TEMPERATURE (F)   71        56      1972


SUNRISE AND SUNSET
JULY  7 2015..........SUNRISE   549 AM CDT   SUNSET   810 PM CDT
JULY  8 2015..........SUNRISE   550 AM CDT   SUNSET   810 PM CDT


-  INDICATES NEGATIVE NUMBERS.
R  INDICATES RECORD WAS SET OR TIED.
MM INDICATES DATA IS MISSING.
T  INDICATES TRACE AMOUNT.




$$
