662
CDUS44 KMEG 220634
CLITUP


CLIMATE REPORT
NATIONAL WEATHER SERVICE MEMPHIS TN
133 AM CDT SUN OCT 22 2017


...................................

...THE TUPELO CLIMATE SUMMARY FOR OCTOBER 21 2017...

CLIMATE NORMAL PERIOD 1981 TO 2010
CLIMATE RECORD PERIOD 1930 TO 2017


WEATHER ITEM   OBSERVED TIME   RECORD YEAR NORMAL DEPARTURE LAST
                VALUE   (LST)  VALUE       VALUE  FROM      YEAR
                                                  NORMAL
..................................................................
TEMPERATURE (F)
 YESTERDAY
  MAXIMUM         80    102 PM  90    1941  74      6       68
  MINIMUM         52    455 AM  27    1976  49      3       46
  AVERAGE         66                        61      5       57

PRECIPITATION (IN)
  YESTERDAY        0.00          0.88 1950   0.14  -0.14     0.00
  MONTH TO DATE    0.65                      2.82  -2.17     0.44
  SINCE SEP 1      2.93                      6.26  -3.33     0.87
  SINCE JAN 1     38.98                     42.73  -3.75    36.72

SNOWFALL (IN)
  YESTERDAY        0.0           0.0  2002   0.0    0.0      0.0
                                      2001
  MONTH TO DATE    0.0                       0.0    0.0      0.0
  SINCE SEP 1      0.0                       0.0    0.0      0.0
  SINCE JUL 1      0.0                       0.0    0.0      0.0
  SNOW DEPTH       0

DEGREE DAYS
 HEATING
  YESTERDAY        0                         5     -5        8
  MONTH TO DATE   37                        69    -32        8
  SINCE SEP 1     42                        81    -39        8
  SINCE JUL 1     42                        81    -39        8

 COOLING
  YESTERDAY        1                         2     -1        0
  MONTH TO DATE  123                        63     60      128
  SINCE SEP 1    401                       349     52      552
  SINCE JAN 1   2099                      2021     78     2475
..................................................................


WIND (MPH)
  HIGHEST WIND SPEED    17   HIGHEST WIND DIRECTION     E (110)
  HIGHEST GUST SPEED    24   HIGHEST GUST DIRECTION    SE (120)
  AVERAGE WIND SPEED     7.3


SKY COVER
  POSSIBLE SUNSHINE  MM
  AVERAGE SKY COVER 0.0


WEATHER CONDITIONS
 THE FOLLOWING WEATHER WAS RECORDED YESTERDAY.
  NO SIGNIFICANT WEATHER WAS OBSERVED.


RELATIVE HUMIDITY (PERCENT)
 HIGHEST    93           300 AM
 LOWEST     51           100 PM
 AVERAGE    72

..........................................................


THE TUPELO CLIMATE NORMALS FOR TODAY
                         NORMAL    RECORD    YEAR
 MAXIMUM TEMPERATURE (F)   73        91      1939
 MINIMUM TEMPERATURE (F)   49        30      1987
                                             1976


SUNRISE AND SUNSET
OCTOBER 22 2017.......SUNRISE   706 AM CDT   SUNSET   612 PM CDT
OCTOBER 23 2017.......SUNRISE   707 AM CDT   SUNSET   611 PM CDT


-  INDICATES NEGATIVE NUMBERS.
R  INDICATES RECORD WAS SET OR TIED.
MM INDICATES DATA IS MISSING.
T  INDICATES TRACE AMOUNT.




$$
