000
CDUS44 KMEG 290641
CLITUP


CLIMATE REPORT
NATIONAL WEATHER SERVICE MEMPHIS TN
140 AM CDT FRI APR 29 2016


...................................

...THE TUPELO CLIMATE SUMMARY FOR APRIL 28 2016...

CLIMATE NORMAL PERIOD 1981 TO 2010
CLIMATE RECORD PERIOD 1930 TO 2016


WEATHER ITEM   OBSERVED TIME   RECORD YEAR NORMAL DEPARTURE LAST
                VALUE   (LST)  VALUE       VALUE  FROM      YEAR
                                                  NORMAL
..................................................................
TEMPERATURE (F)
 YESTERDAY
  MAXIMUM         86    452 PM  91    1981  77      9       66
  MINIMUM         61    439 AM  35    1973  54      7       46
  AVERAGE         74                        66      8       56

PRECIPITATION (IN)
  YESTERDAY        0.00          2.41 1991   0.18  -0.18     0.02
  MONTH TO DATE    4.74                      4.43   0.31     7.74
  SINCE MAR 1     12.63                      9.25   3.38    14.16
  SINCE JAN 1     19.80                     18.69   1.11    23.32

SNOWFALL (IN)
  YESTERDAY        0.0          MM      MM   0.0    0.0      0.0
  MONTH TO DATE    0.0                       0.0    0.0      0.0
  SINCE MAR 1      0.0                       0.3   -0.3      0.1
  SINCE JUL 1      T                         2.1   -2.1      7.4
  SNOW DEPTH       0

DEGREE DAYS
 HEATING
  YESTERDAY        0                         2     -2        9
  MONTH TO DATE   94                       142    -48       77
  SINCE MAR 1    324                       497   -173      410
  SINCE JUL 1   2261                      2928   -667     3128

 COOLING
  YESTERDAY        9                         3      6        0
  MONTH TO DATE   52                        53     -1       73
  SINCE MAR 1     81                        67     14       76
  SINCE JAN 1     81                        69     12       76
..................................................................


WIND (MPH)
  HIGHEST WIND SPEED    13   HIGHEST WIND DIRECTION    SE (150)
  HIGHEST GUST SPEED    15   HIGHEST GUST DIRECTION    SE (150)
  AVERAGE WIND SPEED     2.9


SKY COVER
  POSSIBLE SUNSHINE  MM
  AVERAGE SKY COVER 0.2


WEATHER CONDITIONS
 THE FOLLOWING WEATHER WAS RECORDED YESTERDAY.
  FOG
  FOG W/VISIBILITY <= 1/4 MILE


RELATIVE HUMIDITY (PERCENT)
 HIGHEST    93           100 AM
 LOWEST     30           400 PM
 AVERAGE    62

..........................................................


THE TUPELO CLIMATE NORMALS FOR TODAY
                         NORMAL    RECORD    YEAR
 MAXIMUM TEMPERATURE (F)   78        90      1957
 MINIMUM TEMPERATURE (F)   54        34      1973


SUNRISE AND SUNSET
APRIL 29 2016.........SUNRISE   607 AM CDT   SUNSET   738 PM CDT
APRIL 30 2016.........SUNRISE   606 AM CDT   SUNSET   739 PM CDT


-  INDICATES NEGATIVE NUMBERS.
R  INDICATES RECORD WAS SET OR TIED.
MM INDICATES DATA IS MISSING.
T  INDICATES TRACE AMOUNT.




$$
