000
CDUS44 KMEG 210737
CLITUP


CLIMATE REPORT
NATIONAL WEATHER SERVICE MEMPHIS TN
136 AM CST SUN DEC 21 2014


...................................

...THE TUPELO CLIMATE SUMMARY FOR DECEMBER 20 2014...

CLIMATE NORMAL PERIOD 1981 TO 2010
CLIMATE RECORD PERIOD 1930 TO 2014


WEATHER ITEM   OBSERVED TIME   RECORD YEAR NORMAL DEPARTURE LAST
                VALUE   (LST)  VALUE       VALUE  FROM      YEAR
                                                  NORMAL
..................................................................
TEMPERATURE (F)
 YESTERDAY
  MAXIMUM         54    307 PM  74    1978  53      1       66
                                      1971
                                      1931
  MINIMUM         32    723 AM   3    1981  33     -1       56
  AVERAGE         43                        43      0       61

PRECIPITATION (IN)
  YESTERDAY        0.00          2.92 1990   0.19  -0.19     0.21
  MONTH TO DATE    2.16                      4.32  -2.16     4.09
  SINCE DEC 1      2.16                      4.32  -2.16     4.09
  SINCE JAN 1     54.16                     53.05   1.11    50.96

SNOWFALL (IN)
  YESTERDAY        0.0           T    1973   0.0    0.0      0.0
  MONTH TO DATE    0.0                       0.1   -0.1       T
  SINCE DEC 1      0.0                       0.1   -0.1       T
  SINCE JUL 1      0.0                       0.1   -0.1       T
  SNOW DEPTH       0

DEGREE DAYS
 HEATING
  YESTERDAY       22                        22      0        4
  MONTH TO DATE  348                       401    -53      416
  SINCE DEC 1    348                       401    -53      416
  SINCE JUL 1    985                       923     62     1039

 COOLING
  YESTERDAY        0                         0      0        0
  MONTH TO DATE    0                         0      0        4
  SINCE DEC 1      0                         0      0        4
  SINCE JAN 1   1974                      2044    -70     2031
..................................................................


WIND (MPH)
  HIGHEST WIND SPEED    12   HIGHEST WIND DIRECTION    NE (30)
  HIGHEST GUST SPEED    15   HIGHEST GUST DIRECTION     N (10)
  AVERAGE WIND SPEED     6.4


SKY COVER
  POSSIBLE SUNSHINE  MM
  AVERAGE SKY COVER 0.2


WEATHER CONDITIONS
 THE FOLLOWING WEATHER WAS RECORDED YESTERDAY.
  FOG


RELATIVE HUMIDITY (PERCENT)
 HIGHEST    92           600 AM
 LOWEST     46           300 PM
 AVERAGE    69

..........................................................


THE TUPELO CLIMATE NORMALS FOR TODAY
                         NORMAL    RECORD    YEAR
 MAXIMUM TEMPERATURE (F)   52        78      2013
 MINIMUM TEMPERATURE (F)   33         7      1989


SUNRISE AND SUNSET
DECEMBER 21 2014......SUNRISE   657 AM CST   SUNSET   449 PM CST
DECEMBER 22 2014......SUNRISE   658 AM CST   SUNSET   450 PM CST


-  INDICATES NEGATIVE NUMBERS.
R  INDICATES RECORD WAS SET OR TIED.
MM INDICATES DATA IS MISSING.
T  INDICATES TRACE AMOUNT.




$$
