000
CDUS45 KTWC 241428
CLITUS

CLIMATE REPORT
NATIONAL WEATHER SERVICE TUCSON AZ
727 AM MST FRI MAR 24 2017


...................................

...THE TUCSON AZ CLIMATE SUMMARY FOR MARCH 24 2017...
VALID AS OF 0700 AM LOCAL TIME.

CLIMATE NORMAL PERIOD 1981 TO 2010
CLIMATE RECORD PERIOD 1895 TO 2017


WEATHER ITEM   OBSERVED TIME   RECORD YEAR NORMAL DEPARTURE LAST
                VALUE   (LST)  VALUE       VALUE  FROM      YEAR
                                                  NORMAL
..................................................................
TEMPERATURE (F)
 TODAY
  MINIMUM         45    644 AM  25    1897  47     -2       42

PRECIPITATION (IN)
  TODAY            0.00          0.41 1902   0.02  -0.02     0.00
  MONTH TO DATE    0.00                      0.59  -0.59     0.11
  SINCE OCT 1      3.06                      4.78  -1.72     4.70
  SINCE JAN 1      1.38                      2.39  -1.01     1.82

DEGREE DAYS
 HEATING
  TODAY           16                         5     11        5

 COOLING
  TODAY            0                         1     -1        0
..................................................................


WIND (MPH)
  HIGHEST WIND SPEED    10   HIGHEST WIND DIRECTION    SE (140)
  HIGHEST GUST SPEED    11   HIGHEST GUST DIRECTION     E (80)
  AVERAGE WIND SPEED     5.6


SKY COVER
  POSSIBLE SUNSHINE  MM
  AVERAGE SKY COVER 0.0


WEATHER CONDITIONS
 THE FOLLOWING WEATHER WAS RECORDED TODAY.
  NO SIGNIFICANT WEATHER WAS OBSERVED.


RELATIVE HUMIDITY (PERCENT)
 HIGHEST    42           600 AM

..........................................................


THE TUCSON AZ CLIMATE NORMALS FOR TOMORROW
                         NORMAL    RECORD    YEAR
 MAXIMUM TEMPERATURE (F)   76        94      1896
 MINIMUM TEMPERATURE (F)   47        25      1901


SUNRISE AND SUNSET
MARCH 24 2017.........SUNRISE   622 AM MST   SUNSET   638 PM MST
MARCH 25 2017.........SUNRISE   621 AM MST   SUNSET   639 PM MST


-  INDICATES NEGATIVE NUMBERS.
R  INDICATES RECORD WAS SET OR TIED.
MM INDICATES DATA IS MISSING.
T  INDICATES TRACE AMOUNT.




$$
