000
CDUS45 KTWC 190026
CLITUS

CLIMATE REPORT
NATIONAL WEATHER SERVICE TUCSON AZ
526 PM MST SUN FEB 18 2018


...................................

...THE TUCSON AZ CLIMATE SUMMARY FOR FEBRUARY 18 2018...
VALID TODAY AS OF 0500 PM LOCAL TIME.

CLIMATE NORMAL PERIOD 1981 TO 2010
CLIMATE RECORD PERIOD 1895 TO 2018


WEATHER ITEM   OBSERVED TIME   RECORD YEAR NORMAL DEPARTURE LAST
                VALUE   (LST)  VALUE       VALUE  FROM      YEAR
                                                  NORMAL
..................................................................
TEMPERATURE (F)
 TODAY
  MAXIMUM         69   1254 PM  85    2004  69      0       66
  MINIMUM         50    737 AM  19    1910  43      7       50
  AVERAGE         60                        56      4       58

PRECIPITATION (IN)
  TODAY            0.00          0.55 1905   0.03  -0.03     0.05
  MONTH TO DATE    1.70                      0.57   1.13     0.07
  SINCE OCT 1      2.31                      3.90  -1.59     2.93
  SINCE JAN 1      1.72                      1.51   0.21     1.25

DEGREE DAYS
 HEATING
  TODAY            5                         9     -4        7
  MONTH TO DATE   58                       187   -129       72
  SINCE DEC 1    480                       975   -495      705
  SINCE JUL 1    484                      1181   -697      799

 COOLING
  TODAY            0                         0      0        0
  MONTH TO DATE    0                         0      0        9
  SINCE DEC 1     13                         1     12       12
  SINCE JAN 1      4                         1      3        9
..................................................................


WIND (MPH)
  HIGHEST WIND SPEED    15   HIGHEST WIND DIRECTION     W (260)
  HIGHEST GUST SPEED    23   HIGHEST GUST DIRECTION     W (280)
  AVERAGE WIND SPEED    MM


SKY COVER
  POSSIBLE SUNSHINE  MM
  AVERAGE SKY COVER  MM


WEATHER CONDITIONS
 THE FOLLOWING WEATHER WAS RECORDED TODAY.
  NO SIGNIFICANT WEATHER WAS OBSERVED.


RELATIVE HUMIDITY (PERCENT)
 HIGHEST    MM
 LOWEST     MM
 AVERAGE    MM

..........................................................


THE TUCSON AZ CLIMATE NORMALS FOR TOMORROW
                         NORMAL    RECORD    YEAR
 MAXIMUM TEMPERATURE (F)   69        85      1981
 MINIMUM TEMPERATURE (F)   43        25      1955


SUNRISE AND SUNSET
FEBRUARY 18 2018......SUNRISE   703 AM MST   SUNSET   613 PM MST
FEBRUARY 19 2018......SUNRISE   702 AM MST   SUNSET   613 PM MST


-  INDICATES NEGATIVE NUMBERS.
R  INDICATES RECORD WAS SET OR TIED.
MM INDICATES DATA IS MISSING.
T  INDICATES TRACE AMOUNT.




$$
