000
CDUS45 KTWC 220031
CLITUS

CLIMATE REPORT
NATIONAL WEATHER SERVICE TUCSON AZ
530 PM MST THU AUG 21 2014


...................................

...THE TUCSON AZ CLIMATE SUMMARY FOR AUGUST 21 2014...
VALID TODAY AS OF 0500 PM LOCAL TIME.

CLIMATE NORMAL PERIOD 1981 TO 2010
CLIMATE RECORD PERIOD 1895 TO 2014


WEATHER ITEM   OBSERVED TIME   RECORD YEAR NORMAL DEPARTURE LAST
                VALUE   (LST)  VALUE       VALUE  FROM      YEAR
                                                  NORMAL
..................................................................
TEMPERATURE (F)
 TODAY
  MAXIMUM         86    150 PM 108    1930  98    -12       98
  MINIMUM         75    329 PM  59    1917  73      2       78
  AVERAGE         81                        85     -4       88

PRECIPITATION (IN)
  TODAY            0.01          0.88 1945   0.08  -0.07     0.00
  MONTH TO DATE    1.89                      1.70   0.19     0.22
  SINCE OCT 1      6.98                      9.61  -2.63     5.80
  SINCE JAN 1      3.93                      7.22  -3.29     4.59

DEGREE DAYS
 HEATING
  TODAY            0                         0      0        0
  MONTH TO DATE    0                         0      0        0
  SINCE JUN 1      0                         0      0        0
  SINCE JUL 1      0                         0      0        0

 COOLING
  TODAY           16                        20     -4       23
  MONTH TO DATE  432                       426      6      497
  SINCE JUN 1   1887                      1703    184     1958
  SINCE JAN 1   2490                      2205    285     2669
..................................................................


WIND (MPH)
  HIGHEST WIND SPEED    18   HIGHEST WIND DIRECTION     W (260)
  HIGHEST GUST SPEED    22   HIGHEST GUST DIRECTION     W (250)
  AVERAGE WIND SPEED     6.0


SKY COVER
  POSSIBLE SUNSHINE  MM
  AVERAGE SKY COVER 0.3


WEATHER CONDITIONS
 THE FOLLOWING WEATHER WAS RECORDED TODAY.
  THUNDERSTORM
  LIGHT RAIN


RELATIVE HUMIDITY (PERCENT)
 HIGHEST    69
 LOWEST     44
 AVERAGE    57

..........................................................


THE TUCSON AZ CLIMATE NORMALS FOR TOMORROW
                         NORMAL    RECORD    YEAR
 MAXIMUM TEMPERATURE (F)   98       110      1930
 MINIMUM TEMPERATURE (F)   73        62      1895


SUNRISE AND SUNSET
AUGUST 21 2014........SUNRISE   552 AM MST   SUNSET   701 PM MST
AUGUST 22 2014........SUNRISE   553 AM MST   SUNSET   700 PM MST


-  INDICATES NEGATIVE NUMBERS.
R  INDICATES RECORD WAS SET OR TIED.
MM INDICATES DATA IS MISSING.
T  INDICATES TRACE AMOUNT.




$$
