000
CDUS45 KTWC 220746
CLITUS

CLIMATE REPORT
NATIONAL WEATHER SERVICE TUCSON AZ
1245 AM MST FRI MAY 22 2015


...................................

...THE TUCSON AZ CLIMATE SUMMARY FOR MAY 21 2015...

CLIMATE NORMAL PERIOD 1981 TO 2010
CLIMATE RECORD PERIOD 1895 TO 2015


WEATHER ITEM   OBSERVED TIME   RECORD YEAR NORMAL DEPARTURE LAST
                VALUE   (LST)  VALUE       VALUE  FROM      YEAR
                                                  NORMAL
..................................................................
TEMPERATURE (F)
 YESTERDAY
  MAXIMUM         87    413 PM 107    2005  93     -6       92
  MINIMUM         60    546 AM  42    1899  62     -2       62
  AVERAGE         74                        78     -4       77

PRECIPITATION (IN)
  YESTERDAY        0.00          0.53 2009   0.01  -0.01     0.00
  MONTH TO DATE    0.09                      0.15  -0.06     0.00
  SINCE OCT 1      7.20                      5.38   1.82     3.66
  SINCE JAN 1      3.70                      2.99   0.71     0.61

DEGREE DAYS
 HEATING
  YESTERDAY        0                         0      0        0
  MONTH TO DATE    3                         3      0        0
  SINCE MAR 1     63                       242   -179       66
  SINCE JUL 1    905                      1509   -604      899

 COOLING
  YESTERDAY        9                        13     -4       12
  MONTH TO DATE  152                       205    -53      224
  SINCE MAR 1    387                       355     32      412
  SINCE JAN 1    395                       359     36      436
..................................................................


WIND (MPH)
  HIGHEST WIND SPEED    26   HIGHEST WIND DIRECTION     S (200)
  HIGHEST GUST SPEED    34   HIGHEST GUST DIRECTION    SW (220)
  AVERAGE WIND SPEED     8.8


SKY COVER
  POSSIBLE SUNSHINE  MM
  AVERAGE SKY COVER 0.0


WEATHER CONDITIONS
 THE FOLLOWING WEATHER WAS RECORDED YESTERDAY.
  NO SIGNIFICANT WEATHER WAS OBSERVED.


RELATIVE HUMIDITY (PERCENT)
 HIGHEST    35
 LOWEST     10
 AVERAGE    23

..........................................................


THE TUCSON AZ CLIMATE NORMALS FOR TODAY
                         NORMAL    RECORD    YEAR
 MAXIMUM TEMPERATURE (F)   94       109      2005
 MINIMUM TEMPERATURE (F)   62        43      1902


SUNRISE AND SUNSET
MAY 22 2015...........SUNRISE   522 AM MST   SUNSET   719 PM MST
MAY 23 2015...........SUNRISE   522 AM MST   SUNSET   720 PM MST


-  INDICATES NEGATIVE NUMBERS.
R  INDICATES RECORD WAS SET OR TIED.
MM INDICATES DATA IS MISSING.
T  INDICATES TRACE AMOUNT.




$$
