000
CDUS45 KTWC 310733
CLITUS

CLIMATE REPORT
NATIONAL WEATHER SERVICE TUCSON AZ
1232 AM MST SAT JAN 31 2015

...................................

...THE TUCSON AZ CLIMATE SUMMARY FOR JANUARY 30 2015...

CLIMATE NORMAL PERIOD 1981 TO 2010
CLIMATE RECORD PERIOD 1895 TO 2015


WEATHER ITEM   OBSERVED TIME   RECORD YEAR NORMAL DEPARTURE LAST
                VALUE   (LST)  VALUE       VALUE  FROM      YEAR
                                                  NORMAL
..................................................................
TEMPERATURE (F)
 YESTERDAY
  MAXIMUM         62   1230 AM  82    1987  67     -5       81
                                      1940
  MINIMUM         53   1050 PM  25    1979  41     12       46
                                      1932
                                      1904
  AVERAGE         58                        54      4       64

PRECIPITATION (IN)
  YESTERDAY        1.39R         0.83 1983   0.04   1.35     0.00
  MONTH TO DATE    1.77                      0.91   0.86      T
  SINCE OCT 1      5.27                      3.30   1.97     3.05
  SINCE JAN 1      1.77                      0.91   0.86      T

DEGREE DAYS
 HEATING
  YESTERDAY        7                        11     -4        1
  MONTH TO DATE  279                       371    -92      230
  SINCE DEC 1    611                       776   -165      589
  SINCE JUL 1    747                       982   -235      695

 COOLING
  YESTERDAY        0                         0      0        0
  MONTH TO DATE    0                         0      0        0
  SINCE DEC 1      3                         0      3        0
  SINCE JAN 1      0                         0      0        0
..................................................................


WIND (MPH)
  HIGHEST WIND SPEED    23   HIGHEST WIND DIRECTION    SE (140)
  HIGHEST GUST SPEED    27   HIGHEST GUST DIRECTION    SE (140)
  AVERAGE WIND SPEED     8.6


SKY COVER
  POSSIBLE SUNSHINE  MM
  AVERAGE SKY COVER 1.0


WEATHER CONDITIONS
 THE FOLLOWING WEATHER WAS RECORDED YESTERDAY.
  HEAVY RAIN
  RAIN
  LIGHT RAIN
  FOG


RELATIVE HUMIDITY (PERCENT)
 HIGHEST    93
 LOWEST     72
 AVERAGE    83

..........................................................


THE TUCSON AZ CLIMATE NORMALS FOR TODAY
                         NORMAL    RECORD    YEAR
 MAXIMUM TEMPERATURE (F)   67        84      2003
 MINIMUM TEMPERATURE (F)   41        22      1949


SUNRISE AND SUNSET
JANUARY 31 2015.......SUNRISE   718 AM MST   SUNSET   556 PM MST
FEBRUARY  1 2015......SUNRISE   718 AM MST   SUNSET   557 PM MST


-  INDICATES NEGATIVE NUMBERS.
R  INDICATES RECORD WAS SET OR TIED.
MM INDICATES DATA IS MISSING.
T  INDICATES TRACE AMOUNT.

$$
