000
CDUS45 KTWC 270746
CLITUS

CLIMATE REPORT
NATIONAL WEATHER SERVICE TUCSON AZ
1244 AM MST TUE SEP 27 2016

...................................

...THE TUCSON AZ CLIMATE SUMMARY FOR SEPTEMBER 26 2016...

CLIMATE NORMAL PERIOD 1981 TO 2010
CLIMATE RECORD PERIOD 1895 TO 2016


WEATHER ITEM   OBSERVED TIME   RECORD YEAR NORMAL DEPARTURE LAST
                VALUE   (LST)  VALUE       VALUE  FROM      YEAR
                                                  NORMAL
..................................................................
TEMPERATURE (F)
 YESTERDAY
  MAXIMUM         77    458 PM 104    1899  92    -15       97
  MINIMUM         68    111 PM  43    1913  65      3       74
  AVERAGE         73                        78     -5       86

PRECIPITATION (IN)
  YESTERDAY        T             2.40 1962   0.04  -0.04     0.00
  MONTH TO DATE    1.30                      1.16   0.14     2.40
  SINCE OCT 1     12.71                     11.46   1.25    14.04
  SINCE JAN 1      9.83                      9.07   0.76    10.54

DEGREE DAYS
 HEATING
  YESTERDAY        0                         0      0        0
  MONTH TO DATE    0                         0      0        0
  SINCE SEP 1      0                         0      0        0
  SINCE JUL 1      0                         0      0        0

 COOLING
  YESTERDAY        8                        13     -5       21
  MONTH TO DATE  426                       448    -22      464
  SINCE SEP 1    426                       448    -22      464
  SINCE JAN 1   3136                      2858    278     3144
..................................................................


WIND (MPH)
  HIGHEST WIND SPEED    32   HIGHEST WIND DIRECTION    SE (130)
  HIGHEST GUST SPEED    38   HIGHEST GUST DIRECTION    SE (120)
  AVERAGE WIND SPEED    16.6


SKY COVER
  POSSIBLE SUNSHINE  MM
  AVERAGE SKY COVER  MM


WEATHER CONDITIONS
 THE FOLLOWING WEATHER WAS RECORDED YESTERDAY.
  LIGHT RAIN


RELATIVE HUMIDITY (PERCENT)
 HIGHEST    58
 LOWEST     31
 AVERAGE    45

..........................................................


THE TUCSON AZ CLIMATE NORMALS FOR TODAY
                         NORMAL    RECORD    YEAR
 MAXIMUM TEMPERATURE (F)   91       102      1994
 MINIMUM TEMPERATURE (F)   65        46      1915


SUNRISE AND SUNSET
SEPTEMBER 27 2016.....SUNRISE   615 AM MST   SUNSET   613 PM MST
SEPTEMBER 28 2016.....SUNRISE   616 AM MST   SUNSET   612 PM MST


-  INDICATES NEGATIVE NUMBERS.
R  INDICATES RECORD WAS SET OR TIED.
MM INDICATES DATA IS MISSING.
T  INDICATES TRACE AMOUNT.

$$
