000
CDUS45 KTWC 110735
CLITUS

CLIMATE REPORT
NATIONAL WEATHER SERVICE TUCSON AZ
1234 AM MST MON DEC 11 2017

...................................

...THE TUCSON AZ CLIMATE SUMMARY FOR DECEMBER 10 2017...

CLIMATE NORMAL PERIOD 1981 TO 2010
CLIMATE RECORD PERIOD 1895 TO 2017


WEATHER ITEM   OBSERVED TIME   RECORD YEAR NORMAL DEPARTURE LAST
                VALUE   (LST)  VALUE       VALUE  FROM      YEAR
                                                  NORMAL
..................................................................
TEMPERATURE (F)
 YESTERDAY
  MAXIMUM         73    403 PM  82    1950  65      8       75
                                      1939
  MINIMUM         56    809 AM  19    1916  39     17       41
  AVERAGE         65                        52     13       58

PRECIPITATION (IN)
  YESTERDAY        0.00          0.89 1965   0.03  -0.03     0.00
  MONTH TO DATE    0.02                      0.30  -0.28     0.00
  SINCE OCT 1      0.11                      1.76  -1.65     0.60
  SINCE JAN 1     10.29                     10.96  -0.67    10.73

DEGREE DAYS
 HEATING
  YESTERDAY        0                        13    -13        7
  MONTH TO DATE   53                       119    -66      108
  SINCE DEC 1     53                       119    -66      108
  SINCE JUL 1     57                       325   -268      202

 COOLING
  YESTERDAY        0                         0      0        0
  MONTH TO DATE    9                         0      9        0
  SINCE DEC 1      9                         0      9        0
  SINCE JAN 1   3918                      3146    772     3652
..................................................................


WIND (MPH)
  HIGHEST WIND SPEED    29   HIGHEST WIND DIRECTION    SE (130)
  HIGHEST GUST SPEED    38   HIGHEST GUST DIRECTION    SE (120)
  AVERAGE WIND SPEED    13.8


SKY COVER
  POSSIBLE SUNSHINE  MM
  AVERAGE SKY COVER  MM


WEATHER CONDITIONS
 THE FOLLOWING WEATHER WAS RECORDED YESTERDAY.
  NO SIGNIFICANT WEATHER WAS OBSERVED.


RELATIVE HUMIDITY (PERCENT)
 HIGHEST    MM
 LOWEST     MM
 AVERAGE    MM

..........................................................


THE TUCSON AZ CLIMATE NORMALS FOR TODAY
                         NORMAL    RECORD    YEAR
 MAXIMUM TEMPERATURE (F)   65        83      1939
 MINIMUM TEMPERATURE (F)   39        15      1916


SUNRISE AND SUNSET
DECEMBER 11 2017......SUNRISE   715 AM MST   SUNSET   520 PM MST
DECEMBER 12 2017......SUNRISE   715 AM MST   SUNSET   520 PM MST


-  INDICATES NEGATIVE NUMBERS.
R  INDICATES RECORD WAS SET OR TIED.
MM INDICATES DATA IS MISSING.
T  INDICATES TRACE AMOUNT.

$$
