437
CDUS45 KTWC 111427
CLITUS

CLIMATE REPORT
NATIONAL WEATHER SERVICE TUCSON AZ
727 AM MST SUN DEC 11 2016


...................................

...THE TUCSON AZ CLIMATE SUMMARY FOR DECEMBER 11 2016...
VALID AS OF 0700 AM LOCAL TIME.

CLIMATE NORMAL PERIOD 1981 TO 2010
CLIMATE RECORD PERIOD 1895 TO 2016


WEATHER ITEM   OBSERVED TIME   RECORD YEAR NORMAL DEPARTURE LAST
                VALUE   (LST)  VALUE       VALUE  FROM      YEAR
                                                  NORMAL
..................................................................
TEMPERATURE (F)
 TODAY
  MINIMUM         46    659 AM  15    1916  39      7       48

PRECIPITATION (IN)
  TODAY            0.00          1.02 1940   0.03  -0.03     0.07
  MONTH TO DATE    0.00                      0.33  -0.33     0.07
  SINCE OCT 1      0.60                      1.79  -1.19     2.48
  SINCE JAN 1     10.73                     10.99  -0.26    13.02

DEGREE DAYS
 HEATING
  TODAY           15                        13      2        4

 COOLING
  TODAY            0                         0      0        0
..................................................................


WIND (MPH)
  HIGHEST WIND SPEED    10   HIGHEST WIND DIRECTION    SE (150)
  HIGHEST GUST SPEED    12   HIGHEST GUST DIRECTION    SE (150)
  AVERAGE WIND SPEED     7.0


SKY COVER
  POSSIBLE SUNSHINE  MM
  AVERAGE SKY COVER 0.0


WEATHER CONDITIONS
 THE FOLLOWING WEATHER WAS RECORDED TODAY.
  NO SIGNIFICANT WEATHER WAS OBSERVED.


RELATIVE HUMIDITY (PERCENT)
 HIGHEST    50           100 AM

..........................................................


THE TUCSON AZ CLIMATE NORMALS FOR TOMORROW
                         NORMAL    RECORD    YEAR
 MAXIMUM TEMPERATURE (F)   65        79      2004
 MINIMUM TEMPERATURE (F)   39        20      1916


SUNRISE AND SUNSET
DECEMBER 11 2016......SUNRISE   715 AM MST   SUNSET   520 PM MST
DECEMBER 12 2016......SUNRISE   715 AM MST   SUNSET   520 PM MST


-  INDICATES NEGATIVE NUMBERS.
R  INDICATES RECORD WAS SET OR TIED.
MM INDICATES DATA IS MISSING.
T  INDICATES TRACE AMOUNT.




$$
