000
CDUS43 KAPX 060542
CLITVC


CLIMATE REPORT
NATIONAL WEATHER SERVICE GAYLORD MI
1241 AM EST FRI MAR 6 2015


...................................

...THE TRAVERSE CITY MI CLIMATE SUMMARY FOR MARCH 5 2015...

CLIMATE NORMAL PERIOD 1981 TO 2010
CLIMATE RECORD PERIOD 1896 TO 2015


WEATHER ITEM   OBSERVED TIME   RECORD YEAR NORMAL DEPARTURE LAST
                VALUE   (LST)  VALUE       VALUE  FROM      YEAR
                                                  NORMAL
..................................................................
TEMPERATURE (F)
 YESTERDAY
  MAXIMUM         13    521 PM  64    1983  36    -23       13
  MINIMUM        -10    730 AM -13    1948  18    -28      -12
  AVERAGE          2                        27    -25        1

PRECIPITATION (IN)
  YESTERDAY        T             0.97 2004   0.06  -0.06     0.00
  MONTH TO DATE    0.07                      0.29  -0.22     0.02
  SINCE MAR 1      0.07                      0.29  -0.22     0.02
  SINCE JAN 1      0.85                      4.61  -3.76     1.44

DEGREE DAYS
 HEATING
  YESTERDAY       63                        38     25       64
  MONTH TO DATE  256                       194     62      304
  SINCE MAR 1    256                       194     62      304
  SINCE JUL 1   5988                      5534    454     6026

 COOLING
  YESTERDAY        0                         0      0        0
  MONTH TO DATE    0                         0      0        0
  SINCE MAR 1      0                         0      0        0
  SINCE JAN 1      0                         0      0        0
..................................................................


WIND (MPH)
  HIGHEST WIND SPEED    14   HIGHEST WIND DIRECTION     W (280)
  HIGHEST GUST SPEED    17   HIGHEST GUST DIRECTION     W (280)
  AVERAGE WIND SPEED     3.1




RELATIVE HUMIDITY (PERCENT)
 HIGHEST    95
 LOWEST     58
 AVERAGE    77

..........................................................


THE TRAVERSE CITY MI CLIMATE NORMALS FOR TODAY
                         NORMAL    RECORD    YEAR
 MAXIMUM TEMPERATURE (F)   36        68      2000
 MINIMUM TEMPERATURE (F)   18       -16      1972


SUNRISE AND SUNSET
MARCH  6 2015.........SUNRISE   712 AM EST   SUNSET   636 PM EST
MARCH  7 2015.........SUNRISE   710 AM EST   SUNSET   638 PM EST


-  INDICATES NEGATIVE NUMBERS.
R  INDICATES RECORD WAS SET OR TIED.
MM INDICATES DATA IS MISSING.
T  INDICATES TRACE AMOUNT.




$$
