000
CDUS43 KAPX 280527
CLITVC


CLIMATE REPORT
NATIONAL WEATHER SERVICE GAYLORD MI
126 AM EDT SAT MAY 28 2016


...................................

...THE TRAVERSE CITY MI CLIMATE SUMMARY FOR MAY 27 2016...

CLIMATE NORMAL PERIOD 1981 TO 2010
CLIMATE RECORD PERIOD 1896 TO 2016


WEATHER ITEM   OBSERVED TIME   RECORD YEAR NORMAL DEPARTURE LAST
                VALUE   (LST)  VALUE       VALUE  FROM      YEAR
                                                  NORMAL
..................................................................
TEMPERATURE (F)
 YESTERDAY
  MAXIMUM         88    149 PM  93    1978  69     19       70
  MINIMUM         55    538 AM  28    1961  45     10       60
  AVERAGE         72                        57     15       65

PRECIPITATION (IN)
  YESTERDAY        0.68          1.84 1932   0.09   0.59     0.02
  MONTH TO DATE    1.50                      2.25  -0.75     2.77
  SINCE MAR 1      7.06                      6.89   0.17     4.70
  SINCE JAN 1      9.85                     11.21  -1.36     5.48

DEGREE DAYS
 HEATING
  YESTERDAY        0                         9     -9        0
  MONTH TO DATE  298                       339    -41      249
  SINCE MAR 1   1857                      2066   -209     1982
  SINCE JUL 1   6167                      7406  -1239     7714

 COOLING
  YESTERDAY        7                         1      6        0
  MONTH TO DATE   26                        10     16       31
  SINCE MAR 1     26                        13     13       31
  SINCE JAN 1     26                        13     13       31
..................................................................


WIND (MPH)
  HIGHEST WIND SPEED    14   HIGHEST WIND DIRECTION    NW (320)
  HIGHEST GUST SPEED    22   HIGHEST GUST DIRECTION    SW (220)
  AVERAGE WIND SPEED     3.2




RELATIVE HUMIDITY (PERCENT)
 HIGHEST    93
 LOWEST     36
 AVERAGE    65

..........................................................


THE TRAVERSE CITY MI CLIMATE NORMALS FOR TODAY
                         NORMAL    RECORD    YEAR
 MAXIMUM TEMPERATURE (F)   70        95      1978
 MINIMUM TEMPERATURE (F)   46        29      2008


SUNRISE AND SUNSET
MAY 28 2016...........SUNRISE   602 AM EDT   SUNSET   918 PM EDT
MAY 29 2016...........SUNRISE   601 AM EDT   SUNSET   919 PM EDT


-  INDICATES NEGATIVE NUMBERS.
R  INDICATES RECORD WAS SET OR TIED.
MM INDICATES DATA IS MISSING.
T  INDICATES TRACE AMOUNT.




$$
