000
CDUS43 KAPX 300541
CLITVC


CLIMATE REPORT
NATIONAL WEATHER SERVICE GAYLORD MI
1241 AM EST FRI JAN 30 2015


...................................

...THE TRAVERSE CITY MI CLIMATE SUMMARY FOR JANUARY 29 2015...

CLIMATE NORMAL PERIOD 1981 TO 2010
CLIMATE RECORD PERIOD 1896 TO 2015


WEATHER ITEM   OBSERVED TIME   RECORD YEAR NORMAL DEPARTURE LAST
                VALUE   (LST)  VALUE       VALUE  FROM      YEAR
                                                  NORMAL
..................................................................
TEMPERATURE (F)
 YESTERDAY
  MAXIMUM         33    303 PM  51    2013  28      5       19
  MINIMUM         21   1159 PM -11    1951  14      7        7
  AVERAGE         27                        21      6       13

PRECIPITATION (IN)
  YESTERDAY        0.31          0.90 1996   0.07   0.24      T
  MONTH TO DATE    0.68                      2.66  -1.98     0.93
  SINCE DEC 1      1.74                      5.15  -3.41     1.92
  SINCE JAN 1      0.68                      2.66  -1.98     0.93

DEGREE DAYS
 HEATING
  YESTERDAY       38                        44     -6       52
  MONTH TO DATE 1345                      1261     84     1395
  SINCE DEC 1   2416                      2450    -34     2725
  SINCE JUL 1   4095                      4069     26     4216
..................................................................


WIND (MPH)
  HIGHEST WIND SPEED    26   HIGHEST WIND DIRECTION    NW (320)
  HIGHEST GUST SPEED    36   HIGHEST GUST DIRECTION    NW (320)
  AVERAGE WIND SPEED    10.9




RELATIVE HUMIDITY (PERCENT)
 HIGHEST    92
 LOWEST     43
 AVERAGE    68

..........................................................


THE TRAVERSE CITY MI CLIMATE NORMALS FOR TODAY
                         NORMAL    RECORD    YEAR
 MAXIMUM TEMPERATURE (F)   28        55      2011
 MINIMUM TEMPERATURE (F)   14       -20      1951


SUNRISE AND SUNSET
JANUARY 30 2015.......SUNRISE   804 AM EST   SUNSET   548 PM EST
JANUARY 31 2015.......SUNRISE   803 AM EST   SUNSET   549 PM EST


-  INDICATES NEGATIVE NUMBERS.
R  INDICATES RECORD WAS SET OR TIED.
MM INDICATES DATA IS MISSING.
T  INDICATES TRACE AMOUNT.




$$
