000
CDUS43 KAPX 250543
CLITVC


CLIMATE REPORT
NATIONAL WEATHER SERVICE GAYLORD MI
1242 AM EST THU DEC 25 2014


...................................

...THE TRAVERSE CITY MI CLIMATE SUMMARY FOR DECEMBER 24 2014...

CLIMATE NORMAL PERIOD 1981 TO 2010
CLIMATE RECORD PERIOD 1896 TO 2014


WEATHER ITEM   OBSERVED TIME   RECORD YEAR NORMAL DEPARTURE LAST
                VALUE   (LST)  VALUE       VALUE  FROM      YEAR
                                                  NORMAL
..................................................................
TEMPERATURE (F)
 YESTERDAY
  MAXIMUM         39    200 PM  48    1994  30      9       16
  MINIMUM         34    440 AM  -7    1969  19     15        6
  AVERAGE         37                        24     13       11

PRECIPITATION (IN)
  YESTERDAY        0.12          0.60 1931   0.08   0.04      T
  MONTH TO DATE    0.75                      1.90  -1.15     0.93
  SINCE DEC 1      0.75                      1.90  -1.15     0.93
  SINCE JAN 1     32.23                     32.46  -0.23    36.08

DEGREE DAYS
 HEATING
  YESTERDAY       28                        41    -13       54
  MONTH TO DATE  816                       898    -82     1030
  SINCE DEC 1    816                       898    -82     1030
  SINCE JUL 1   2495                      2517    -22     2521
..................................................................


WIND (MPH)
  HIGHEST WIND SPEED    17   HIGHEST WIND DIRECTION     W (290)
  HIGHEST GUST SPEED    23   HIGHEST GUST DIRECTION     W (290)
  AVERAGE WIND SPEED     4.0




RELATIVE HUMIDITY (PERCENT)
 HIGHEST   100
 LOWEST     92
 AVERAGE    96

..........................................................


THE TRAVERSE CITY MI CLIMATE NORMALS FOR TODAY
                         NORMAL    RECORD    YEAR
 MAXIMUM TEMPERATURE (F)   30        58      1982
 MINIMUM TEMPERATURE (F)   19        -6      2004


SUNRISE AND SUNSET
DECEMBER 25 2014......SUNRISE   818 AM EST   SUNSET   507 PM EST
DECEMBER 26 2014......SUNRISE   818 AM EST   SUNSET   507 PM EST


-  INDICATES NEGATIVE NUMBERS.
R  INDICATES RECORD WAS SET OR TIED.
MM INDICATES DATA IS MISSING.
T  INDICATES TRACE AMOUNT.




$$
