000
CDUS43 KAPX 020526
CLITVC


CLIMATE REPORT
NATIONAL WEATHER SERVICE GAYLORD MI
126 AM EDT WED SEP 2 2015


...................................

...THE TRAVERSE CITY MI CLIMATE SUMMARY FOR SEPTEMBER 1 2015...

CLIMATE NORMAL PERIOD 1981 TO 2010
CLIMATE RECORD PERIOD 1896 TO 2015


WEATHER ITEM   OBSERVED TIME   RECORD YEAR NORMAL DEPARTURE LAST
                VALUE   (LST)  VALUE       VALUE  FROM      YEAR
                                                  NORMAL
..................................................................
TEMPERATURE (F)
 YESTERDAY
  MAXIMUM         90    333 PM  96    1953  75     15       80
  MINIMUM         63    635 AM  40    1991  54      9       65
  AVERAGE         77                        65     12       73

PRECIPITATION (IN)
  YESTERDAY        0.00          3.93 2000   0.12  -0.12     0.43
  MONTH TO DATE    0.00                      0.12  -0.12     0.43
  SINCE SEP 1      0.00                      0.12  -0.12     0.43
  SINCE JAN 1     11.65                     21.23  -9.58    17.23

DEGREE DAYS
 HEATING
  YESTERDAY        0                         3     -3        0
  MONTH TO DATE    0                         3     -3        0
  SINCE SEP 1      0                         3     -3        0
  SINCE JUL 1     47                        72    -25       79

 COOLING
  YESTERDAY       12                         3      9        8
  MONTH TO DATE   12                         3      9        8
  SINCE SEP 1     12                         3      9        8
  SINCE JAN 1    445                       372     73      340
..................................................................


WIND (MPH)
  HIGHEST WIND SPEED    10   HIGHEST WIND DIRECTION    SW (230)
  HIGHEST GUST SPEED    17   HIGHEST GUST DIRECTION    SW (210)
  AVERAGE WIND SPEED     4.0




RELATIVE HUMIDITY (PERCENT)
 HIGHEST    93
 LOWEST     50
 AVERAGE    72

..........................................................


THE TRAVERSE CITY MI CLIMATE NORMALS FOR TODAY
                         NORMAL    RECORD    YEAR
 MAXIMUM TEMPERATURE (F)   75        96      1953
 MINIMUM TEMPERATURE (F)   54        33      1976


SUNRISE AND SUNSET
SEPTEMBER  2 2015.....SUNRISE   705 AM EDT   SUNSET   818 PM EDT
SEPTEMBER  3 2015.....SUNRISE   707 AM EDT   SUNSET   816 PM EDT


-  INDICATES NEGATIVE NUMBERS.
R  INDICATES RECORD WAS SET OR TIED.
MM INDICATES DATA IS MISSING.
T  INDICATES TRACE AMOUNT.




$$
