000
CDUS43 KAPX 042125
CLITVC


CLIMATE REPORT
NATIONAL WEATHER SERVICE GAYLORD MI
525 PM EDT TUE AUG 4 2015


...................................

...THE TRAVERSE CITY MI CLIMATE SUMMARY FOR AUGUST 4 2015...
VALID TODAY AS OF 0500 PM LOCAL TIME.

CLIMATE NORMAL PERIOD 1981 TO 2010
CLIMATE RECORD PERIOD 1896 TO 2015


WEATHER ITEM   OBSERVED TIME   RECORD YEAR NORMAL DEPARTURE LAST
                VALUE   (LST)  VALUE       VALUE  FROM      YEAR
                                                  NORMAL
..................................................................
TEMPERATURE (F)
 TODAY
  MAXIMUM         74    136 PM  97    1988  79     -5       78
  MINIMUM         56    136 AM  40    1951  58     -2       63
  AVERAGE         65                        69     -4       71

PRECIPITATION (IN)
  TODAY            0.00          1.92 1981   0.11  -0.11      T
  MONTH TO DATE    0.74                      0.44   0.30      T
  SINCE JUN 1      3.83                      6.62  -2.79     4.77
  SINCE JAN 1     10.31                     18.17  -7.86    14.45

DEGREE DAYS
 HEATING
  TODAY            0                         1     -1        0
  MONTH TO DATE    0                         4     -4        0
  SINCE JUN 1    116                       144    -28      127
  SINCE JUL 1     28                        32     -4       55

 COOLING
  TODAY            0                         5     -5        6
  MONTH TO DATE   15                        20     -5       20
  SINCE JUN 1    236                       253    -17      218
  SINCE JAN 1    271                       273     -2      227
..................................................................


WIND (MPH)
  RESULTANT WIND SPEED   3   RESULTANT WIND DIRECTION  NW (330)
  HIGHEST WIND SPEED    15   HIGHEST WIND DIRECTION    NW (310)
  HIGHEST GUST SPEED    19   HIGHEST GUST DIRECTION    NW (310)
  AVERAGE WIND SPEED     5.1


SKY COVER
  POSSIBLE SUNSHINE  MM
  AVERAGE SKY COVER 0.8


WEATHER CONDITIONS
 THE FOLLOWING WEATHER WAS RECORDED TODAY.
  NO SIGNIFICANT WEATHER WAS OBSERVED.


RELATIVE HUMIDITY (PERCENT)
 HIGHEST    90           600 AM
 LOWEST     57           200 PM
 AVERAGE    74

..........................................................




SUNRISE AND SUNSET
AUGUST  4 2015........SUNRISE   631 AM EDT   SUNSET   905 PM EDT
AUGUST  5 2015........SUNRISE   633 AM EDT   SUNSET   903 PM EDT


-  INDICATES NEGATIVE NUMBERS.
R  INDICATES RECORD WAS SET OR TIED.
MM INDICATES DATA IS MISSING.
T  INDICATES TRACE AMOUNT.




$$
