000
CDUS43 KAPX 190527
CLITVC


CLIMATE REPORT
NATIONAL WEATHER SERVICE GAYLORD MI
127 AM EDT FRI SEP 19 2014


...................................

...THE TRAVERSE CITY MI CLIMATE SUMMARY FOR SEPTEMBER 18 2014...

CLIMATE NORMAL PERIOD 1981 TO 2010
CLIMATE RECORD PERIOD 1896 TO 2014


WEATHER ITEM   OBSERVED TIME   RECORD YEAR NORMAL DEPARTURE LAST
                VALUE   (LST)  VALUE       VALUE  FROM      YEAR
                                                  NORMAL
..................................................................
TEMPERATURE (F)
 YESTERDAY
  MAXIMUM         60    501 PM  90    1955  69     -9       75
  MINIMUM         47    948 PM  32    1990  49     -2       49
  AVERAGE         54                        59     -5       62

PRECIPITATION (IN)
  YESTERDAY        0.00          2.49 1978   0.11  -0.11     0.01
  MONTH TO DATE    4.19                      2.12   2.07     0.99
  SINCE SEP 1      4.19                      2.12   2.07     0.99
  SINCE JAN 1     20.99                     23.23  -2.24    21.56

DEGREE DAYS
 HEATING
  YESTERDAY       11                         7      4        3
  MONTH TO DATE  100                        83     17       85
  SINCE SEP 1    100                        83     17       85
  SINCE JUL 1    179                       152     27      135

 COOLING
  YESTERDAY        0                         1     -1        0
  MONTH TO DATE   38                        30      8       44
  SINCE SEP 1     38                        30      8       44
  SINCE JAN 1    370                       399    -29      521
..................................................................


WIND (MPH)
  HIGHEST WIND SPEED    10   HIGHEST WIND DIRECTION     N (10)
  HIGHEST GUST SPEED    14   HIGHEST GUST DIRECTION     N (20)
  AVERAGE WIND SPEED     5.8




RELATIVE HUMIDITY (PERCENT)
 HIGHEST    86
 LOWEST     53
 AVERAGE    70

..........................................................


THE TRAVERSE CITY MI CLIMATE NORMALS FOR TODAY
                         NORMAL    RECORD    YEAR
 MAXIMUM TEMPERATURE (F)   69        88      1965
 MINIMUM TEMPERATURE (F)   49        35      1896


SUNRISE AND SUNSET
SEPTEMBER 19 2014.....SUNRISE   726 AM EDT   SUNSET   745 PM EDT
SEPTEMBER 20 2014.....SUNRISE   727 AM EDT   SUNSET   744 PM EDT


-  INDICATES NEGATIVE NUMBERS.
R  INDICATES RECORD WAS SET OR TIED.
MM INDICATES DATA IS MISSING.
T  INDICATES TRACE AMOUNT.




$$
