520
CDUS43 KAPX 170536
CLITVC


CLIMATE REPORT
NATIONAL WEATHER SERVICE GAYLORD MI
1236 AM EST TUE JAN 17 2017


...................................

...THE TRAVERSE CITY MI CLIMATE SUMMARY FOR JANUARY 16 2017...

CLIMATE NORMAL PERIOD 1981 TO 2010
CLIMATE RECORD PERIOD 1896 TO 2017


WEATHER ITEM   OBSERVED TIME   RECORD YEAR NORMAL DEPARTURE LAST
                VALUE   (LST)  VALUE       VALUE  FROM      YEAR
                                                  NORMAL
..................................................................
TEMPERATURE (F)
 YESTERDAY
  MAXIMUM         38    438 PM  53    1949  28     10       28
  MINIMUM         15    649 AM -15    1965  15      0       14
  AVERAGE         27                        21      6       21

PRECIPITATION (IN)
  YESTERDAY        0.01          1.40 1975   0.10  -0.09      T
  MONTH TO DATE    0.85                      1.56  -0.71     0.73
  SINCE DEC 1      2.08                      4.05  -1.97     3.72
  SINCE JAN 1      0.85                      1.56  -0.71     0.73

DEGREE DAYS
 HEATING
  YESTERDAY       38                        44     -6       44
  MONTH TO DATE  680                       689     -9      639
  SINCE DEC 1   1800                      1878    -78     1460
  SINCE JUL 1   2759                      3497   -738     2640
..................................................................


WIND (MPH)
  HIGHEST WIND SPEED     9   HIGHEST WIND DIRECTION    SW (220)
  HIGHEST GUST SPEED    12   HIGHEST GUST DIRECTION    SW (220)
  AVERAGE WIND SPEED     1.4




RELATIVE HUMIDITY (PERCENT)
 HIGHEST   100
 LOWEST     56
 AVERAGE    78

..........................................................


THE TRAVERSE CITY MI CLIMATE NORMALS FOR TODAY
                         NORMAL    RECORD    YEAR
 MAXIMUM TEMPERATURE (F)   28        49      1914
 MINIMUM TEMPERATURE (F)   15       -11      1982


SUNRISE AND SUNSET
JANUARY 17 2017.......SUNRISE   815 AM EST   SUNSET   531 PM EST
JANUARY 18 2017.......SUNRISE   814 AM EST   SUNSET   532 PM EST


-  INDICATES NEGATIVE NUMBERS.
R  INDICATES RECORD WAS SET OR TIED.
MM INDICATES DATA IS MISSING.
T  INDICATES TRACE AMOUNT.




$$
