000
CDUS43 KAPX 210534
CLITVC


CLIMATE REPORT
NATIONAL WEATHER SERVICE GAYLORD MI
1232 AM EST SUN JAN 21 2018


...................................

...THE TRAVERSE CITY MI CLIMATE SUMMARY FOR JANUARY 20 2018...

CLIMATE NORMAL PERIOD 1981 TO 2010
CLIMATE RECORD PERIOD 1896 TO 2018


WEATHER ITEM   OBSERVED TIME   RECORD YEAR NORMAL DEPARTURE LAST
                VALUE   (LST)  VALUE       VALUE  FROM      YEAR
                                                  NORMAL
..................................................................
TEMPERATURE (F)
 YESTERDAY
  MAXIMUM         43    441 PM  55    1901  27     16       38
  MINIMUM         32   1159 PM -12    1984  15     17       32
  AVERAGE         38                        21     17       35

PRECIPITATION (IN)
  YESTERDAY        0.00          0.98 1974   0.08  -0.08      T
  MONTH TO DATE    0.45                      1.93  -1.48     1.03
  SINCE DEC 1      1.77                      4.42  -2.65     2.26
  SINCE JAN 1      0.45                      1.93  -1.48     1.03

DEGREE DAYS
 HEATING
  YESTERDAY       27                        44    -17       30
  MONTH TO DATE  882                       865     17      798
  SINCE DEC 1   2154                      2054    100     1918
  SINCE JUL 1   3448                      3673   -225     2877
..................................................................


WIND (MPH)
  HIGHEST WIND SPEED    20   HIGHEST WIND DIRECTION     W (260)
  HIGHEST GUST SPEED    33   HIGHEST GUST DIRECTION     W (260)
  AVERAGE WIND SPEED     4.5




RELATIVE HUMIDITY (PERCENT)
 HIGHEST    89
 LOWEST     60
 AVERAGE    75

..........................................................


THE TRAVERSE CITY MI CLIMATE NORMALS FOR TODAY
                         NORMAL    RECORD    YEAR
 MAXIMUM TEMPERATURE (F)   27        50      1906
 MINIMUM TEMPERATURE (F)   15       -20      1984


SUNRISE AND SUNSET
JANUARY 21 2018.......SUNRISE   812 AM EST   SUNSET   536 PM EST
JANUARY 22 2018.......SUNRISE   811 AM EST   SUNSET   537 PM EST


-  INDICATES NEGATIVE NUMBERS.
R  INDICATES RECORD WAS SET OR TIED.
MM INDICATES DATA IS MISSING.
T  INDICATES TRACE AMOUNT.




$$
