000
CDUS43 KAPX 190531
CLITVC


CLIMATE REPORT
NATIONAL WEATHER SERVICE GAYLORD MI
131 AM EDT SAT AUG 19 2017


...................................

...THE TRAVERSE CITY MI CLIMATE SUMMARY FOR AUGUST 18 2017...

CLIMATE NORMAL PERIOD 1981 TO 2010
CLIMATE RECORD PERIOD 1896 TO 2017


WEATHER ITEM   OBSERVED TIME   RECORD YEAR NORMAL DEPARTURE LAST
                VALUE   (LST)  VALUE       VALUE  FROM      YEAR
                                                  NORMAL
..................................................................
TEMPERATURE (F)
 YESTERDAY
  MAXIMUM         69   1226 AM 100    1955  78     -9       90
  MINIMUM         60   1051 PM  40    1962  57      3       65
  AVERAGE         65                        67     -2       78

PRECIPITATION (IN)
  YESTERDAY        0.03          1.31 1990   0.11  -0.08     0.00
  MONTH TO DATE    4.50                      1.96   2.54     1.62
  SINCE JUN 1     10.12                      8.14   1.98     5.83
  SINCE JAN 1     20.09                     19.69   0.40    15.69

DEGREE DAYS
 HEATING
  YESTERDAY        0                         1     -1        0
  MONTH TO DATE    2                        18    -16        0
  SINCE JUN 1     52                       158   -106       73
  SINCE JUL 1      5                        46    -41        9

 COOLING
  YESTERDAY        0                         4     -4       13
  MONTH TO DATE   65                        78    -13      190
  SINCE JUN 1    328                       311     17      532
  SINCE JAN 1    349                       331     18      582
..................................................................


WIND (MPH)
  HIGHEST WIND SPEED    17   HIGHEST WIND DIRECTION     W (260)
  HIGHEST GUST SPEED    24   HIGHEST GUST DIRECTION     W (260)
  AVERAGE WIND SPEED     7.9




RELATIVE HUMIDITY (PERCENT)
 HIGHEST    93
 LOWEST     73
 AVERAGE    83

..........................................................


THE TRAVERSE CITY MI CLIMATE NORMALS FOR TODAY
                         NORMAL    RECORD    YEAR
 MAXIMUM TEMPERATURE (F)   78        99      1955
 MINIMUM TEMPERATURE (F)   57        41      1998


SUNRISE AND SUNSET
AUGUST 19 2017........SUNRISE   650 AM EDT   SUNSET   841 PM EDT
AUGUST 20 2017........SUNRISE   651 AM EDT   SUNSET   840 PM EDT


-  INDICATES NEGATIVE NUMBERS.
R  INDICATES RECORD WAS SET OR TIED.
MM INDICATES DATA IS MISSING.
T  INDICATES TRACE AMOUNT.




$$
