000
CDUS44 KJAN 292108
CLITVR


CLIMATE REPORT
NATIONAL WEATHER SERVICE JACKSON MS
407 PM CDT WED JUL 29 2015


...................................

...THE VICKSBURG CLIMATE SUMMARY FOR JULY 29 2015...
VALID TODAY AS OF 0400 PM LOCAL TIME.

CLIMATE NORMAL PERIOD 1981 TO 2010
CLIMATE RECORD PERIOD 1948 TO 2015


WEATHER ITEM   OBSERVED TIME   RECORD YEAR NORMAL DEPARTURE LAST
                VALUE   (LST)  VALUE       VALUE  FROM      YEAR
                                                  NORMAL
..................................................................
TEMPERATURE (F)
 TODAY
  MAXIMUM         99    259 PM 100    2008  93      6       90
                                      1986
  MINIMUM         74    532 AM  61    2014  71      3       61
  AVERAGE         87                        82      5       76

PRECIPITATION (IN)
  TODAY            0.00          2.88 2009   0.11  -0.11     0.00
  MONTH TO DATE    1.72                      3.41  -1.69     2.90
  SINCE JUN 1      6.97                      7.40  -0.43     9.45
  SINCE JAN 1     37.24                     32.70   4.54    37.78

SNOWFALL (IN)
  TODAY            0.0

DEGREE DAYS
 HEATING
  TODAY            0                         0      0        0
  MONTH TO DATE    0                         0      0        0
  SINCE JUN 1      0                         0      0        0
  SINCE JUL 1      0                         0      0        0

 COOLING
  TODAY           22                        17      5       11
  MONTH TO DATE  551                       479     72      389
  SINCE JUN 1   1035                       897    138      813
  SINCE JAN 1   1481                      1267    214     1163
..................................................................


WIND (MPH)
  HIGHEST WIND SPEED    10   HIGHEST WIND DIRECTION    NE (40)
  HIGHEST GUST SPEED    16   HIGHEST GUST DIRECTION     N (20)
  AVERAGE WIND SPEED     3.4


SKY COVER
  POSSIBLE SUNSHINE  MM
  AVERAGE SKY COVER 0.1


WEATHER CONDITIONS
 THE FOLLOWING WEATHER WAS RECORDED TODAY.
  FOG


RELATIVE HUMIDITY (PERCENT)
 HIGHEST    94          1200 AM
 LOWEST     42           200 PM
 AVERAGE    68

..........................................................


THE VICKSBURG CLIMATE NORMALS FOR TOMORROW
                         NORMAL    RECORD    YEAR
 MAXIMUM TEMPERATURE (F)   93       102      1986
 MINIMUM TEMPERATURE (F)   71        59      2014


SUNRISE AND SUNSET
JULY 29 2015..........SUNRISE   617 AM CDT   SUNSET   804 PM CDT
JULY 30 2015..........SUNRISE   617 AM CDT   SUNSET   803 PM CDT


-  INDICATES NEGATIVE NUMBERS.
R  INDICATES RECORD WAS SET OR TIED.
MM INDICATES DATA IS MISSING.
T  INDICATES TRACE AMOUNT.




$$
