000
CDUS44 KJAN 062111
CLITVR


CLIMATE REPORT
NATIONAL WEATHER SERVICE JACKSON MS
407 PM CDT MON JUL 6 2015


...................................

...THE VICKSBURG CLIMATE SUMMARY FOR JULY 6 2015...
VALID TODAY AS OF 0400 PM LOCAL TIME.

CLIMATE NORMAL PERIOD 1981 TO 2010
CLIMATE RECORD PERIOD 1948 TO 2015


WEATHER ITEM   OBSERVED TIME   RECORD YEAR NORMAL DEPARTURE LAST
                VALUE   (LST)  VALUE       VALUE  FROM      YEAR
                                                  NORMAL
..................................................................
TEMPERATURE (F)
 TODAY
  MAXIMUM         89    259 PM  99    1954  92     -3       90
                                      1953
  MINIMUM         68    504 AM  56    1970  71     -3       60
  AVERAGE         79                        81     -2       75

PRECIPITATION (IN)
  TODAY            0.00          3.70 1995   0.12  -0.12     0.00
  MONTH TO DATE    0.76                      0.74   0.02     0.15
  SINCE JUN 1      6.01                      4.73   1.28     6.70
  SINCE JAN 1     36.28                     30.03   6.25    35.03

SNOWFALL (IN)
  TODAY            0.0

DEGREE DAYS
 HEATING
  TODAY            0                         0      0        0
  MONTH TO DATE    0                         0      0        0
  SINCE JUN 1      0                         0      0        0
  SINCE JUL 1      0                         0      0        0

 COOLING
  TODAY           14                        16     -2       10
  MONTH TO DATE   90                        96     -6       72
  SINCE JUN 1    574                       514     60      496
  SINCE JAN 1   1020                       884    136      846
..................................................................


WIND (MPH)
  HIGHEST WIND SPEED    13   HIGHEST WIND DIRECTION     S (180)
  HIGHEST GUST SPEED    18   HIGHEST GUST DIRECTION     S (160)
  AVERAGE WIND SPEED     3.8


SKY COVER
  POSSIBLE SUNSHINE  MM
  AVERAGE SKY COVER 0.4


WEATHER CONDITIONS
 THE FOLLOWING WEATHER WAS RECORDED TODAY.
  NO SIGNIFICANT WEATHER WAS OBSERVED.


RELATIVE HUMIDITY (PERCENT)
 HIGHEST    93          1200 AM
 LOWEST     64           100 PM
 AVERAGE    79

..........................................................


THE VICKSBURG CLIMATE NORMALS FOR TOMORROW
                         NORMAL    RECORD    YEAR
 MAXIMUM TEMPERATURE (F)   92        99      1980
 MINIMUM TEMPERATURE (F)   71        57      1972


SUNRISE AND SUNSET
JULY  6 2015..........SUNRISE   603 AM CDT   SUNSET   815 PM CDT
JULY  7 2015..........SUNRISE   603 AM CDT   SUNSET   814 PM CDT


-  INDICATES NEGATIVE NUMBERS.
R  INDICATES RECORD WAS SET OR TIED.
MM INDICATES DATA IS MISSING.
T  INDICATES TRACE AMOUNT.




$$
