000
CDUS44 KJAN 200917
CLITVR


CLIMATE REPORT
NATIONAL WEATHER SERVICE JACKSON MS
410 AM CDT SAT SEP 20 2014


...................................

...THE VICKSBURG CLIMATE SUMMARY FOR SEPTEMBER 19 2014...

CLIMATE NORMAL PERIOD 1981 TO 2010
CLIMATE RECORD PERIOD 1948 TO 2014


WEATHER ITEM   OBSERVED TIME   RECORD YEAR NORMAL DEPARTURE LAST
                VALUE   (LST)  VALUE       VALUE  FROM      YEAR
                                                  NORMAL
..................................................................
TEMPERATURE (F)
 YESTERDAY
  MAXIMUM         90    424 PM  97    2005  86      4       95
  MINIMUM         65    526 AM  45    1981  63      2       68
  AVERAGE         78                        74      4       82

PRECIPITATION (IN)
  YESTERDAY        0.00          1.41 1987   0.06  -0.06     0.60
  MONTH TO DATE    0.98                      2.03  -1.05     1.38
  SINCE SEP 1      0.98                      2.03  -1.05     1.38
  SINCE JAN 1     45.22                     38.60   6.62    49.53

SNOWFALL (IN)
  YESTERDAY        0.0

DEGREE DAYS
 HEATING
  YESTERDAY        0                         0      0        0
  MONTH TO DATE    0                         0      0        0
  SINCE SEP 1      0                         0      0        0
  SINCE JUL 1      0                         0      0        0

 COOLING
  YESTERDAY       13                         9      4       17
  MONTH TO DATE  283                       221     62      305
  SINCE SEP 1    283                       221     62      305
  SINCE JAN 1   1941                      2010    -69     2012
..................................................................


WIND (MPH)
  HIGHEST WIND SPEED    12   HIGHEST WIND DIRECTION    SE (140)
  HIGHEST GUST SPEED    14   HIGHEST GUST DIRECTION    SE (140)
  AVERAGE WIND SPEED     3.0


SKY COVER
  POSSIBLE SUNSHINE  MM
  AVERAGE SKY COVER 0.0


WEATHER CONDITIONS
 THE FOLLOWING WEATHER WAS RECORDED YESTERDAY.
  NO SIGNIFICANT WEATHER WAS OBSERVED.


RELATIVE HUMIDITY (PERCENT)
 HIGHEST   100           300 AM
 LOWEST     44           400 PM
 AVERAGE    72

..........................................................


THE VICKSBURG CLIMATE NORMALS FOR TODAY
                         NORMAL    RECORD    YEAR
 MAXIMUM TEMPERATURE (F)   86        99      2005
 MINIMUM TEMPERATURE (F)   62        45      2012
                                             1981


SUNRISE AND SUNSET
SEPTEMBER 20 2014.....SUNRISE   651 AM CDT   SUNSET   703 PM CDT
SEPTEMBER 21 2014.....SUNRISE   652 AM CDT   SUNSET   702 PM CDT


-  INDICATES NEGATIVE NUMBERS.
R  INDICATES RECORD WAS SET OR TIED.
MM INDICATES DATA IS MISSING.
T  INDICATES TRACE AMOUNT.




$$
