000
CDUS44 KJAN 032124
CLITVR


CLIMATE REPORT
NATIONAL WEATHER SERVICE JACKSON MS
421 PM CDT THU SEP 3 2015


...................................

...THE VICKSBURG CLIMATE SUMMARY FOR SEPTEMBER 3 2015...
VALID TODAY AS OF 0400 PM LOCAL TIME.

CLIMATE NORMAL PERIOD 1981 TO 2010
CLIMATE RECORD PERIOD 1948 TO 2015


WEATHER ITEM   OBSERVED TIME   RECORD YEAR NORMAL DEPARTURE LAST
                VALUE   (LST)  VALUE       VALUE  FROM      YEAR
                                                  NORMAL
..................................................................
TEMPERATURE (F)
 TODAY
  MAXIMUM         96    235 PM 102    2000  90      6       90
  MINIMUM         66    550 AM  51    1952  67     -1       70
  AVERAGE         81                        78      3       80

PRECIPITATION (IN)
  TODAY            0.00          5.31 2008   0.14  -0.14     0.00
  MONTH TO DATE    T                         0.41  -0.41     0.95
  SINCE SEP 1      T                         0.41  -0.41     0.95
  SINCE JAN 1     40.45                     36.98   3.47    45.19

SNOWFALL (IN)
  TODAY            0.0

DEGREE DAYS
 HEATING
  TODAY            0                         0      0        0
  MONTH TO DATE    0                         0      0        0
  SINCE SEP 1      0                         0      0        0
  SINCE JUL 1      0                         0      0        0

 COOLING
  TODAY           16                        13      3       15
  MONTH TO DATE   47                        41      6       50
  SINCE SEP 1     47                        41      6       50
  SINCE JAN 1   2101                      1830    271     1708
..................................................................


WIND (MPH)
  HIGHEST WIND SPEED    10   HIGHEST WIND DIRECTION    NE (60)
  HIGHEST GUST SPEED    13   HIGHEST GUST DIRECTION     E (70)
  AVERAGE WIND SPEED     1.5


SKY COVER
  POSSIBLE SUNSHINE  MM
  AVERAGE SKY COVER 0.2


WEATHER CONDITIONS
 THE FOLLOWING WEATHER WAS RECORDED TODAY.
  FOG
  FOG W/VISIBILITY <= 1/4 MILE
  HAZE


RELATIVE HUMIDITY (PERCENT)
 HIGHEST   100           500 AM
 LOWEST     34           300 PM
 AVERAGE    67

..........................................................


THE VICKSBURG CLIMATE NORMALS FOR TOMORROW
                         NORMAL    RECORD    YEAR
 MAXIMUM TEMPERATURE (F)   90       102      2000
 MINIMUM TEMPERATURE (F)   67        48      1952


SUNRISE AND SUNSET
SEPTEMBER  3 2015.....SUNRISE   640 AM CDT   SUNSET   726 PM CDT
SEPTEMBER  4 2015.....SUNRISE   641 AM CDT   SUNSET   725 PM CDT


-  INDICATES NEGATIVE NUMBERS.
R  INDICATES RECORD WAS SET OR TIED.
MM INDICATES DATA IS MISSING.
T  INDICATES TRACE AMOUNT.




$$
