000
CDUS44 KJAN 250639
CLITVR


CLIMATE REPORT
NATIONAL WEATHER SERVICE JACKSON MS
138 AM CDT THU AUG 25 2016


...................................

...THE VICKSBURG CLIMATE SUMMARY FOR AUGUST 24 2016...

CLIMATE NORMAL PERIOD 1981 TO 2010
CLIMATE RECORD PERIOD 1948 TO 2016


WEATHER ITEM   OBSERVED TIME   RECORD YEAR NORMAL DEPARTURE LAST
                VALUE   (LST)  VALUE       VALUE  FROM      YEAR
                                                  NORMAL
..................................................................
TEMPERATURE (F)
 YESTERDAY
  MAXIMUM         97    143 PM  98    2014  92      5       91
                                      2011
                                      1983
  MINIMUM         75    559 AM  55    2009  69      6       74
                                      1957
                                      1956
  AVERAGE         86                        80      6       83

PRECIPITATION (IN)
  YESTERDAY        0.04          1.71 2008   0.14  -0.10      T
  MONTH TO DATE    5.57                      2.69   2.88     3.21
  SINCE JUN 1     14.78                     10.31   4.47    10.18
  SINCE JAN 1     50.25                     35.61  14.64    40.45

SNOWFALL (IN)
  YESTERDAY        0.0

DEGREE DAYS
 HEATING
  YESTERDAY        0                         0      0        0
  MONTH TO DATE    0                         0      0        0
  SINCE JUN 1      0                         0      0        0
  SINCE JUL 1      0                         0      0        0

 COOLING
  YESTERDAY       21                        15      6       18
  MONTH TO DATE  468                       391     77      454
  SINCE JUN 1   1591                      1319    272     1531
  SINCE JAN 1   2106                      1689    417     1977
..................................................................


WIND (MPH)
  HIGHEST WIND SPEED    20   HIGHEST WIND DIRECTION    SE (140)
  HIGHEST GUST SPEED    26   HIGHEST GUST DIRECTION    SE (140)
  AVERAGE WIND SPEED     2.2


SKY COVER
  POSSIBLE SUNSHINE  MM
  AVERAGE SKY COVER 0.0


WEATHER CONDITIONS
 THE FOLLOWING WEATHER WAS RECORDED YESTERDAY.
  THUNDERSTORM
  LIGHT RAIN
  FOG


RELATIVE HUMIDITY (PERCENT)
 HIGHEST    94           200 AM
 LOWEST     51           200 PM
 AVERAGE    73

..........................................................


THE VICKSBURG CLIMATE NORMALS FOR TODAY
                         NORMAL    RECORD    YEAR
 MAXIMUM TEMPERATURE (F)   91       101      1954
 MINIMUM TEMPERATURE (F)   69        57      2009


SUNRISE AND SUNSET
AUGUST 25 2016........SUNRISE   635 AM CDT   SUNSET   736 PM CDT
AUGUST 26 2016........SUNRISE   636 AM CDT   SUNSET   735 PM CDT


-  INDICATES NEGATIVE NUMBERS.
R  INDICATES RECORD WAS SET OR TIED.
MM INDICATES DATA IS MISSING.
T  INDICATES TRACE AMOUNT.




$$
