000
CDUS44 KJAN 262213
CLITVR


CLIMATE REPORT
NATIONAL WEATHER SERVICE JACKSON MS
502 PM CDT WED APR 26 2017


...................................

...THE VICKSBURG CLIMATE SUMMARY FOR APRIL 26 2017...
VALID AS OF 0500 PM LOCAL TIME.

CLIMATE NORMAL PERIOD 1981 TO 2010
CLIMATE RECORD PERIOD 1948 TO 2017


WEATHER ITEM   OBSERVED TIME   RECORD YEAR NORMAL DEPARTURE LAST
                VALUE   (LST)  VALUE       VALUE  FROM      YEAR
                                                  NORMAL
..................................................................
TEMPERATURE (F)
 TODAY
  MAXIMUM         85    211 PM  89    2014  79      6       86
  MINIMUM         62    333 AM  42    1992  56      6       67
  AVERAGE         74                        67      7       77

PRECIPITATION (IN)
  TODAY            0.00          2.70 1980   0.16  -0.16     0.00
  MONTH TO DATE    8.04                      4.34   3.70     9.76
  SINCE MAR 1     10.90                      9.37   1.53    21.95
  SINCE JAN 1     17.66                     19.71  -2.05    31.95

SNOWFALL (IN)
  TODAY            0.0

DEGREE DAYS
 HEATING
  TODAY            0                         2     -2        0
  MONTH TO DATE   24                        95    -71       21
  SINCE MAR 1    198                       360   -162      129
  SINCE JUL 1   1474                      2336   -862     1507

 COOLING
  TODAY            9                         4      5       12
  MONTH TO DATE  121                        69     52       95
  SINCE MAR 1    207                        92    115      170
  SINCE JAN 1    258                       101    157      182
..................................................................


WIND (MPH)
  HIGHEST WIND SPEED    24   HIGHEST WIND DIRECTION     S (170)
  HIGHEST GUST SPEED    31   HIGHEST GUST DIRECTION     S (180)
  AVERAGE WIND SPEED    12.9


SKY COVER
  POSSIBLE SUNSHINE  MM
  AVERAGE SKY COVER 0.7


WEATHER CONDITIONS
 THE FOLLOWING WEATHER WAS RECORDED TODAY.
  NO SIGNIFICANT WEATHER WAS OBSERVED.


RELATIVE HUMIDITY (PERCENT)
 HIGHEST    93           200 AM
 LOWEST     51           200 PM
 AVERAGE    72

..........................................................


THE VICKSBURG CLIMATE NORMALS FOR TOMORROW
                         NORMAL    RECORD    YEAR
 MAXIMUM TEMPERATURE (F)   79        90      2014
 MINIMUM TEMPERATURE (F)   56        42      1992


SUNRISE AND SUNSET
APRIL 26 2017.........SUNRISE   622 AM CDT   SUNSET   742 PM CDT
APRIL 27 2017.........SUNRISE   621 AM CDT   SUNSET   743 PM CDT


-  INDICATES NEGATIVE NUMBERS.
R  INDICATES RECORD WAS SET OR TIED.
MM INDICATES DATA IS MISSING.
T  INDICATES TRACE AMOUNT.




$$
