963
CDUS44 KJAN 190711
CLITVR


CLIMATE REPORT
NATIONAL WEATHER SERVICE JACKSON MS
110 AM CST MON FEB 19 2018


...................................

...THE VICKSBURG CLIMATE SUMMARY FOR FEBRUARY 18 2018...

CLIMATE NORMAL PERIOD 1981 TO 2010
CLIMATE RECORD PERIOD 1948 TO 2018


WEATHER ITEM   OBSERVED TIME   RECORD YEAR NORMAL DEPARTURE LAST
                VALUE   (LST)  VALUE       VALUE  FROM      YEAR
                                                  NORMAL
..................................................................
TEMPERATURE (F)
 YESTERDAY
  MAXIMUM         66    505 PM  84    2009  61      5       69
  MINIMUM         49    650 AM  20    1980  40      9       48
                                      1958
  AVERAGE         58                        51      7       59

PRECIPITATION (IN)
  YESTERDAY        T             1.47 2012   0.20  -0.20     0.00
  MONTH TO DATE    6.22                      3.43   2.79     0.29
  SINCE DEC 1     11.40                     14.11  -2.71    10.79
  SINCE JAN 1      8.99                      8.50   0.49     4.52

SNOWFALL (IN)
  YESTERDAY        0.0

DEGREE DAYS
 HEATING
  YESTERDAY        7                        15     -8        6
  MONTH TO DATE  224                       299    -75      157
  SINCE DEC 1   1514                      1441     73      956
  SINCE JUL 1   1871                      1843     28     1233

 COOLING
  YESTERDAY        0                         0      0        0
  MONTH TO DATE    7                         0      7       26
  SINCE DEC 1     13                         9      4       68
  SINCE JAN 1      7                         3      4       40
..................................................................


WIND (MPH)
  HIGHEST WIND SPEED    13   HIGHEST WIND DIRECTION    SE (120)
  HIGHEST GUST SPEED    17   HIGHEST GUST DIRECTION    NE (30)
  AVERAGE WIND SPEED     7.0


SKY COVER
  POSSIBLE SUNSHINE  MM
  AVERAGE SKY COVER 0.8


WEATHER CONDITIONS
 THE FOLLOWING WEATHER WAS RECORDED YESTERDAY.
  FOG


RELATIVE HUMIDITY (PERCENT)
 HIGHEST   100           100 AM
 LOWEST     87           400 PM
 AVERAGE    94

..........................................................


THE VICKSBURG CLIMATE NORMALS FOR TODAY
                         NORMAL    RECORD    YEAR
 MAXIMUM TEMPERATURE (F)   61        84      2017
 MINIMUM TEMPERATURE (F)   40        19      1978


SUNRISE AND SUNSET
FEBRUARY 19 2018......SUNRISE   643 AM CST   SUNSET   554 PM CST
FEBRUARY 20 2018......SUNRISE   642 AM CST   SUNSET   554 PM CST


-  INDICATES NEGATIVE NUMBERS.
R  INDICATES RECORD WAS SET OR TIED.
MM INDICATES DATA IS MISSING.
T  INDICATES TRACE AMOUNT.




$$
