536
CDUS44 KJAN 110628
CLITVR


CLIMATE REPORT
NATIONAL WEATHER SERVICE JACKSON MS
1226 AM CST MON DEC 11 2017


...................................

...THE VICKSBURG CLIMATE SUMMARY FOR DECEMBER 10 2017...

CLIMATE NORMAL PERIOD 1981 TO 2010
CLIMATE RECORD PERIOD 1948 TO 2017


WEATHER ITEM   OBSERVED TIME   RECORD YEAR NORMAL DEPARTURE LAST
                VALUE   (LST)  VALUE       VALUE  FROM      YEAR
                                                  NORMAL
..................................................................
TEMPERATURE (F)
 YESTERDAY
  MAXIMUM         59    304 PM  80    2007  60     -1       53
  MINIMUM         22    548 AM  18    1955  38    -16       25
  AVERAGE         41                        49     -8       39

PRECIPITATION (IN)
  YESTERDAY        0.00          2.65 2012   0.20  -0.20     0.00
  MONTH TO DATE    0.71                      2.00  -1.29     3.43
  SINCE DEC 1      0.71                      2.00  -1.29     3.43
  SINCE JAN 1     54.33                     51.13   3.20    58.25

SNOWFALL (IN)
  YESTERDAY        0.0

DEGREE DAYS
 HEATING
  YESTERDAY       24                        16      8       26
  MONTH TO DATE  161                       154      7      189
  SINCE DEC 1    161                       154      7      189
  SINCE JUL 1    518                       556    -38      466

 COOLING
  YESTERDAY        0                         0      0        0
  MONTH TO DATE    0                         0      0        0
  SINCE DEC 1      0                         0      0        0
  SINCE JAN 1   2498                      2225    273     2919
..................................................................


WIND (MPH)
  HIGHEST WIND SPEED    10   HIGHEST WIND DIRECTION     W (280)
  HIGHEST GUST SPEED    17   HIGHEST GUST DIRECTION     W (280)
  AVERAGE WIND SPEED     2.3


SKY COVER
  POSSIBLE SUNSHINE  MM
  AVERAGE SKY COVER 0.0


WEATHER CONDITIONS
 THE FOLLOWING WEATHER WAS RECORDED YESTERDAY.
  FOG


RELATIVE HUMIDITY (PERCENT)
 HIGHEST   100          1200 AM
 LOWEST     25           200 PM
 AVERAGE    63

..........................................................


THE VICKSBURG CLIMATE NORMALS FOR TODAY
                         NORMAL    RECORD    YEAR
 MAXIMUM TEMPERATURE (F)   59        82      2015
                                             1949
 MINIMUM TEMPERATURE (F)   38        21      1995
                                             1950


SUNRISE AND SUNSET
DECEMBER 11 2017......SUNRISE   656 AM CST   SUNSET   500 PM CST
DECEMBER 12 2017......SUNRISE   656 AM CST   SUNSET   500 PM CST


-  INDICATES NEGATIVE NUMBERS.
R  INDICATES RECORD WAS SET OR TIED.
MM INDICATES DATA IS MISSING.
T  INDICATES TRACE AMOUNT.




$$
