000
CDUS44 KJAN 040919
CLITVR


CLIMATE REPORT
NATIONAL WEATHER SERVICE JACKSON MS
316 AM CST WED MAR 4 2015


...................................

...THE VICKSBURG CLIMATE SUMMARY FOR MARCH 3 2015...

CLIMATE NORMAL PERIOD 1981 TO 2010
CLIMATE RECORD PERIOD 1948 TO 2015


WEATHER ITEM   OBSERVED TIME   RECORD YEAR NORMAL DEPARTURE LAST
                VALUE   (LST)  VALUE       VALUE  FROM      YEAR
                                                  NORMAL
..................................................................
TEMPERATURE (F)
 YESTERDAY
  MAXIMUM         78    352 PM  83    1953  65     13       38
  MINIMUM         44    221 AM  11    1980  43      1       25
  AVERAGE         61                        54      7       32

PRECIPITATION (IN)
  YESTERDAY        T             2.87 1979   0.18  -0.18     0.16
  MONTH TO DATE    0.39                      0.56  -0.17     0.40
  SINCE MAR 1      0.39                      0.56  -0.17     0.40
  SINCE JAN 1     11.64                     10.90   0.74     5.82

SNOWFALL (IN)
  YESTERDAY        0.0

DEGREE DAYS
 HEATING
  YESTERDAY        4                        11     -7       33
  MONTH TO DATE   39                        35      4       39
  SINCE MAR 1     39                        35      4       39
  SINCE JUL 1   2297                      2011    286     2448

 COOLING
  YESTERDAY        0                         0      0        0
  MONTH TO DATE    0                         0      0        2
  SINCE MAR 1      0                         0      0        2
  SINCE JAN 1      0                         9     -9        9
..................................................................


WIND (MPH)
  HIGHEST WIND SPEED    14   HIGHEST WIND DIRECTION     S (180)
  HIGHEST GUST SPEED    19   HIGHEST GUST DIRECTION    SW (230)
  AVERAGE WIND SPEED     5.0


SKY COVER
  POSSIBLE SUNSHINE  MM
  AVERAGE SKY COVER 0.9


WEATHER CONDITIONS
 THE FOLLOWING WEATHER WAS RECORDED YESTERDAY.
  LIGHT RAIN
  FOG
  FOG W/VISIBILITY <= 1/4 MILE


RELATIVE HUMIDITY (PERCENT)
 HIGHEST   100           200 AM
 LOWEST     69           400 PM
 AVERAGE    85

..........................................................


THE VICKSBURG CLIMATE NORMALS FOR TODAY
                         NORMAL    RECORD    YEAR
 MAXIMUM TEMPERATURE (F)   65        83      1976
 MINIMUM TEMPERATURE (F)   43        18      1980


SUNRISE AND SUNSET
MARCH  4 2015.........SUNRISE   628 AM CST   SUNSET   604 PM CST
MARCH  5 2015.........SUNRISE   627 AM CST   SUNSET   605 PM CST


-  INDICATES NEGATIVE NUMBERS.
R  INDICATES RECORD WAS SET OR TIED.
MM INDICATES DATA IS MISSING.
T  INDICATES TRACE AMOUNT.




$$
