941
CDUS44 KJAN 052209
CLITVR


CLIMATE REPORT
NATIONAL WEATHER SERVICE JACKSON MS
408 PM CST FRI FEB 5 2016


...................................

...THE VICKSBURG CLIMATE SUMMARY FOR FEBRUARY 5 2016...
VALID TODAY AS OF 0400 PM LOCAL TIME.

CLIMATE NORMAL PERIOD 1981 TO 2010
CLIMATE RECORD PERIOD 1948 TO 2016


WEATHER ITEM   OBSERVED TIME   RECORD YEAR NORMAL DEPARTURE LAST
                VALUE   (LST)  VALUE       VALUE  FROM      YEAR
                                                  NORMAL
..................................................................
TEMPERATURE (F)
 TODAY
  MAXIMUM         55    347 PM  82    2008  58     -3       47
  MINIMUM         28    652 AM  12    1996  37     -9       31
  AVERAGE         42                        48     -6       39

PRECIPITATION (IN)
  TODAY            0.00          2.59 2004   0.17  -0.17     0.00
  MONTH TO DATE    0.28                      0.85  -0.57     0.43
  SINCE DEC 1     11.53                     11.53   0.00    10.59
  SINCE JAN 1      5.98                      5.92   0.06     6.00

SNOWFALL (IN)
  TODAY            0.0

DEGREE DAYS
 HEATING
  TODAY           23                        18      5       26
  MONTH TO DATE   59                        90    -31      111
  SINCE DEC 1    922                      1232   -310     1200
  SINCE JUL 1   1111                      1634   -523     1738

 COOLING
  TODAY            0                         0      0        0
  MONTH TO DATE    5                         0      5        0
  SINCE DEC 1     68                         9     59        4
  SINCE JAN 1      6                         3      3        0
..................................................................


WIND (MPH)
  HIGHEST WIND SPEED     7   HIGHEST WIND DIRECTION     E (90)
  HIGHEST GUST SPEED    10   HIGHEST GUST DIRECTION     E (80)
  AVERAGE WIND SPEED     1.4


SKY COVER
  POSSIBLE SUNSHINE  MM
  AVERAGE SKY COVER 0.1


WEATHER CONDITIONS
 THE FOLLOWING WEATHER WAS RECORDED TODAY.
  FOG
  FOG W/VISIBILITY <= 1/4 MILE


RELATIVE HUMIDITY (PERCENT)
 HIGHEST   100           300 AM
 LOWEST     24           200 PM
 AVERAGE    62

..........................................................


THE VICKSBURG CLIMATE NORMALS FOR TOMORROW
                         NORMAL    RECORD    YEAR
 MAXIMUM TEMPERATURE (F)   58        78      1957
 MINIMUM TEMPERATURE (F)   38        13      1996


SUNRISE AND SUNSET
FEBRUARY  5 2016......SUNRISE   656 AM CST   SUNSET   541 PM CST
FEBRUARY  6 2016......SUNRISE   655 AM CST   SUNSET   542 PM CST


-  INDICATES NEGATIVE NUMBERS.
R  INDICATES RECORD WAS SET OR TIED.
MM INDICATES DATA IS MISSING.
T  INDICATES TRACE AMOUNT.




$$
