000
CDUS45 KBOI 180948
CLITWF


CLIMATE REPORT
NATIONAL WEATHER SERVICE BOISE ID
248 AM MST THU JAN 18 2018


...................................

...THE TWIN FALLS ID CLIMATE SUMMARY FOR JANUARY 17 2018...

CLIMATE NORMAL PERIOD 1981 TO 2010
CLIMATE RECORD PERIOD 9999 TO 9999


WEATHER ITEM   OBSERVED TIME   NORMAL DEPARTURE LAST
                VALUE   (LST)  VALUE  FROM      YEAR
                                      NORMAL
......................................................
TEMPERATURE (F)
 YESTERDAY
  MAXIMUM         43    400 PM  38      5       24
  MINIMUM         24    639 AM  22      2        4
  AVERAGE         34

PRECIPITATION (IN)
  YESTERDAY        0.00          0.02  -0.02     0.00
  MONTH TO DATE    0.64          0.65  -0.01     0.78
  SINCE OCT 1      3.20          3.90  -0.70     5.28
  SINCE JAN 1      0.64          0.65  -0.01     0.78

DEGREE DAYS
 HEATING
  YESTERDAY       31            35     -4       51
  MONTH TO DATE  520           609    -89      785
  SINCE DEC 1   1671          1738    -67     2043
  SINCE JUL 1   3205          3176     29     3345

 COOLING
  YESTERDAY        0             0      0        0
  MONTH TO DATE    0             0      0        0
  SINCE DEC 1      0             0      0        0
  SINCE JAN 1      0             0      0        0
......................................................


WIND (MPH)
  HIGHEST WIND SPEED    14   HIGHEST WIND DIRECTION     E (70)
  HIGHEST GUST SPEED    17   HIGHEST GUST DIRECTION     E (80)
  AVERAGE WIND SPEED     6.9


SKY COVER
  AVERAGE SKY COVER 0.1


WEATHER CONDITIONS
 THE FOLLOWING WEATHER WAS RECORDED YESTERDAY.
  FOG
  FOG W/VISIBILITY <= 1/4 MILE


RELATIVE HUMIDITY (PERCENT)
 HIGHEST   100          1200 AM
 LOWEST     76           300 PM
 AVERAGE    88

..........................................................




SUNRISE AND SUNSET
JANUARY 18 2018.......SUNRISE   803 AM MST   SUNSET   534 PM MST
JANUARY 19 2018.......SUNRISE   803 AM MST   SUNSET   535 PM MST


-  INDICATES NEGATIVE NUMBERS.
R  INDICATES RECORD WAS SET OR TIED.
MM INDICATES DATA IS MISSING.
T  INDICATES TRACE AMOUNT.




$$
