000
CDUS45 KBOI 220931
CLITWF


CLIMATE REPORT
NATIONAL WEATHER SERVICE BOISE ID
331 AM MDT SUN OCT 22 2017


...................................

...THE TWIN FALLS ID CLIMATE SUMMARY FOR OCTOBER 21 2017...

CLIMATE NORMAL PERIOD 1981 TO 2010
CLIMATE RECORD PERIOD 9999 TO 9999


WEATHER ITEM   OBSERVED TIME   NORMAL DEPARTURE LAST
                VALUE   (LST)  VALUE  FROM      YEAR
                                      NORMAL
......................................................
TEMPERATURE (F)
 YESTERDAY
  MAXIMUM         52    319 PM  61     -9       64
  MINIMUM         28    658 AM  36     -8       28
  AVERAGE         40

PRECIPITATION (IN)
  YESTERDAY        0.05          0.03   0.02     0.00
  MONTH TO DATE    0.65          0.53   0.12     1.24
  SINCE OCT 1      0.65          0.53   0.12     1.24
  SINCE JAN 1      8.78          7.98   0.80    10.15

DEGREE DAYS
 HEATING
  YESTERDAY       25            17      8       19
  MONTH TO DATE  406           271    135      307
  SINCE SEP 1    636           411    225      485
  SINCE JUL 1    638           432    206      509

 COOLING
  YESTERDAY        0             0      0        0
  MONTH TO DATE    0             0      0        0
  SINCE SEP 1    119            61     58       26
  SINCE JAN 1    871           678    193      642
......................................................


WIND (MPH)
  HIGHEST WIND SPEED    20   HIGHEST WIND DIRECTION     W (250)
  HIGHEST GUST SPEED    25   HIGHEST GUST DIRECTION    SW (210)
  AVERAGE WIND SPEED     9.2


SKY COVER
  AVERAGE SKY COVER 0.5


WEATHER CONDITIONS
 THE FOLLOWING WEATHER WAS RECORDED YESTERDAY.
  LIGHT RAIN


RELATIVE HUMIDITY (PERCENT)
 HIGHEST   100           700 PM
 LOWEST     32           100 PM
 AVERAGE    66

..........................................................




SUNRISE AND SUNSET
OCTOBER 22 2017.......SUNRISE   800 AM MDT   SUNSET   644 PM MDT
OCTOBER 23 2017.......SUNRISE   801 AM MDT   SUNSET   643 PM MDT


-  INDICATES NEGATIVE NUMBERS.
R  INDICATES RECORD WAS SET OR TIED.
MM INDICATES DATA IS MISSING.
T  INDICATES TRACE AMOUNT.




$$
