000
CDUS45 KBOI 290949
CLITWF


CLIMATE REPORT
NATIONAL WEATHER SERVICE BOISE ID
249 AM MST MON DEC 29 2014


...................................

...THE TWIN FALLS ID CLIMATE SUMMARY FOR DECEMBER 28 2014...

CLIMATE NORMAL PERIOD 1981 TO 2010
CLIMATE RECORD PERIOD 9999 TO 9999


WEATHER ITEM   OBSERVED TIME   NORMAL DEPARTURE LAST
                VALUE   (LST)  VALUE  FROM      YEAR
                                      NORMAL
......................................................
TEMPERATURE (F)
 YESTERDAY
  MAXIMUM         35    107 PM  36     -1       39
  MINIMUM         22    601 PM  20      2       23
  AVERAGE         29

PRECIPITATION (IN)
  YESTERDAY        0.03          0.04  -0.01     0.00
  MONTH TO DATE    1.53          1.17   0.36     0.12
  SINCE OCT 1      2.99          3.15  -0.16     0.47
  SINCE JAN 1     16.03         10.60   5.43     4.58

DEGREE DAYS
 HEATING
  YESTERDAY       36            37     -1       34
  MONTH TO DATE  725          1019   -294     1099
  SINCE DEC 1    725          1019   -294     1099
  SINCE JUL 1   1917          2457   -540     2455

 COOLING
  YESTERDAY        0             0      0        0
  MONTH TO DATE    0             0      0        0
  SINCE DEC 1      0             0      0        0
  SINCE JAN 1    851           680    171     1138
......................................................


WIND (MPH)
  HIGHEST WIND SPEED    29   HIGHEST WIND DIRECTION     W (250)
  HIGHEST GUST SPEED    36   HIGHEST GUST DIRECTION     W (250)
  AVERAGE WIND SPEED    14.2


SKY COVER
  AVERAGE SKY COVER 0.7


WEATHER CONDITIONS
 THE FOLLOWING WEATHER WAS RECORDED YESTERDAY.
  HEAVY SNOW
  SNOW
  LIGHT SNOW
  FOG


RELATIVE HUMIDITY (PERCENT)
 HIGHEST    81          1000 PM
 LOWEST     64           300 PM
 AVERAGE    73

..........................................................




SUNRISE AND SUNSET
DECEMBER 29 2014......SUNRISE   807 AM MST   SUNSET   513 PM MST
DECEMBER 30 2014......SUNRISE   807 AM MST   SUNSET   514 PM MST


-  INDICATES NEGATIVE NUMBERS.
R  INDICATES RECORD WAS SET OR TIED.
MM INDICATES DATA IS MISSING.
T  INDICATES TRACE AMOUNT.




$$
