000
CDUS45 KBOI 020931
CLITWF


CLIMATE REPORT
NATIONAL WEATHER SERVICE BOISE ID
331 AM MDT THU JUL 2 2015


...................................

...THE TWIN FALLS ID CLIMATE SUMMARY FOR JULY 1 2015...

CLIMATE NORMAL PERIOD 1981 TO 2010
CLIMATE RECORD PERIOD 9999 TO 9999


WEATHER ITEM   OBSERVED TIME   NORMAL DEPARTURE LAST
                VALUE   (LST)  VALUE  FROM      YEAR
                                      NORMAL
......................................................
TEMPERATURE (F)
 YESTERDAY
  MAXIMUM         99    359 PM  86     13       90
  MINIMUM         72    526 AM  55     17       47
  AVERAGE         86

PRECIPITATION (IN)
  YESTERDAY        0.00          0.02  -0.02     0.00
  MONTH TO DATE    0.00          0.02  -0.02     0.00
  SINCE OCT 1      7.40          9.53  -2.13     6.92
  SINCE JAN 1      4.40          6.28  -1.88     6.45

DEGREE DAYS
 HEATING
  YESTERDAY        0             1     -1        0
  MONTH TO DATE    0             1     -1        0
  SINCE JUN 1      7            88    -81       58
  SINCE JUL 1      0             1     -1        0

 COOLING
  YESTERDAY       21             6     15        4
  MONTH TO DATE   21             6     15        4
  SINCE JUN 1    287            93    194       91
  SINCE JAN 1    303           115    188      124
......................................................


WIND (MPH)
  HIGHEST WIND SPEED    22   HIGHEST WIND DIRECTION     S (170)
  HIGHEST GUST SPEED    28   HIGHEST GUST DIRECTION     S (170)
  AVERAGE WIND SPEED    11.9


SKY COVER
  AVERAGE SKY COVER 0.0


WEATHER CONDITIONS
 THE FOLLOWING WEATHER WAS RECORDED YESTERDAY.
  NO SIGNIFICANT WEATHER WAS OBSERVED.


RELATIVE HUMIDITY (PERCENT)
 HIGHEST    44           500 AM
 LOWEST     15           200 PM
 AVERAGE    30

..........................................................




SUNRISE AND SUNSET
JULY  2 2015..........SUNRISE   605 AM MDT   SUNSET   919 PM MDT
JULY  3 2015..........SUNRISE   605 AM MDT   SUNSET   919 PM MDT


-  INDICATES NEGATIVE NUMBERS.
R  INDICATES RECORD WAS SET OR TIED.
MM INDICATES DATA IS MISSING.
T  INDICATES TRACE AMOUNT.




$$
