000
CDUS45 KBOI 230936
CLITWF


CLIMATE REPORT
NATIONAL WEATHER SERVICE BOISE ID
336 AM MDT SUN APR 23 2017


...................................

...THE TWIN FALLS ID CLIMATE SUMMARY FOR APRIL 22 2017...

CLIMATE NORMAL PERIOD 1981 TO 2010
CLIMATE RECORD PERIOD 9999 TO 9999


WEATHER ITEM   OBSERVED TIME   NORMAL DEPARTURE LAST
                VALUE   (LST)  VALUE  FROM      YEAR
                                      NORMAL
......................................................
TEMPERATURE (F)
 YESTERDAY
  MAXIMUM         66    434 PM  62      4       77
  MINIMUM         29    342 AM  36     -7       48
  AVERAGE         48

PRECIPITATION (IN)
  YESTERDAY        0.00          0.03  -0.03      T
  MONTH TO DATE    0.70          0.80  -0.10     0.36
  SINCE OCT 1      9.31          6.88   2.43     7.56
  SINCE JAN 1      4.81          3.63   1.18     3.18

DEGREE DAYS
 HEATING
  YESTERDAY       17            16      1        2
  MONTH TO DATE  434           394     40      257
  SINCE MAR 1   1048          1116    -68      934
  SINCE JUL 1   5828          5683    145     5220

 COOLING
  YESTERDAY        0             0      0        0
  MONTH TO DATE    0             0      0        0
  SINCE MAR 1      0             0      0        0
  SINCE JAN 1      0             0      0        0
......................................................


WIND (MPH)
  HIGHEST WIND SPEED    25   HIGHEST WIND DIRECTION     S (160)
  HIGHEST GUST SPEED    31   HIGHEST GUST DIRECTION     S (160)
  AVERAGE WIND SPEED    13.8


SKY COVER
  AVERAGE SKY COVER 0.1


WEATHER CONDITIONS
 THE FOLLOWING WEATHER WAS RECORDED YESTERDAY.
  NO SIGNIFICANT WEATHER WAS OBSERVED.


RELATIVE HUMIDITY (PERCENT)
 HIGHEST    78          1200 AM
 LOWEST     27          1200 PM
 AVERAGE    53

..........................................................




SUNRISE AND SUNSET
APRIL 23 2017.........SUNRISE   644 AM MDT   SUNSET   829 PM MDT
APRIL 24 2017.........SUNRISE   642 AM MDT   SUNSET   830 PM MDT


-  INDICATES NEGATIVE NUMBERS.
R  INDICATES RECORD WAS SET OR TIED.
MM INDICATES DATA IS MISSING.
T  INDICATES TRACE AMOUNT.




$$
