000
CDUS45 KBOI 220932
CLITWF


CLIMATE REPORT
NATIONAL WEATHER SERVICE BOISE ID
332 AM MDT FRI AUG 22 2014


...................................

...THE TWIN FALLS ID CLIMATE SUMMARY FOR AUGUST 21 2014...

CLIMATE NORMAL PERIOD 1981 TO 2010
CLIMATE RECORD PERIOD 9999 TO 9999


WEATHER ITEM   OBSERVED TIME   NORMAL DEPARTURE LAST
                VALUE   (LST)  VALUE  FROM      YEAR
                                      NORMAL
......................................................
TEMPERATURE (F)
 YESTERDAY
  MAXIMUM         79    214 PM  87     -8       89
  MINIMUM         60    421 AM  55      5       67
  AVERAGE         70

PRECIPITATION (IN)
  YESTERDAY        0.38          0.01   0.37     0.00
  MONTH TO DATE    4.67          0.21   4.46     0.00
  SINCE OCT 1     11.82         10.02   1.80     6.37
  SINCE JAN 1     11.35          6.77   4.58     3.19

DEGREE DAYS
 HEATING
  YESTERDAY        0             0      0        0
  MONTH TO DATE    2             0      2        0
  SINCE JUN 1     60            93    -33       55
  SINCE JUL 1      2             6     -4        0

 COOLING
  YESTERDAY        5             6     -1       13
  MONTH TO DATE  181           177      4      261
  SINCE JUN 1    702           541    161      892
  SINCE JAN 1    735           563    172      917
......................................................


WIND (MPH)
  HIGHEST WIND SPEED    24   HIGHEST WIND DIRECTION     S (200)
  HIGHEST GUST SPEED    32   HIGHEST GUST DIRECTION     S (190)
  AVERAGE WIND SPEED     7.8


SKY COVER
  AVERAGE SKY COVER 0.5


WEATHER CONDITIONS
 THE FOLLOWING WEATHER WAS RECORDED YESTERDAY.
  THUNDERSTORM
  HEAVY RAIN
  RAIN
  LIGHT RAIN


RELATIVE HUMIDITY (PERCENT)
 HIGHEST    84           200 AM
 LOWEST     47           200 PM
 AVERAGE    66

..........................................................




SUNRISE AND SUNSET
AUGUST 22 2014........SUNRISE   652 AM MDT   SUNSET   828 PM MDT
AUGUST 23 2014........SUNRISE   653 AM MDT   SUNSET   827 PM MDT


-  INDICATES NEGATIVE NUMBERS.
R  INDICATES RECORD WAS SET OR TIED.
MM INDICATES DATA IS MISSING.
T  INDICATES TRACE AMOUNT.




$$
