000
CDUS45 KBOI 280931
CLITWF


CLIMATE REPORT
NATIONAL WEATHER SERVICE BOISE ID
331 AM MDT SUN AUG 28 2016


...................................

...THE TWIN FALLS ID CLIMATE SUMMARY FOR AUGUST 27 2016...

CLIMATE NORMAL PERIOD 1981 TO 2010
CLIMATE RECORD PERIOD 9999 TO 9999


WEATHER ITEM   OBSERVED TIME   NORMAL DEPARTURE LAST
                VALUE   (LST)  VALUE  FROM      YEAR
                                      NORMAL
......................................................
TEMPERATURE (F)
 YESTERDAY
  MAXIMUM         86    339 PM  86      0       91
  MINIMUM         56    630 AM  53      3       59
  AVERAGE         71

PRECIPITATION (IN)
  YESTERDAY        0.00          0.02  -0.02     0.00
  MONTH TO DATE    0.01          0.27  -0.26     0.40
  SINCE OCT 1     10.97         10.08   0.89     8.51
  SINCE JAN 1      6.59          6.83  -0.24     5.51

DEGREE DAYS
 HEATING
  YESTERDAY        0             1     -1        0
  MONTH TO DATE    3             5     -2        0
  SINCE JUN 1     77            98    -21       10
  SINCE JUL 1     24            11     13        3

 COOLING
  YESTERDAY        6             5      1       10
  MONTH TO DATE  180           212    -32      270
  SINCE JUN 1    579           576      3      828
  SINCE JAN 1    582           598    -16      844
......................................................


WIND (MPH)
  HIGHEST WIND SPEED    16   HIGHEST WIND DIRECTION    NW (300)
  HIGHEST GUST SPEED    19   HIGHEST GUST DIRECTION     S (190)
  AVERAGE WIND SPEED     8.7


SKY COVER
  AVERAGE SKY COVER 0.0


WEATHER CONDITIONS
 THE FOLLOWING WEATHER WAS RECORDED YESTERDAY.
  NO SIGNIFICANT WEATHER WAS OBSERVED.


RELATIVE HUMIDITY (PERCENT)
 HIGHEST    47           900 PM
 LOWEST     13           600 PM
 AVERAGE    30

..........................................................




SUNRISE AND SUNSET
AUGUST 28 2016........SUNRISE   659 AM MDT   SUNSET   818 PM MDT
AUGUST 29 2016........SUNRISE   700 AM MDT   SUNSET   816 PM MDT


-  INDICATES NEGATIVE NUMBERS.
R  INDICATES RECORD WAS SET OR TIED.
MM INDICATES DATA IS MISSING.
T  INDICATES TRACE AMOUNT.




$$
