000
CDUS44 KSHV 220846
CLITXK


CLIMATE REPORT
NATIONAL WEATHER SERVICE SHREVEPORT, LA
246 AM CST WED NOV 22 2017


...................................

...THE TEXARKANA CLIMATE SUMMARY FOR NOVEMBER 21 2017...

CLIMATE NORMAL PERIOD 1981 TO 2010
CLIMATE RECORD PERIOD 1896 TO 2017


WEATHER ITEM   OBSERVED TIME   RECORD YEAR NORMAL DEPARTURE LAST
                VALUE   (LST)  VALUE       VALUE  FROM      YEAR
                                                  NORMAL
..................................................................
TEMPERATURE (F)
 YESTERDAY
  MAXIMUM         64    252 PM  84    1909  62      2       69
  MINIMUM         43    710 AM  24    1937  42      1       36
  AVERAGE         54                        52      2       53

PRECIPITATION (IN)
  YESTERDAY        0.00          2.54 1934   0.16  -0.16     0.00
  MONTH TO DATE    1.53                      3.28  -1.75     0.79
  SINCE DEC 1     49.86                     48.11   1.75    46.27
  SINCE JAN 1     43.44                     43.06   0.38    40.29

SNOWFALL (IN)
  YESTERDAY        0.0
  MONTH TO DATE    0.0
  SINCE SEP 1      0.0
  SINCE JUL 1      0.0
  SNOW DEPTH       0

DEGREE DAYS
 HEATING
  YESTERDAY       11                        13     -2       12
  MONTH TO DATE  146                       206    -60      118
  SINCE SEP 1    256                       324    -68      135
  SINCE JUL 1    256                       324    -68      135

 COOLING
  YESTERDAY        0                         0      0        0
  MONTH TO DATE   54                        14     40       37
  SINCE SEP 1    503                       414     89      647
  SINCE JAN 1   2207                      2202      5     2587
..................................................................


WIND (MPH)
  HIGHEST WIND SPEED    10   HIGHEST WIND DIRECTION     S (190)
  HIGHEST GUST SPEED    14   HIGHEST GUST DIRECTION     S (190)
  AVERAGE WIND SPEED     4.9


SKY COVER
  POSSIBLE SUNSHINE  MM
  AVERAGE SKY COVER 0.3


WEATHER CONDITIONS
 THE FOLLOWING WEATHER WAS RECORDED YESTERDAY.
  NO SIGNIFICANT WEATHER WAS OBSERVED.


RELATIVE HUMIDITY (PERCENT)
 HIGHEST    86           600 PM
 LOWEST     60          1200 AM
 AVERAGE    73

..........................................................


THE TEXARKANA CLIMATE NORMALS FOR TODAY
                         NORMAL    RECORD    YEAR
 MAXIMUM TEMPERATURE (F)   62        84      1913
 MINIMUM TEMPERATURE (F)   42        22      1964


SUNRISE AND SUNSET
NOVEMBER 22 2017......SUNRISE   654 AM CST   SUNSET   510 PM CST
NOVEMBER 23 2017......SUNRISE   655 AM CST   SUNSET   510 PM CST


-  INDICATES NEGATIVE NUMBERS.
R  INDICATES RECORD WAS SET OR TIED.
MM INDICATES DATA IS MISSING.
T  INDICATES TRACE AMOUNT.




$$
