000
CDUS44 KSHV 230738
CLITXK


CLIMATE REPORT
NATIONAL WEATHER SERVICE SHREVEPORT, LA
238 AM CDT WED APR 23 2014


...................................

...THE TEXARKANA CLIMATE SUMMARY FOR APRIL 22 2014...

CLIMATE NORMAL PERIOD 1981 TO 2010
CLIMATE RECORD PERIOD 1896 TO 2014


WEATHER ITEM   OBSERVED TIME   RECORD YEAR NORMAL DEPARTURE LAST
                VALUE   (LST)  VALUE       VALUE  FROM      YEAR
                                                  NORMAL
..................................................................
TEMPERATURE (F)
 YESTERDAY
  MAXIMUM         81    516 PM  89    2009  77      4       77
  MINIMUM         56    543 AM  29    1931  54      2       44
  AVERAGE         69                        66      3       61

PRECIPITATION (IN)
  YESTERDAY        0.00          2.27 1985   0.14  -0.14     0.00
  MONTH TO DATE    2.29                      2.76  -0.47     2.45
  SINCE DEC 1     15.35                     19.40  -4.05    14.96
  SINCE JAN 1      9.52                     14.35  -4.83    10.50

SNOWFALL (IN)
  YESTERDAY        0.0
  MONTH TO DATE    0.0
  SINCE MAR 1      T
  SINCE JUL 1      1.7
  SNOW DEPTH       0

DEGREE DAYS
 HEATING
  YESTERDAY        0                         2     -2        4
  MONTH TO DATE  133                        95     38      133
  SINCE MAR 1    527                       395    132      523
  SINCE JUL 1   2995                      2589    406     2469

 COOLING
  YESTERDAY        4                         3      1        0
  MONTH TO DATE   39                        47     -8       57
  SINCE MAR 1     46                        66    -20       68
  SINCE JAN 1     46                        70    -24       72
..................................................................


WIND (MPH)
  HIGHEST WIND SPEED    12   HIGHEST WIND DIRECTION     N (340)
  HIGHEST GUST SPEED    16   HIGHEST GUST DIRECTION     N (10)
  AVERAGE WIND SPEED     2.7


SKY COVER
  POSSIBLE SUNSHINE  MM
  AVERAGE SKY COVER 0.1


WEATHER CONDITIONS
 THE FOLLOWING WEATHER WAS RECORDED YESTERDAY.
  FOG


RELATIVE HUMIDITY (PERCENT)
 HIGHEST    97           200 AM
 LOWEST     39           600 PM
 AVERAGE    68

..........................................................


THE TEXARKANA CLIMATE NORMALS FOR TODAY
                         NORMAL    RECORD    YEAR
 MAXIMUM TEMPERATURE (F)   77        90      1926
 MINIMUM TEMPERATURE (F)   55        39      1931


SUNRISE AND SUNSET
APRIL 23 2014.........SUNRISE   636 AM CDT   SUNSET   753 PM CDT
APRIL 24 2014.........SUNRISE   635 AM CDT   SUNSET   754 PM CDT


-  INDICATES NEGATIVE NUMBERS.
R  INDICATES RECORD WAS SET OR TIED.
MM INDICATES DATA IS MISSING.
T  INDICATES TRACE AMOUNT.




$$
