000
CDUS44 KSHV 260831
CLITXK


CLIMATE REPORT
NATIONAL WEATHER SERVICE SHREVEPORT, LA
231 AM CST WED NOV 26 2014


...................................

...THE TEXARKANA CLIMATE SUMMARY FOR NOVEMBER 25 2014...

CLIMATE NORMAL PERIOD 1981 TO 2010
CLIMATE RECORD PERIOD 1896 TO 2014


WEATHER ITEM   OBSERVED TIME   RECORD YEAR NORMAL DEPARTURE LAST
                VALUE   (LST)  VALUE       VALUE  FROM      YEAR
                                                  NORMAL
..................................................................
TEMPERATURE (F)
 YESTERDAY
  MAXIMUM         59    336 PM  84    1965  61     -2       35
  MINIMUM         33    730 AM  20    1938  41     -8       30
  AVERAGE         46                        51     -5       33

PRECIPITATION (IN)
  YESTERDAY        0.00          1.62 1987   0.16  -0.16     0.38
  MONTH TO DATE    3.12                      3.93  -0.81     3.51
  SINCE DEC 1     38.39                     48.76 -10.37    43.90
  SINCE JAN 1     32.56                     43.71 -11.15    39.44

SNOWFALL (IN)
  YESTERDAY        0.0
  MONTH TO DATE    T
  SINCE SEP 1      T
  SINCE JUL 1      T
  SNOW DEPTH       0

DEGREE DAYS
 HEATING
  YESTERDAY       19                        14      5       32
  MONTH TO DATE  412                       261    151      313
  SINCE SEP 1    460                       379     81      405
  SINCE JUL 1    460                       379     81      405

 COOLING
  YESTERDAY        0                         0      0        0
  MONTH TO DATE    2                        14    -12        6
  SINCE SEP 1    477                       414     63      537
  SINCE JAN 1   2128                      2202    -74     2352
..................................................................


WIND (MPH)
  HIGHEST WIND SPEED     9   HIGHEST WIND DIRECTION     W (290)
  HIGHEST GUST SPEED    12   HIGHEST GUST DIRECTION     N (340)
  AVERAGE WIND SPEED     3.3


SKY COVER
  POSSIBLE SUNSHINE  MM
  AVERAGE SKY COVER 0.0


WEATHER CONDITIONS
 THE FOLLOWING WEATHER WAS RECORDED YESTERDAY.
  NO SIGNIFICANT WEATHER WAS OBSERVED.


RELATIVE HUMIDITY (PERCENT)
 HIGHEST    82           200 AM
 LOWEST     23           300 PM
 AVERAGE    53

..........................................................


THE TEXARKANA CLIMATE NORMALS FOR TODAY
                         NORMAL    RECORD    YEAR
 MAXIMUM TEMPERATURE (F)   61        88      1965
 MINIMUM TEMPERATURE (F)   40        24      1928


SUNRISE AND SUNSET
NOVEMBER 26 2014......SUNRISE   658 AM CST   SUNSET   509 PM CST
NOVEMBER 27 2014......SUNRISE   658 AM CST   SUNSET   509 PM CST


-  INDICATES NEGATIVE NUMBERS.
R  INDICATES RECORD WAS SET OR TIED.
MM INDICATES DATA IS MISSING.
T  INDICATES TRACE AMOUNT.




$$
