000
CDUS44 KSHV 090838
CLITXK


CLIMATE REPORT
NATIONAL WEATHER SERVICE SHREVEPORT, LA
237 AM CST TUE FEB 9 2016


...................................

...THE TEXARKANA CLIMATE SUMMARY FOR FEBRUARY 8 2016...

CLIMATE NORMAL PERIOD 1981 TO 2010
CLIMATE RECORD PERIOD 1896 TO 2016


WEATHER ITEM   OBSERVED TIME   RECORD YEAR NORMAL DEPARTURE LAST
                VALUE   (LST)  VALUE       VALUE  FROM      YEAR
                                                  NORMAL
..................................................................
TEMPERATURE (F)
 YESTERDAY
  MAXIMUM         53    351 PM  82    1994  57     -4       67
  MINIMUM         40   1159 PM   0    1933  36      4       50
  AVERAGE         47                        47      0       59

PRECIPITATION (IN)
  YESTERDAY        0.00          2.92 1965   0.13  -0.13     0.00
  MONTH TO DATE    0.01                      1.01  -1.00     0.52
  SINCE DEC 1      7.94                      9.46  -1.52     7.44
  SINCE JAN 1      1.96                      4.41  -2.45     4.76

SNOWFALL (IN)
  YESTERDAY        0.0
  MONTH TO DATE    0.0
  SINCE DEC 1      0.0
  SINCE JUL 1      0.0
  SNOW DEPTH       0

DEGREE DAYS
 HEATING
  YESTERDAY       18                        18      0        6
  MONTH TO DATE  133                       153    -20      162
  SINCE DEC 1   1134                      1417   -283     1383
  SINCE JUL 1   1418                      1875   -457     1893

 COOLING
  YESTERDAY        0                         0      0        0
  MONTH TO DATE    0                         0      0        0
  SINCE DEC 1     14                         4     10        1
  SINCE JAN 1      1                         1      0        0
..................................................................


WIND (MPH)
  HIGHEST WIND SPEED    31   HIGHEST WIND DIRECTION    NW (300)
  HIGHEST GUST SPEED    42   HIGHEST GUST DIRECTION     W (280)
  AVERAGE WIND SPEED    16.4


SKY COVER
  POSSIBLE SUNSHINE  MM
  AVERAGE SKY COVER 0.0


WEATHER CONDITIONS
 THE FOLLOWING WEATHER WAS RECORDED YESTERDAY.
  NO SIGNIFICANT WEATHER WAS OBSERVED.


RELATIVE HUMIDITY (PERCENT)
 HIGHEST    54          1200 AM
 LOWEST     19           300 PM
 AVERAGE    37

..........................................................


THE TEXARKANA CLIMATE NORMALS FOR TODAY
                         NORMAL    RECORD    YEAR
 MAXIMUM TEMPERATURE (F)   57        84      1954
 MINIMUM TEMPERATURE (F)   36         5      1933


SUNRISE AND SUNSET
FEBRUARY  9 2016......SUNRISE   706 AM CST   SUNSET   555 PM CST
FEBRUARY 10 2016......SUNRISE   705 AM CST   SUNSET   556 PM CST


-  INDICATES NEGATIVE NUMBERS.
R  INDICATES RECORD WAS SET OR TIED.
MM INDICATES DATA IS MISSING.
T  INDICATES TRACE AMOUNT.




$$
