000
CDUS44 KSHV 210736
CLITXK


CLIMATE REPORT
NATIONAL WEATHER SERVICE SHREVEPORT, LA
236 AM CDT MON APR 21 2014


...................................

...THE TEXARKANA CLIMATE SUMMARY FOR APRIL 20 2014...

CLIMATE NORMAL PERIOD 1981 TO 2010
CLIMATE RECORD PERIOD 1896 TO 2014


WEATHER ITEM   OBSERVED TIME   RECORD YEAR NORMAL DEPARTURE LAST
                VALUE   (LST)  VALUE       VALUE  FROM      YEAR
                                                  NORMAL
..................................................................
TEMPERATURE (F)
 YESTERDAY
  MAXIMUM         79    215 PM  92    1987  76      3       70
  MINIMUM         53    450 AM  35    1901  54     -1       38
  AVERAGE         66                        65      1       54

PRECIPITATION (IN)
  YESTERDAY        T             1.62 1982   0.13  -0.13     0.00
  MONTH TO DATE    2.26                      2.48  -0.22     2.45
  SINCE DEC 1     15.32                     19.12  -3.80    14.96
  SINCE JAN 1      9.49                     14.07  -4.58    10.50

SNOWFALL (IN)
  YESTERDAY        0.0
  MONTH TO DATE    0.0
  SINCE MAR 1      T
  SINCE JUL 1      1.7
  SNOW DEPTH       0

DEGREE DAYS
 HEATING
  YESTERDAY        0                         3     -3       11
  MONTH TO DATE  133                        90     43      122
  SINCE MAR 1    527                       390    137      512
  SINCE JUL 1   2995                      2584    411     2458

 COOLING
  YESTERDAY        1                         3     -2        0
  MONTH TO DATE   30                        41    -11       57
  SINCE MAR 1     37                        60    -23       68
  SINCE JAN 1     37                        64    -27       72
..................................................................


WIND (MPH)
  HIGHEST WIND SPEED    14   HIGHEST WIND DIRECTION     S (180)
  HIGHEST GUST SPEED    21   HIGHEST GUST DIRECTION     S (180)
  AVERAGE WIND SPEED     4.3


SKY COVER
  POSSIBLE SUNSHINE  MM
  AVERAGE SKY COVER 0.3


WEATHER CONDITIONS
 THE FOLLOWING WEATHER WAS RECORDED YESTERDAY.
  HAZE


RELATIVE HUMIDITY (PERCENT)
 HIGHEST    89           500 AM
 LOWEST     42           100 PM
 AVERAGE    66

..........................................................


THE TEXARKANA CLIMATE NORMALS FOR TODAY
                         NORMAL    RECORD    YEAR
 MAXIMUM TEMPERATURE (F)   77        91      1913
 MINIMUM TEMPERATURE (F)   54        37      1993


SUNRISE AND SUNSET
APRIL 21 2014.........SUNRISE   639 AM CDT   SUNSET   751 PM CDT
APRIL 22 2014.........SUNRISE   637 AM CDT   SUNSET   752 PM CDT


-  INDICATES NEGATIVE NUMBERS.
R  INDICATES RECORD WAS SET OR TIED.
MM INDICATES DATA IS MISSING.
T  INDICATES TRACE AMOUNT.




$$
