000
CDUS44 KSHV 210751
CLITXK


CLIMATE REPORT
NATIONAL WEATHER SERVICE SHREVEPORT, LA
251 AM CDT THU SEP 21 2017


...................................

...THE TEXARKANA CLIMATE SUMMARY FOR SEPTEMBER 20 2017...

CLIMATE NORMAL PERIOD 1981 TO 2010
CLIMATE RECORD PERIOD 1896 TO 2017


WEATHER ITEM   OBSERVED TIME   RECORD YEAR NORMAL DEPARTURE LAST
                VALUE   (LST)  VALUE       VALUE  FROM      YEAR
                                                  NORMAL
..................................................................
TEMPERATURE (F)
 YESTERDAY
  MAXIMUM         93    336 PM 103    1936  85      8       91
  MINIMUM         74   1159 PM  42    1918  62     12       69
  AVERAGE         84                        73     11       80

PRECIPITATION (IN)
  YESTERDAY        0.00          6.68 2013   0.10  -0.10     0.00
  MONTH TO DATE    0.99                      2.27  -1.28     0.50
  SINCE DEC 1     46.56                     38.74   7.82    45.24
  SINCE JAN 1     40.14                     33.69   6.45    39.26

SNOWFALL (IN)
  YESTERDAY        0.0
  MONTH TO DATE    0.0
  SINCE SEP 1      0.0
  SINCE JUL 1      0.0
  SNOW DEPTH       0

DEGREE DAYS
 HEATING
  YESTERDAY        0                         0      0        0
  MONTH TO DATE    0                         0      0        0
  SINCE SEP 1      0                         0      0        0
  SINCE JUL 1      0                         0      0        0

 COOLING
  YESTERDAY       19                         9     10       15
  MONTH TO DATE  184                       235    -51      302
  SINCE SEP 1    184                       235    -51      302
  SINCE JAN 1   1888                      2023   -135     2242
..................................................................


WIND (MPH)
  HIGHEST WIND SPEED    15   HIGHEST WIND DIRECTION     S (170)
  HIGHEST GUST SPEED    20   HIGHEST GUST DIRECTION     S (200)
  AVERAGE WIND SPEED     8.6


SKY COVER
  POSSIBLE SUNSHINE  MM
  AVERAGE SKY COVER 0.2


WEATHER CONDITIONS
 THE FOLLOWING WEATHER WAS RECORDED YESTERDAY.
  NO SIGNIFICANT WEATHER WAS OBSERVED.


RELATIVE HUMIDITY (PERCENT)
 HIGHEST   100           500 AM
 LOWEST     46           300 PM
 AVERAGE    73

..........................................................


THE TEXARKANA CLIMATE NORMALS FOR TODAY
                         NORMAL    RECORD    YEAR
 MAXIMUM TEMPERATURE (F)   85       101      2005
 MINIMUM TEMPERATURE (F)   61        42      1918


SUNRISE AND SUNSET
SEPTEMBER 21 2017.....SUNRISE   704 AM CDT   SUNSET   714 PM CDT
SEPTEMBER 22 2017.....SUNRISE   704 AM CDT   SUNSET   712 PM CDT


-  INDICATES NEGATIVE NUMBERS.
R  INDICATES RECORD WAS SET OR TIED.
MM INDICATES DATA IS MISSING.
T  INDICATES TRACE AMOUNT.




$$
