000
CDUS44 KSHV 242235
CLITYR


CLIMATE REPORT
NATIONAL WEATHER SERVICE SHREVEPORT, LA
432 PM CST SAT JAN 24 2015


...................................

...THE TYLER CLIMATE SUMMARY FOR JANUARY 24 2015...
VALID TODAY AS OF 0400 PM LOCAL TIME.

CLIMATE NORMAL PERIOD 1981 TO 2010
CLIMATE RECORD PERIOD 1896 TO 2015


WEATHER ITEM   OBSERVED TIME   RECORD YEAR NORMAL DEPARTURE LAST
                VALUE   (LST)  VALUE       VALUE  FROM      YEAR
                                                  NORMAL
..................................................................
TEMPERATURE (F)
 TODAY
  MAXIMUM         58    359 PM  82    1943  56      2       41
  MINIMUM         34    750 AM   5    1963  37     -3       25
  AVERAGE         46                        47     -1       33

PRECIPITATION (IN)
  TODAY            0.00          0.85 2002   0.10  -0.10     0.00
  MONTH TO DATE    4.08                      2.35   1.73     0.70
  SINCE DEC 1      5.55                      6.59  -1.04     3.72
  SINCE JAN 1      4.08                      2.35   1.73     0.70

SNOWFALL (IN)
  TODAY            0.0
  MONTH TO DATE    0.0
  SINCE DEC 1      0.0
  SINCE JUL 1      T
  SNOW DEPTH       0

DEGREE DAYS
 HEATING
  TODAY           19                        18      1       32
  MONTH TO DATE  524                       455     69      478
  SINCE DEC 1    941                       982    -41     1048
  SINCE JUL 1   1322                      1356    -34     1438

 COOLING
  TODAY            0                         0      0        0
  MONTH TO DATE    0                         0      0        0
  SINCE DEC 1      3                         6     -3       10
  SINCE JAN 1      0                         0      0        0
..................................................................


WIND (MPH)
  HIGHEST WIND SPEED    12   HIGHEST WIND DIRECTION     W (270)
  HIGHEST GUST SPEED    15   HIGHEST GUST DIRECTION    SW (240)
  AVERAGE WIND SPEED     6.6


SKY COVER
  POSSIBLE SUNSHINE  MM
  AVERAGE SKY COVER 0.0


WEATHER CONDITIONS
 THE FOLLOWING WEATHER WAS RECORDED TODAY.
  NO SIGNIFICANT WEATHER WAS OBSERVED.


RELATIVE HUMIDITY (PERCENT)
 HIGHEST    82           600 AM
 LOWEST     40           400 PM
 AVERAGE    61

..........................................................


THE TYLER CLIMATE NORMALS FOR TOMORROW
                         NORMAL    RECORD    YEAR
 MAXIMUM TEMPERATURE (F)   57        83      1950
 MINIMUM TEMPERATURE (F)   37         9      1963


SUNRISE AND SUNSET
JANUARY 24 2015.......SUNRISE   720 AM CST   SUNSET   547 PM CST
JANUARY 25 2015.......SUNRISE   720 AM CST   SUNSET   548 PM CST


-  INDICATES NEGATIVE NUMBERS.
R  INDICATES RECORD WAS SET OR TIED.
MM INDICATES DATA IS MISSING.
T  INDICATES TRACE AMOUNT.




$$
