260
CDUS44 KSHV 142249
CLITYR


CLIMATE REPORT
NATIONAL WEATHER SERVICE SHREVEPORT, LA
448 PM CST THU DEC 14 2017


...................................

...THE TYLER CLIMATE SUMMARY FOR DECEMBER 14 2017...
VALID TODAY AS OF 0400 PM LOCAL TIME.

CLIMATE NORMAL PERIOD 1981 TO 2010
CLIMATE RECORD PERIOD 1896 TO 2017


WEATHER ITEM   OBSERVED TIME   RECORD YEAR NORMAL DEPARTURE LAST
                VALUE   (LST)  VALUE       VALUE  FROM      YEAR
                                                  NORMAL
..................................................................
TEMPERATURE (F)
 TODAY
  MAXIMUM         63    218 PM  80    1995  58      5       56
  MINIMUM         35    140 AM  16    1917  39     -4       49
  AVERAGE         49                        48      1       53

PRECIPITATION (IN)
  TODAY            0.00          1.12 1905   0.13  -0.13     0.00
  MONTH TO DATE    0.39                      1.84  -1.45     1.75
  SINCE DEC 1      0.39                      1.84  -1.45     1.75
  SINCE JAN 1     35.27                     43.39  -8.12    35.77

SNOWFALL (IN)
  TODAY            0.0
  MONTH TO DATE    0.0
  SINCE DEC 1      0.0
  SINCE JUL 1      0.0
  SNOW DEPTH       0

DEGREE DAYS
 HEATING
  TODAY           16                        17     -1       12
  MONTH TO DATE  198                       225    -27      218
  SINCE DEC 1    198                       225    -27      218
  SINCE JUL 1    470                       599   -129      349

 COOLING
  TODAY            0                         0      0        0
  MONTH TO DATE    6                         0      6        0
  SINCE DEC 1      6                         0      6        0
  SINCE JAN 1   2773                      2411    362     3093
..................................................................


WIND (MPH)
  HIGHEST WIND SPEED    15   HIGHEST WIND DIRECTION    NE (40)
  HIGHEST GUST SPEED    19   HIGHEST GUST DIRECTION     N (20)
  AVERAGE WIND SPEED     5.3


SKY COVER
  POSSIBLE SUNSHINE  MM
  AVERAGE SKY COVER 0.1


WEATHER CONDITIONS
 THE FOLLOWING WEATHER WAS RECORDED TODAY.
  NO SIGNIFICANT WEATHER WAS OBSERVED.


RELATIVE HUMIDITY (PERCENT)
 HIGHEST    86           600 AM
 LOWEST     25           200 PM
 AVERAGE    56

..........................................................


THE TYLER CLIMATE NORMALS FOR TOMORROW
                         NORMAL    RECORD    YEAR
 MAXIMUM TEMPERATURE (F)   57        79      1975
 MINIMUM TEMPERATURE (F)   39        14      1958


SUNRISE AND SUNSET
DECEMBER 14 2017......SUNRISE   715 AM CST   SUNSET   518 PM CST
DECEMBER 15 2017......SUNRISE   716 AM CST   SUNSET   518 PM CST


-  INDICATES NEGATIVE NUMBERS.
R  INDICATES RECORD WAS SET OR TIED.
MM INDICATES DATA IS MISSING.
T  INDICATES TRACE AMOUNT.




$$
