000
CDUS44 KSHV 160748
CLITYR


CLIMATE REPORT
NATIONAL WEATHER SERVICE SHREVEPORT, LA
248 AM CDT WED AUG 16 2017


...................................

...THE TYLER CLIMATE SUMMARY FOR AUGUST 15 2017...

CLIMATE NORMAL PERIOD 1981 TO 2010
CLIMATE RECORD PERIOD 1896 TO 2017


WEATHER ITEM   OBSERVED TIME   RECORD YEAR NORMAL DEPARTURE LAST
                VALUE   (LST)  VALUE       VALUE  FROM      YEAR
                                                  NORMAL
..................................................................
TEMPERATURE (F)
 YESTERDAY
  MAXIMUM         93    507 PM 107    1939  94     -1       76
  MINIMUM         79    650 AM  59    1955  74      5       73
  AVERAGE         86                        84      2       75

PRECIPITATION (IN)
  YESTERDAY        0.00          2.21 1961   0.09  -0.09     0.78
  MONTH TO DATE    5.33                      1.21   4.12     0.88
  SINCE DEC 1     30.67                     31.85  -1.18    37.00
  SINCE JAN 1     28.02                     27.61   0.41    27.23

SNOWFALL (IN)
  YESTERDAY        0.0
  MONTH TO DATE    0.0
  SINCE JUN 1      0.0
  SINCE JUL 1      0.0
  SNOW DEPTH       0

DEGREE DAYS
 HEATING
  YESTERDAY        0                         0      0        0
  MONTH TO DATE    0                         0      0        0
  SINCE JUN 1      0                         0      0        0
  SINCE JUL 1      0                         0      0        0

 COOLING
  YESTERDAY       21                        19      2       10
  MONTH TO DATE  267                       285    -18      352
  SINCE JUN 1   1329                      1274     55     1583
  SINCE JAN 1   1881                      1643    238     2031
..................................................................


WIND (MPH)
  HIGHEST WIND SPEED    18   HIGHEST WIND DIRECTION    SW (210)
  HIGHEST GUST SPEED    23   HIGHEST GUST DIRECTION    SW (210)
  AVERAGE WIND SPEED    10.6


SKY COVER
  POSSIBLE SUNSHINE  MM
  AVERAGE SKY COVER 0.1


WEATHER CONDITIONS
 THE FOLLOWING WEATHER WAS RECORDED YESTERDAY.
  NO SIGNIFICANT WEATHER WAS OBSERVED.


RELATIVE HUMIDITY (PERCENT)
 HIGHEST    91           100 AM
 LOWEST     46           500 PM
 AVERAGE    69

..........................................................


THE TYLER CLIMATE NORMALS FOR TODAY
                         NORMAL    RECORD    YEAR
 MAXIMUM TEMPERATURE (F)   94       107      1951
 MINIMUM TEMPERATURE (F)   74        56      1992


SUNRISE AND SUNSET
AUGUST 16 2017........SUNRISE   646 AM CDT   SUNSET   805 PM CDT
AUGUST 17 2017........SUNRISE   647 AM CDT   SUNSET   803 PM CDT


-  INDICATES NEGATIVE NUMBERS.
R  INDICATES RECORD WAS SET OR TIED.
MM INDICATES DATA IS MISSING.
T  INDICATES TRACE AMOUNT.




$$
