000
CDUS44 KSHV 270836
CLITYR


CLIMATE REPORT
NATIONAL WEATHER SERVICE SHREVEPORT, LA
236 AM CST SAT DEC 27 2014


...................................

...THE TYLER CLIMATE SUMMARY FOR DECEMBER 26 2014...

CLIMATE NORMAL PERIOD 1981 TO 2010
CLIMATE RECORD PERIOD 1896 TO 2014


WEATHER ITEM   OBSERVED TIME   RECORD YEAR NORMAL DEPARTURE LAST
                VALUE   (LST)  VALUE       VALUE  FROM      YEAR
                                                  NORMAL
..................................................................
TEMPERATURE (F)
 YESTERDAY
  MAXIMUM         64   1033 PM  80    1955  56      8       56
  MINIMUM         51    335 AM   7    1983  38     13       32
  AVERAGE         58                        47     11       44

PRECIPITATION (IN)
  YESTERDAY        0.02          4.09 1942   0.14  -0.12     0.00
  MONTH TO DATE    0.90                      3.59  -2.69     3.02
  SINCE DEC 1      0.90                      3.59  -2.69     3.02
  SINCE JAN 1     33.70                     45.14 -11.44    42.03

SNOWFALL (IN)
  YESTERDAY        0.0
  MONTH TO DATE    0.0
  SINCE DEC 1      0.0
  SINCE JUL 1      T
  SNOW DEPTH       0

DEGREE DAYS
 HEATING
  YESTERDAY        7                        18    -11       21
  MONTH TO DATE  296                       436   -140      464
  SINCE DEC 1    296                       436   -140      464
  SINCE JUL 1    677                       810   -133      854

 COOLING
  YESTERDAY        0                         0      0        0
  MONTH TO DATE    3                         0      3       10
  SINCE DEC 1      3                         0      3       10
  SINCE JAN 1   2608                      2411    197     2777
..................................................................


WIND (MPH)
  HIGHEST WIND SPEED    17   HIGHEST WIND DIRECTION    SE (150)
  HIGHEST GUST SPEED    22   HIGHEST GUST DIRECTION    SE (140)
  AVERAGE WIND SPEED    10.9


SKY COVER
  POSSIBLE SUNSHINE  MM
  AVERAGE SKY COVER 0.9


WEATHER CONDITIONS
 THE FOLLOWING WEATHER WAS RECORDED YESTERDAY.
  LIGHT RAIN
  FOG


RELATIVE HUMIDITY (PERCENT)
 HIGHEST    90           500 PM
 LOWEST     77          1200 AM
 AVERAGE    84

..........................................................


THE TYLER CLIMATE NORMALS FOR TODAY
                         NORMAL    RECORD    YEAR
 MAXIMUM TEMPERATURE (F)   56        77      2005
 MINIMUM TEMPERATURE (F)   38        17      1983


SUNRISE AND SUNSET
DECEMBER 27 2014......SUNRISE   722 AM CST   SUNSET   524 PM CST
DECEMBER 28 2014......SUNRISE   722 AM CST   SUNSET   525 PM CST


-  INDICATES NEGATIVE NUMBERS.
R  INDICATES RECORD WAS SET OR TIED.
MM INDICATES DATA IS MISSING.
T  INDICATES TRACE AMOUNT.




$$
