000
CDUS44 KSHV 280736
CLITYR


CLIMATE REPORT
NATIONAL WEATHER SERVICE SHREVEPORT, LA
233 AM CDT FRI APR 28 2017


...................................

...THE TYLER CLIMATE SUMMARY FOR APRIL 27 2017...

CLIMATE NORMAL PERIOD 1981 TO 2010
CLIMATE RECORD PERIOD 1896 TO 2017


WEATHER ITEM   OBSERVED TIME   RECORD YEAR NORMAL DEPARTURE LAST
                VALUE   (LST)  VALUE       VALUE  FROM      YEAR
                                                  NORMAL
..................................................................
TEMPERATURE (F)
 YESTERDAY
  MAXIMUM         76    430 PM  92    1987  78     -2       85
  MINIMUM         45    546 AM  41    1967  58    -13       63
  AVERAGE         61                        68     -7       74

PRECIPITATION (IN)
  YESTERDAY        0.00          2.67 1958   0.12  -0.12     1.00
  MONTH TO DATE    2.04                      2.78  -0.74     6.27
  SINCE DEC 1     14.73                     18.01  -3.28    28.28
  SINCE JAN 1     12.08                     13.77  -1.69    18.51

SNOWFALL (IN)
  YESTERDAY        0.0
  MONTH TO DATE    0.0
  SINCE MAR 1      0.0
  SINCE JUL 1      T
  SNOW DEPTH       0

DEGREE DAYS
 HEATING
  YESTERDAY        4                         1      3        0
  MONTH TO DATE   33                        94    -61       31
  SINCE MAR 1    162                       367   -205      146
  SINCE JUL 1   1245                      2259  -1014     1455

 COOLING
  YESTERDAY        0                         4     -4        9
  MONTH TO DATE  122                        65     57      101
  SINCE MAR 1    230                        86    144      148
  SINCE JAN 1    304                        98    206      158
..................................................................


WIND (MPH)
  HIGHEST WIND SPEED    17   HIGHEST WIND DIRECTION     S (160)
  HIGHEST GUST SPEED    22   HIGHEST GUST DIRECTION    SE (150)
  AVERAGE WIND SPEED     7.3


SKY COVER
  POSSIBLE SUNSHINE  MM
  AVERAGE SKY COVER 0.0


WEATHER CONDITIONS
 THE FOLLOWING WEATHER WAS RECORDED YESTERDAY.
  NO SIGNIFICANT WEATHER WAS OBSERVED.


RELATIVE HUMIDITY (PERCENT)
 HIGHEST   100           200 AM
 LOWEST     38           300 PM
 AVERAGE    69

..........................................................


THE TYLER CLIMATE NORMALS FOR TODAY
                         NORMAL    RECORD    YEAR
 MAXIMUM TEMPERATURE (F)   78        92      1987
 MINIMUM TEMPERATURE (F)   58        41      1973


SUNRISE AND SUNSET
APRIL 28 2017.........SUNRISE   638 AM CDT   SUNSET   801 PM CDT
APRIL 29 2017.........SUNRISE   637 AM CDT   SUNSET   801 PM CDT


-  INDICATES NEGATIVE NUMBERS.
R  INDICATES RECORD WAS SET OR TIED.
MM INDICATES DATA IS MISSING.
T  INDICATES TRACE AMOUNT.




$$
