794
CDUS44 KSHV 200852
CLITYR


CLIMATE REPORT
NATIONAL WEATHER SERVICE SHREVEPORT, LA
251 AM CST FRI JAN 20 2017


...................................

...THE TYLER CLIMATE SUMMARY FOR JANUARY 19 2017...

CLIMATE NORMAL PERIOD 1981 TO 2010
CLIMATE RECORD PERIOD 1896 TO 2017


WEATHER ITEM   OBSERVED TIME   RECORD YEAR NORMAL DEPARTURE LAST
                VALUE   (LST)  VALUE       VALUE  FROM      YEAR
                                                  NORMAL
..................................................................
TEMPERATURE (F)
 YESTERDAY
  MAXIMUM         58   1159 PM  79    1952  56      2       66
  MINIMUM         51    845 AM   6    1943  37     14       37
  AVERAGE         55                        46      9       52

PRECIPITATION (IN)
  YESTERDAY        0.00          2.77 1990   0.09  -0.09      T
  MONTH TO DATE    5.51                      1.86   3.65     0.89
  SINCE DEC 1      8.16                      6.10   2.06    10.66
  SINCE JAN 1      5.51                      1.86   3.65     0.89

SNOWFALL (IN)
  YESTERDAY        0.0
  MONTH TO DATE    T
  SINCE DEC 1      T
  SINCE JUL 1      T
  SNOW DEPTH       0

DEGREE DAYS
 HEATING
  YESTERDAY       10                        19     -9       13
  MONTH TO DATE  246                       361   -115      347
  SINCE DEC 1    658                       888   -230      664
  SINCE JUL 1    789                      1262   -473      857

 COOLING
  YESTERDAY        0                         0      0        0
  MONTH TO DATE   19                         0     19        0
  SINCE DEC 1     41                         6     35       27
  SINCE JAN 1     19                         0     19        0
..................................................................


WIND (MPH)
  HIGHEST WIND SPEED    20   HIGHEST WIND DIRECTION     S (190)
  HIGHEST GUST SPEED    25   HIGHEST GUST DIRECTION     S (190)
  AVERAGE WIND SPEED     8.1


SKY COVER
  POSSIBLE SUNSHINE  MM
  AVERAGE SKY COVER 0.9


WEATHER CONDITIONS
 THE FOLLOWING WEATHER WAS RECORDED YESTERDAY.
  FOG
  FOG W/VISIBILITY <= 1/4 MILE


RELATIVE HUMIDITY (PERCENT)
 HIGHEST   100           300 AM
 LOWEST     80           400 PM
 AVERAGE    90

..........................................................


THE TYLER CLIMATE NORMALS FOR TODAY
                         NORMAL    RECORD    YEAR
 MAXIMUM TEMPERATURE (F)   56        80      1986
 MINIMUM TEMPERATURE (F)   37         9      1985


SUNRISE AND SUNSET
JANUARY 20 2017.......SUNRISE   722 AM CST   SUNSET   544 PM CST
JANUARY 21 2017.......SUNRISE   721 AM CST   SUNSET   545 PM CST


-  INDICATES NEGATIVE NUMBERS.
R  INDICATES RECORD WAS SET OR TIED.
MM INDICATES DATA IS MISSING.
T  INDICATES TRACE AMOUNT.




$$
