000
CDUS44 KSHV 220735
CLITYR


CLIMATE REPORT
NATIONAL WEATHER SERVICE SHREVEPORT, LA
234 AM CDT TUE JUL 22 2014


...................................

...THE TYLER CLIMATE SUMMARY FOR JULY 21 2014...

CLIMATE NORMAL PERIOD 1981 TO 2010
CLIMATE RECORD PERIOD 1896 TO 2014


WEATHER ITEM   OBSERVED TIME   RECORD YEAR NORMAL DEPARTURE LAST
                VALUE   (LST)  VALUE       VALUE  FROM      YEAR
                                                  NORMAL
..................................................................
TEMPERATURE (F)
 YESTERDAY
  MAXIMUM         93    232 PM 105    1920  93      0       93
  MINIMUM         70    518 AM  59    1970  74     -4       72
  AVERAGE         82                        83     -1       83

PRECIPITATION (IN)
  YESTERDAY        0.00          1.87 2009   0.06  -0.06     0.00
  MONTH TO DATE    1.18                      2.09  -0.91     3.34
  SINCE DEC 1     21.06                     30.09  -9.03    22.24
  SINCE JAN 1     18.04                     25.85  -7.81    19.35

SNOWFALL (IN)
  YESTERDAY        0.0
  MONTH TO DATE    0.0
  SINCE JUN 1      0.0
  SINCE JUL 1      0.0
  SNOW DEPTH       0

DEGREE DAYS
 HEATING
  YESTERDAY        0                         0      0        0
  MONTH TO DATE    0                         0      0        0
  SINCE JUN 1      0                         0      0        0
  SINCE JUL 1      0                         0      0        0

 COOLING
  YESTERDAY       17                        18     -1       18
  MONTH TO DATE  338                       369    -31      362
  SINCE JUN 1    806                       802      4      874
  SINCE JAN 1   1199                      1171     28     1271
..................................................................


WIND (MPH)
  HIGHEST WIND SPEED     9   HIGHEST WIND DIRECTION     E (80)
  HIGHEST GUST SPEED    12   HIGHEST GUST DIRECTION     E (80)
  AVERAGE WIND SPEED     4.4


SKY COVER
  POSSIBLE SUNSHINE  MM
  AVERAGE SKY COVER 0.4


WEATHER CONDITIONS
 THE FOLLOWING WEATHER WAS RECORDED YESTERDAY.
  NO SIGNIFICANT WEATHER WAS OBSERVED.


RELATIVE HUMIDITY (PERCENT)
 HIGHEST    90           300 AM
 LOWEST     52           400 PM
 AVERAGE    71

..........................................................


THE TYLER CLIMATE NORMALS FOR TODAY
                         NORMAL    RECORD    YEAR
 MAXIMUM TEMPERATURE (F)   93       105      1963
 MINIMUM TEMPERATURE (F)   74        59      1970


SUNRISE AND SUNSET
JULY 22 2014..........SUNRISE   630 AM CDT   SUNSET   826 PM CDT
JULY 23 2014..........SUNRISE   630 AM CDT   SUNSET   825 PM CDT


-  INDICATES NEGATIVE NUMBERS.
R  INDICATES RECORD WAS SET OR TIED.
MM INDICATES DATA IS MISSING.
T  INDICATES TRACE AMOUNT.




$$
