000
CDUS44 KSHV 240742
CLITYR


CLIMATE REPORT
NATIONAL WEATHER SERVICE SHREVEPORT, LA
240 AM CDT SAT JUN 24 2017


...................................

...THE TYLER CLIMATE SUMMARY FOR JUNE 23 2017...

CLIMATE NORMAL PERIOD 1981 TO 2010
CLIMATE RECORD PERIOD 1896 TO 2017


WEATHER ITEM   OBSERVED TIME   RECORD YEAR NORMAL DEPARTURE LAST
                VALUE   (LST)  VALUE       VALUE  FROM      YEAR
                                                  NORMAL
..................................................................
TEMPERATURE (F)
 YESTERDAY
  MAXIMUM         92    207 PM 105    1925  90      2       94
  MINIMUM         77    546 AM  58    1966  72      5       76
  AVERAGE         85                        81      4       85

PRECIPITATION (IN)
  YESTERDAY        T             1.23 1991   0.18  -0.18     0.00
  MONTH TO DATE    2.87                      3.76  -0.89     1.98
  SINCE DEC 1     22.34                     26.93  -4.59    34.88
  SINCE JAN 1     19.69                     22.69  -3.00    25.11

SNOWFALL (IN)
  YESTERDAY        0.0
  MONTH TO DATE    0.0
  SINCE JUN 1      0.0
  SINCE JUL 1      T
  SNOW DEPTH       0

DEGREE DAYS
 HEATING
  YESTERDAY        0                         0      0        0
  MONTH TO DATE    0                         0      0        0
  SINCE JUN 1      0                         0      0        0
  SINCE JUL 1   1256                      2269  -1013     1467

 COOLING
  YESTERDAY       20                        16      4       20
  MONTH TO DATE  355                       320     35      391
  SINCE JUN 1    355                       320     35      391
  SINCE JAN 1    907                       689    218      839
..................................................................


WIND (MPH)
  HIGHEST WIND SPEED    18   HIGHEST WIND DIRECTION    SW (210)
  HIGHEST GUST SPEED    23   HIGHEST GUST DIRECTION     S (190)
  AVERAGE WIND SPEED    10.1


SKY COVER
  POSSIBLE SUNSHINE  MM
  AVERAGE SKY COVER 0.2


WEATHER CONDITIONS
 THE FOLLOWING WEATHER WAS RECORDED YESTERDAY.
  THUNDERSTORM
  LIGHT RAIN


RELATIVE HUMIDITY (PERCENT)
 HIGHEST   100          1200 AM
 LOWEST     60           100 PM
 AVERAGE    80

..........................................................


THE TYLER CLIMATE NORMALS FOR TODAY
                         NORMAL    RECORD    YEAR
 MAXIMUM TEMPERATURE (F)   90       105      1925
 MINIMUM TEMPERATURE (F)   72        60      1974


SUNRISE AND SUNSET
JUNE 24 2017..........SUNRISE   616 AM CDT   SUNSET   832 PM CDT
JUNE 25 2017..........SUNRISE   616 AM CDT   SUNSET   832 PM CDT


-  INDICATES NEGATIVE NUMBERS.
R  INDICATES RECORD WAS SET OR TIED.
MM INDICATES DATA IS MISSING.
T  INDICATES TRACE AMOUNT.




$$
