000
CDUS44 KMRX 230831
CLITYS

CLIMATE REPORT
NATIONAL WEATHER SERVICE MORRISTOWN TN

430 AM EDT SAT MAY 23 2015


...................................

...THE KNOXVILLE CLIMATE SUMMARY FOR MAY 22 2015...

CLIMATE NORMAL PERIOD 1981 TO 2010
CLIMATE RECORD PERIOD 1871 TO 2015


WEATHER ITEM   OBSERVED TIME   RECORD YEAR NORMAL DEPARTURE LAST
                VALUE   (LST)  VALUE       VALUE  FROM      YEAR
                                                  NORMAL
..................................................................
TEMPERATURE (F)
 YESTERDAY
  MAXIMUM         73    555 PM  96    1941  80     -7       86
  MINIMUM         47    539 AM  39    1883  58    -11       63
  AVERAGE         60                        69     -9       75

PRECIPITATION (IN)
  YESTERDAY        0.00          2.31 1916   0.13  -0.13     0.11
  MONTH TO DATE    0.62                      3.29  -2.67     0.86
  SINCE MAR 1      9.20                     11.64  -2.44     7.60
  SINCE JAN 1     16.34                     20.22  -3.88    15.67

SNOWFALL (IN)
  YESTERDAY        0.0                       0.0    0.0      0.0
  MONTH TO DATE    0.0                       0.0    0.0      0.0
  SINCE MAR 1      T                         1.4   -1.4      0.5
  SINCE JUL 1      9.3                       6.5    2.8     12.4
  SNOW DEPTH       0

DEGREE DAYS
 HEATING
  YESTERDAY        5                         1      4        0
  MONTH TO DATE   30                        51    -21       61
  SINCE MAR 1    580                       730   -150      750
  SINCE JUL 1   3845                      3626    219     3797

 COOLING
  YESTERDAY        0                         5     -5       10
  MONTH TO DATE  136                        71     65       95
  SINCE MAR 1    161                       108     53      127
  SINCE JAN 1    161                       108     53      127
..................................................................


WIND (MPH)
  HIGHEST WIND SPEED    17   HIGHEST WIND DIRECTION    NE (30)
  HIGHEST GUST SPEED    21   HIGHEST GUST DIRECTION    NE (60)
  AVERAGE WIND SPEED     6.8


SKY COVER
  POSSIBLE SUNSHINE  MM
  AVERAGE SKY COVER 0.4


WEATHER CONDITIONS
 THE FOLLOWING WEATHER WAS RECORDED YESTERDAY.
  NO SIGNIFICANT WEATHER WAS OBSERVED.


RELATIVE HUMIDITY (PERCENT)
 HIGHEST    86           400 AM
 LOWEST     29           300 PM
 AVERAGE    58

..........................................................


THE KNOXVILLE CLIMATE NORMALS FOR TODAY
NORMAL    RECORD    YEAR                     MAXIMUM TEMPERATURE (F)
  80        92      1903                     MINIMUM TEMPERATURE (F)
  58        40      1889


SUNRISE AND SUNSET
MAY 23 2015...........SUNRISE   625 AM EDT   SUNSET   840 PM EDT
MAY 24 2015...........SUNRISE   625 AM EDT   SUNSET   841 PM EDT


-  INDICATES NEGATIVE NUMBERS.
R  INDICATES RECORD WAS SET OR TIED.
MM INDICATES DATA IS MISSING.
T  INDICATES TRACE AMOUNT.




$$
