000
CDUS44 KMRX 271415
CLITYS

CLIMATE REPORT
NATIONAL WEATHER SERVICE MORRISTOWN TN
915 AM EST THU NOV 27 2014


...................................

...THE KNOXVILLE    ASOS CLIMATE SUMMARY FOR NOVEMBER 26 2014...

CLIMATE NORMAL PERIOD 1981 TO 2010
CLIMATE RECORD PERIOD 1871 TO 2014


WEATHER ITEM   OBSERVED TIME   RECORD YEAR NORMAL DEPARTURE LAST
                VALUE   (LST)  VALUE       VALUE  FROM      YEAR
                                                  NORMAL
..................................................................
TEMPERATURE (F)
 YESTERDAY
  MAXIMUM         52    324 PM  77    1946  56     -4       45
  MINIMUM         38    801 AM  14    1950  36      2       34
  AVERAGE         45                        46     -1       40

PRECIPITATION (IN)
  YESTERDAY        0.02          2.23 2013   0.16  -0.14     2.23
  MONTH TO DATE    1.86                      3.38  -1.52     4.31
  SINCE SEP 1      7.93                      9.13  -1.20     9.64
  SINCE JAN 1     37.19                     42.73  -5.54    61.02

SNOWFALL (IN)
  YESTERDAY        0.0                       0.0    0.0      0.0
  MONTH TO DATE    T                         0.0    0.0      0.0
  SINCE SEP 1      T                         0.0    0.0      0.0
  SINCE JUL 1      T                         0.0    0.0      0.0
  SNOW DEPTH       0

DEGREE DAYS
 HEATING
  YESTERDAY       20                        19      1       25
  MONTH TO DATE  558                       384    174      422
  SINCE SEP 1    736                       603    133      577
  SINCE JUL 1    736                       603    133      577

 COOLING
  YESTERDAY        0                         0      0        0
  MONTH TO DATE    0                         0      0        0
  SINCE SEP 1    287                       242     45      258
  SINCE JAN 1   1486                      1523    -37     1445
..................................................................


WIND (MPH)
  HIGHEST WIND SPEED    23   HIGHEST WIND DIRECTION    SW (210)
  HIGHEST GUST SPEED    27   HIGHEST GUST DIRECTION    SW (220)
  AVERAGE WIND SPEED     7.4


SKY COVER
  POSSIBLE SUNSHINE  MM
  AVERAGE SKY COVER  MM


WEATHER CONDITIONS
 THE FOLLOWING WEATHER WAS RECORDED YESTERDAY.
  LIGHT RAIN


RELATIVE HUMIDITY (PERCENT)
 HIGHEST    70           600 AM
 LOWEST     30           300 PM
 AVERAGE    50

..........................................................


THE KNOXVILLE    ASOS CLIMATE NORMALS FOR TODAY
                         NORMAL    RECORD    YEAR
 MAXIMUM TEMPERATURE (F)   56        78      1990
 MINIMUM TEMPERATURE (F)   36        16      1903
                                             1898


SUNRISE AND SUNSET
NOVEMBER 27 2014......SUNRISE   724 AM EST   SUNSET   523 PM EST
NOVEMBER 28 2014......SUNRISE   725 AM EST   SUNSET   523 PM EST


-  INDICATES NEGATIVE NUMBERS.
R  INDICATES RECORD WAS SET OR TIED.
MM INDICATES DATA IS MISSING.
T  INDICATES TRACE AMOUNT.

&&

THIS MORNINGS LOW TEMPERATURE WAS 37 DEGREES.
THERE WAS 0.22 INCHES OF PRECIPITATION SINCE MIDNIGHT.


$$
