000
CDUS44 KMRX 292228
CLITYS

CLIMATE REPORT NATIONAL WEATHER SERVICE MORRISTOWN TN
527 PM EST THU JAN 29 2015

...................................

...THE KNOXVILLE  CLIMATE SUMMARY FOR JANUARY 29 2015... VALID TODAY
AS OF 0500 PM LOCAL TIME.

CLIMATE NORMAL PERIOD 1981 TO 2010
CLIMATE RECORD PERIOD 1871 TO 2015


WEATHER ITEM   OBSERVED TIME   RECORD YEAR NORMAL DEPARTURE LAST
                VALUE   (LST)  VALUE       VALUE  FROM      YEAR
                                                  NORMAL
..................................................................
TEMPERATURE (F)
 TODAY
  MAXIMUM         56    403 PM  73    2002  48      8       26
                                      1957
                                      1947
  MINIMUM         27    712 AM  -3    1897  30     -3       -1
  AVERAGE         42                        39      3       13

PRECIPITATION (IN)
  TODAY            0.02          1.51 1932   0.14  -0.12      T
  MONTH TO DATE    3.39                      4.03  -0.64     3.12
  SINCE DEC 1      7.63                      8.53  -0.90    11.35
  SINCE JAN 1      3.39                      4.03  -0.64     3.12

SNOWFALL (IN)
  TODAY            0.0                       0.1   -0.1      0.0
  MONTH TO DATE    1.1                       2.5   -1.4      4.2
  SINCE DEC 1      1.1                       3.3   -2.2      4.2
  SINCE JUL 1      1.1                       3.3   -2.2      5.0
  SNOW DEPTH       0

DEGREE DAYS
 HEATING
  TODAY           23                        26     -3       52
  MONTH TO DATE  800                       778     22      953
  SINCE DEC 1   1464                      1530    -66     1622
  SINCE JUL 1   2290                      2211     79     2312

 COOLING
  TODAY            0                         0      0        0
  MONTH TO DATE    0                         0      0        0
  SINCE DEC 1      0                         0      0        4
  SINCE JAN 1      0                         0      0        0
..................................................................


WIND (MPH)
  HIGHEST WIND SPEED    29   HIGHEST WIND DIRECTION    SW (230)
  HIGHEST GUST SPEED    34   HIGHEST GUST DIRECTION    SW (240)
  AVERAGE WIND SPEED     6.9


SKY COVER
  POSSIBLE SUNSHINE  MM
  AVERAGE SKY COVER 0.8


WEATHER CONDITIONS
 THE FOLLOWING WEATHER WAS RECORDED TODAY.
  LIGHT RAIN


RELATIVE HUMIDITY (PERCENT)
 HIGHEST    84           400 AM
 LOWEST     43           300 PM
 AVERAGE    64

..........................................................


THE KNOXVILLE    ASOS CLIMATE NORMALS FOR TOMORROW
                         NORMAL    RECORD    YEAR
 MAXIMUM TEMPERATURE (F)   49        75      2002
 MINIMUM TEMPERATURE (F)   30        -9      1966


SUNRISE AND SUNSET
JANUARY 29 2015.......SUNRISE   739 AM EST   SUNSET   600 PM EST
JANUARY 30 2015.......SUNRISE   738 AM EST   SUNSET   601 PM EST


-  INDICATES NEGATIVE NUMBERS.
R  INDICATES RECORD WAS SET OR TIED.
MM INDICATES DATA IS MISSING.
T  INDICATES TRACE AMOUNT.




$$
