000
CDUS43 KLOT 150633
CLIUGN


CLIMATE REPORT
NATIONAL WEATHER SERVICE CHICAGO IL
1233 AM CST FRI DEC 15 2017


...................................

...THE WAUKEGAN   CLIMATE SUMMARY FOR DECEMBER 14 2017...

CLIMATE NORMAL PERIOD 1981 TO 2010
CLIMATE RECORD PERIOD 2000 TO 2017


WEATHER ITEM   OBSERVED TIME   RECORD YEAR NORMAL DEPARTURE LAST
                VALUE   (LST)  VALUE       VALUE  FROM      YEAR
                                                  NORMAL
..................................................................
TEMPERATURE (F)
 YESTERDAY
  MAXIMUM         26    309 PM  57    2015  34     -8       20
  MINIMUM         11    721 PM   2    2016  21    -10        2
                                      2010
  AVERAGE         19                        28     -9       11

PRECIPITATION (IN)
  YESTERDAY        0.00          0.65 2011   0.07  -0.07      T
  MONTH TO DATE    0.34                      1.09  -0.75     0.62
  SINCE DEC 1      0.34                      1.09  -0.75     0.62
  SINCE JAN 1     36.62                     34.68   1.94    28.15

DEGREE DAYS
 HEATING
  YESTERDAY       46                        37      9       54
  MONTH TO DATE  481                       498    -17      545
  SINCE DEC 1    481                       498    -17      545
  SINCE JUL 1   1711                      1883   -172     1432

 COOLING
  YESTERDAY        0                         0      0        0
  MONTH TO DATE    0                         0      0        0
  SINCE DEC 1      0                         0      0        0
  SINCE JAN 1    571                       564      7      855
..................................................................


WIND (MPH)
  RESULTANT WIND SPEED   5   RESULTANT WIND DIRECTION  NW (310)
  HIGHEST WIND SPEED    13   HIGHEST WIND DIRECTION     N (340)
  HIGHEST GUST SPEED    19   HIGHEST GUST DIRECTION    NW (320)
  AVERAGE WIND SPEED     6.2


SKY COVER
  POSSIBLE SUNSHINE  MM
  AVERAGE SKY COVER 0.2


WEATHER CONDITIONS
 THE FOLLOWING WEATHER WAS RECORDED YESTERDAY.
  NO SIGNIFICANT WEATHER WAS OBSERVED.


RELATIVE HUMIDITY (PERCENT)
 HIGHEST    84
 LOWEST     50
 AVERAGE    67

..........................................................


THE WAUKEGAN   CLIMATE NORMALS FOR TODAY
                         NORMAL    RECORD    YEAR
 MAXIMUM TEMPERATURE (F)   34        56      2011
 MINIMUM TEMPERATURE (F)   20        -4      2010


SUNRISE AND SUNSET
DECEMBER 15 2017......SUNRISE   714 AM CST   SUNSET   419 PM CST
DECEMBER 16 2017......SUNRISE   715 AM CST   SUNSET   420 PM CST


-  INDICATES NEGATIVE NUMBERS.
R  INDICATES RECORD WAS SET OR TIED.
MM INDICATES DATA IS MISSING.
T  INDICATES TRACE AMOUNT.




$$
