000
CDUS43 KLOT 070639
CLIUGN


CLIMATE REPORT
NATIONAL WEATHER SERVICE CHICAGO IL
1238 AM CST WED DEC 7 2016


...................................

...THE WAUKEGAN   CLIMATE SUMMARY FOR DECEMBER 6 2016...

CLIMATE NORMAL PERIOD 1981 TO 2010
CLIMATE RECORD PERIOD 2000 TO 2016


WEATHER ITEM   OBSERVED TIME   RECORD YEAR NORMAL DEPARTURE LAST
                VALUE   (LST)  VALUE       VALUE  FROM      YEAR
                                                  NORMAL
..................................................................
TEMPERATURE (F)
 YESTERDAY
  MAXIMUM         41   1125 AM  50    2001  37      4       46
  MINIMUM         26   1159 PM  -2    2007  23      3       26
                                      2005
  AVERAGE         34

PRECIPITATION (IN)
  YESTERDAY        0.00          0.24 2004   0.09  -0.09     0.00
  MONTH TO DATE    0.35                      0.51  -0.16     0.51
  SINCE DEC 1      0.35                      0.51  -0.16     0.51
  SINCE JAN 1     27.88                     34.10  -6.22    33.59

DEGREE DAYS
 HEATING
  YESTERDAY       31                        35     -4       29
  MONTH TO DATE  184                       206    -22      173
  SINCE DEC 1    184                       206    -22      173
  SINCE JUL 1   1071                      1591   -520     1331

 COOLING
  YESTERDAY        0                         0      0        0
  MONTH TO DATE    0                         0      0        0
  SINCE DEC 1      0                         0      0        0
  SINCE JAN 1    855                       564    291      483
..................................................................


WIND (MPH)
  RESULTANT WIND SPEED   4   RESULTANT WIND DIRECTION  SW (240)
  HIGHEST WIND SPEED    17   HIGHEST WIND DIRECTION     W (250)
  HIGHEST GUST SPEED    29   HIGHEST GUST DIRECTION     W (250)
  AVERAGE WIND SPEED     6.8


SKY COVER
  POSSIBLE SUNSHINE  MM
  AVERAGE SKY COVER 0.7


WEATHER CONDITIONS
 THE FOLLOWING WEATHER WAS RECORDED YESTERDAY.
  FOG
  HAZE


RELATIVE HUMIDITY (PERCENT)
 HIGHEST   100
 LOWEST     63
 AVERAGE    82

..........................................................


THE WAUKEGAN   CLIMATE NORMALS FOR TODAY
                         NORMAL    RECORD    YEAR
 MAXIMUM TEMPERATURE (F)   36        47      2004
 MINIMUM TEMPERATURE (F)   23        -5      2005


SUNRISE AND SUNSET
DECEMBER  7 2016......SUNRISE   708 AM CST   SUNSET   419 PM CST
DECEMBER  8 2016......SUNRISE   709 AM CST   SUNSET   419 PM CST


-  INDICATES NEGATIVE NUMBERS.
R  INDICATES RECORD WAS SET OR TIED.
MM INDICATES DATA IS MISSING.
T  INDICATES TRACE AMOUNT.




$$
