000
CDUS43 KLOT 170653
CLIUGN


CLIMATE REPORT
NATIONAL WEATHER SERVICE CHICAGO IL
153 AM CDT THU AUG 17 2017


...................................

...THE WAUKEGAN   CLIMATE SUMMARY FOR AUGUST 16 2017...

CLIMATE NORMAL PERIOD 1981 TO 2010
CLIMATE RECORD PERIOD 2000 TO 2017


WEATHER ITEM   OBSERVED TIME   RECORD YEAR NORMAL DEPARTURE LAST
                VALUE   (LST)  VALUE       VALUE  FROM      YEAR
                                                  NORMAL
..................................................................
TEMPERATURE (F)
 YESTERDAY
  MAXIMUM         78        MM  91    2003  79     -1       83
  MINIMUM         59        MM  50    2004  61     -2       70
  AVERAGE         69

PRECIPITATION (IN)
  YESTERDAY        0.34          1.03 2001   0.13   0.21    MM
  MONTH TO DATE    1.89                      2.06  -0.17     0.25
  SINCE JUN 1     14.12                      9.82   4.30     4.57
  SINCE JAN 1     28.23                     22.68   5.55    16.51

DEGREE DAYS
 HEATING
  YESTERDAY        0                         0      0        0
  MONTH TO DATE    8                         0      8        0
  SINCE JUN 1     46                        98    -52       50
  SINCE JUL 1      9                        12     -3       10

 COOLING
  YESTERDAY        4                         6     -2       12
  MONTH TO DATE   55                        96    -41      157
  SINCE JUN 1    379                       406    -27      556
  SINCE JAN 1    400                       431    -31      600
..................................................................


WIND (MPH)
  RESULTANT WIND SPEED   4   RESULTANT WIND DIRECTION   E (90)
  HIGHEST WIND SPEED    12   HIGHEST WIND DIRECTION     E (70)
  HIGHEST GUST SPEED    MM   HIGHEST GUST DIRECTION    MM
  AVERAGE WIND SPEED     4.9


SKY COVER
  POSSIBLE SUNSHINE  MM
  AVERAGE SKY COVER 0.1


WEATHER CONDITIONS
 THE FOLLOWING WEATHER WAS RECORDED YESTERDAY.
  HEAVY RAIN
  RAIN
  LIGHT RAIN
  FOG


RELATIVE HUMIDITY (PERCENT)
 HIGHEST   100
 LOWEST     74
 AVERAGE    87

..........................................................


THE WAUKEGAN   CLIMATE NORMALS FOR TODAY
                         NORMAL    RECORD    YEAR
 MAXIMUM TEMPERATURE (F)   79        87      2016
                                             2002
 MINIMUM TEMPERATURE (F)   61        52      2013


SUNRISE AND SUNSET
AUGUST 17 2017........SUNRISE   601 AM CDT   SUNSET   749 PM CDT
AUGUST 18 2017........SUNRISE   602 AM CDT   SUNSET   748 PM CDT


-  INDICATES NEGATIVE NUMBERS.
R  INDICATES RECORD WAS SET OR TIED.
MM INDICATES DATA IS MISSING.
T  INDICATES TRACE AMOUNT.




$$
