000
CDUS43 KLOT 020646
CLIUGN


CLIMATE REPORT
NATIONAL WEATHER SERVICE CHICAGO IL
146 AM CDT TUE JUN 2 2015


...................................

...THE WAUKEGAN   CLIMATE SUMMARY FOR JUNE 1 2015...

CLIMATE NORMAL PERIOD 1981 TO 2010
CLIMATE RECORD PERIOD 2000 TO 2015


WEATHER ITEM   OBSERVED TIME   RECORD YEAR NORMAL DEPARTURE LAST
                VALUE   (LST)  VALUE       VALUE  FROM      YEAR
                                                  NORMAL
..................................................................
TEMPERATURE (F)
 YESTERDAY
  MAXIMUM         56    443 PM  87    2000  71    -15       84
  MINIMUM         40   1156 PM  35    2003  50    -10       59
  AVERAGE         48

PRECIPITATION (IN)
  YESTERDAY        0.00          1.09 2000   0.16  -0.16     0.00
  MONTH TO DATE    0.00                      0.16  -0.16     0.00
  SINCE JUN 1      0.00                      0.16  -0.16     0.00
  SINCE JAN 1      9.40                     13.02  -3.62    10.84

DEGREE DAYS
 HEATING
  YESTERDAY       17                         6     11        0
  MONTH TO DATE   17                         6     11        0
  SINCE JUN 1     17                         6     11        0
  SINCE JUL 1   7401                      6757    644     7943

 COOLING
  YESTERDAY        0                         1     -1        7
  MONTH TO DATE    0                         1     -1        7
  SINCE JUN 1      0                         1     -1        7
  SINCE JAN 1     25                        26     -1       30
..................................................................


WIND (MPH)
  RESULTANT WIND SPEED   8   RESULTANT WIND DIRECTION  NE (30)
  HIGHEST WIND SPEED    16   HIGHEST WIND DIRECTION     N (20)
  HIGHEST GUST SPEED    20   HIGHEST GUST DIRECTION    NE (60)
  AVERAGE WIND SPEED     7.6


SKY COVER
  POSSIBLE SUNSHINE  MM
  AVERAGE SKY COVER 0.0


WEATHER CONDITIONS
 THE FOLLOWING WEATHER WAS RECORDED YESTERDAY.
  NO SIGNIFICANT WEATHER WAS OBSERVED.


RELATIVE HUMIDITY (PERCENT)
 HIGHEST    93
 LOWEST     47
 AVERAGE    70

..........................................................


THE WAUKEGAN   CLIMATE NORMALS FOR TODAY
                         NORMAL    RECORD    YEAR
 MAXIMUM TEMPERATURE (F)   71        80      2014
                                             2008
 MINIMUM TEMPERATURE (F)   50        37      2003


SUNRISE AND SUNSET
JUNE  2 2015..........SUNRISE   517 AM CDT   SUNSET   823 PM CDT
JUNE  3 2015..........SUNRISE   516 AM CDT   SUNSET   823 PM CDT


-  INDICATES NEGATIVE NUMBERS.
R  INDICATES RECORD WAS SET OR TIED.
MM INDICATES DATA IS MISSING.
T  INDICATES TRACE AMOUNT.




$$
