623
CDUS43 KLOT 260645
CLIUGN


CLIMATE REPORT
NATIONAL WEATHER SERVICE CHICAGO IL
145 AM CDT SUN MAR 26 2017


...................................

...THE WAUKEGAN   CLIMATE SUMMARY FOR MARCH 25 2017...

CLIMATE NORMAL PERIOD 1981 TO 2010
CLIMATE RECORD PERIOD 2000 TO 2017


WEATHER ITEM   OBSERVED TIME   RECORD YEAR NORMAL DEPARTURE LAST
                VALUE   (LST)  VALUE       VALUE  FROM      YEAR
                                                  NORMAL
..................................................................
TEMPERATURE (F)
 YESTERDAY
  MAXIMUM         41   1110 PM  78    2007  47     -6       39
  MINIMUM         37    342 AM  14    2014  29      8       23
  AVERAGE         39

PRECIPITATION (IN)
  YESTERDAY        0.48R         0.33 2015   0.09   0.39     0.00
  MONTH TO DATE    1.03                      1.76  -0.73     2.32
  SINCE MAR 1      1.03                      1.76  -0.73     2.32
  SINCE JAN 1      5.25                      4.81   0.44     3.83

DEGREE DAYS
 HEATING
  YESTERDAY       26                        27     -1       34
  MONTH TO DATE  745                       770    -25      655
  SINCE MAR 1    745                       770    -25      655
  SINCE JUL 1   4857                      5716   -859     5000

 COOLING
  YESTERDAY        0                         0      0        0
  MONTH TO DATE    0                         0      0        0
  SINCE MAR 1      0                         0      0        0
  SINCE JAN 1      0                         0      0        0
..................................................................


WIND (MPH)
  RESULTANT WIND SPEED  13   RESULTANT WIND DIRECTION  NE (40)
  HIGHEST WIND SPEED    20   HIGHEST WIND DIRECTION     N (20)
  HIGHEST GUST SPEED    26   HIGHEST GUST DIRECTION    NE (30)
  AVERAGE WIND SPEED    12.2


SKY COVER
  POSSIBLE SUNSHINE  MM
  AVERAGE SKY COVER 1.0


WEATHER CONDITIONS
 THE FOLLOWING WEATHER WAS RECORDED YESTERDAY.
  RAIN
  LIGHT RAIN
  FOG


RELATIVE HUMIDITY (PERCENT)
 HIGHEST   100
 LOWEST     92
 AVERAGE    96

..........................................................


THE WAUKEGAN   CLIMATE NORMALS FOR TODAY
                         NORMAL    RECORD    YEAR
 MAXIMUM TEMPERATURE (F)   47        78      2007
 MINIMUM TEMPERATURE (F)   29         9      2014


SUNRISE AND SUNSET
MARCH 26 2017.........SUNRISE   644 AM CDT   SUNSET   711 PM CDT
MARCH 27 2017.........SUNRISE   642 AM CDT   SUNSET   712 PM CDT


-  INDICATES NEGATIVE NUMBERS.
R  INDICATES RECORD WAS SET OR TIED.
MM INDICATES DATA IS MISSING.
T  INDICATES TRACE AMOUNT.




$$
