000
CDUS43 KLOT 250640
CLIUGN


CLIMATE REPORT
NATIONAL WEATHER SERVICE CHICAGO IL
140 AM CDT FRI JUL 25 2014


...................................

...THE WAUKEGAN   CLIMATE SUMMARY FOR JULY 24 2014...

CLIMATE NORMAL PERIOD 1981 TO 2010
CLIMATE RECORD PERIOD 2000 TO 2014


WEATHER ITEM   OBSERVED TIME   RECORD YEAR NORMAL DEPARTURE LAST
                VALUE   (LST)  VALUE       VALUE  FROM      YEAR
                                                  NORMAL
..................................................................
TEMPERATURE (F)
 YESTERDAY
  MAXIMUM         70    222 PM 100    2005  80    -10       69
  MINIMUM         53    451 AM  49    2000  62     -9       53
  AVERAGE         62

PRECIPITATION (IN)
  YESTERDAY        0.00          1.13 2010   0.12  -0.12     0.00
  MONTH TO DATE    0.96                      3.04  -2.08     1.75
  SINCE JUN 1      8.21                      6.92   1.29     6.00
  SINCE JAN 1     19.05                     19.78  -0.73    19.86

DEGREE DAYS
 HEATING
  YESTERDAY        3                         0      3        4
  MONTH TO DATE   30                         3     27       11
  SINCE JUN 1    103                        89     14      108
  SINCE JUL 1     30                         3     27       11

 COOLING
  YESTERDAY        0                         7     -7        0
  MONTH TO DATE   79                       165    -86      183
  SINCE JUN 1    162                       270   -108      273
  SINCE JAN 1    185                       295   -110      320
..................................................................


WIND (MPH)
  RESULTANT WIND SPEED   3   RESULTANT WIND DIRECTION  NE (60)
  HIGHEST WIND SPEED    14   HIGHEST WIND DIRECTION     N (20)
  HIGHEST GUST SPEED    17   HIGHEST GUST DIRECTION     N (10)
  AVERAGE WIND SPEED     5.6


SKY COVER
  POSSIBLE SUNSHINE  MM
  AVERAGE SKY COVER 0.0


WEATHER CONDITIONS
 THE FOLLOWING WEATHER WAS RECORDED YESTERDAY.
  NO SIGNIFICANT WEATHER WAS OBSERVED.


RELATIVE HUMIDITY (PERCENT)
 HIGHEST    93
 LOWEST     39
 AVERAGE    66

..........................................................


THE WAUKEGAN   CLIMATE NORMALS FOR TODAY
                         NORMAL    RECORD    YEAR
 MAXIMUM TEMPERATURE (F)   80        97      2012
 MINIMUM TEMPERATURE (F)   62        51      2013


SUNRISE AND SUNSET
JULY 25 2014..........SUNRISE   537 AM CDT   SUNSET   819 PM CDT
JULY 26 2014..........SUNRISE   538 AM CDT   SUNSET   818 PM CDT


-  INDICATES NEGATIVE NUMBERS.
R  INDICATES RECORD WAS SET OR TIED.
MM INDICATES DATA IS MISSING.
T  INDICATES TRACE AMOUNT.




$$
