000
CDUS43 KLOT 290635
CLIUGN


CLIMATE REPORT
NATIONAL WEATHER SERVICE CHICAGO IL
134 AM CDT MON AUG 29 2016


...................................

...THE WAUKEGAN   CLIMATE SUMMARY FOR AUGUST 28 2016...

CLIMATE NORMAL PERIOD 1981 TO 2010
CLIMATE RECORD PERIOD 2000 TO 2016


WEATHER ITEM   OBSERVED TIME   RECORD YEAR NORMAL DEPARTURE LAST
                VALUE   (LST)  VALUE       VALUE  FROM      YEAR
                                                  NORMAL
..................................................................
TEMPERATURE (F)
 YESTERDAY
  MAXIMUM         77   1020 AM  91    2007  78     -1       73
                                      2003
  MINIMUM         66   1038 PM  53    2015  60      6       53
  AVERAGE         72

PRECIPITATION (IN)
  YESTERDAY        0.00          0.35 2006   0.11  -0.11      T
  MONTH TO DATE    3.05                      3.50  -0.45     3.09
  SINCE JUN 1      7.37                     11.26  -3.89    11.64
  SINCE JAN 1     19.31                     24.12  -4.81    21.04

DEGREE DAYS
 HEATING
  YESTERDAY        0                         1     -1        2
  MONTH TO DATE    1                         4     -3       23
  SINCE JUN 1     51                       102    -51      171
  SINCE JUL 1     11                        16     -5       68

 COOLING
  YESTERDAY        7                         5      2        0
  MONTH TO DATE  250                       157     93      129
  SINCE JUN 1    649                       467    182      337
  SINCE JAN 1    693                       492    201      362
..................................................................


WIND (MPH)
  RESULTANT WIND SPEED   3   RESULTANT WIND DIRECTION   E (70)
  HIGHEST WIND SPEED    12   HIGHEST WIND DIRECTION     E (80)
  HIGHEST GUST SPEED    14   HIGHEST GUST DIRECTION     E (70)
  AVERAGE WIND SPEED     3.8


SKY COVER
  POSSIBLE SUNSHINE  MM
  AVERAGE SKY COVER 0.3


WEATHER CONDITIONS
 THE FOLLOWING WEATHER WAS RECORDED YESTERDAY.
  THUNDERSTORM
  FOG
  FOG W/VISIBILITY <= 1/4 MILE


RELATIVE HUMIDITY (PERCENT)
 HIGHEST   100
 LOWEST     79
 AVERAGE    90

..........................................................


THE WAUKEGAN   CLIMATE NORMALS FOR TODAY
                         NORMAL    RECORD    YEAR
 MAXIMUM TEMPERATURE (F)   78        92      2010
 MINIMUM TEMPERATURE (F)   59        51      2004


SUNRISE AND SUNSET
AUGUST 29 2016........SUNRISE   614 AM CDT   SUNSET   730 PM CDT
AUGUST 30 2016........SUNRISE   615 AM CDT   SUNSET   728 PM CDT


-  INDICATES NEGATIVE NUMBERS.
R  INDICATES RECORD WAS SET OR TIED.
MM INDICATES DATA IS MISSING.
T  INDICATES TRACE AMOUNT.




$$
