000
CDUS46 KSEW 010121
CLIUIL


CLIMATE REPORT
NATIONAL WEATHER SERVICE SEATTLE WA
520 PM PST SAT FEB 28 2015


...................................

...THE QUILLAYUTE WA AIRPORT CLIMATE SUMMARY FOR FEBRUARY 28 2015...
VALID TODAY AS OF 0500 PM LOCAL TIME.

CLIMATE NORMAL PERIOD 1981 TO 2010
CLIMATE RECORD PERIOD 1966 TO 2015


WEATHER ITEM   OBSERVED TIME   RECORD YEAR NORMAL DEPARTURE LAST
                VALUE   (LST)  VALUE       VALUE  FROM      YEAR
                                                  NORMAL
..................................................................
TEMPERATURE (F)
 TODAY
  MAXIMUM         59    343 PM  72    1968  50      9       58
  MINIMUM         42    648 AM  15    1971  35      7       36
  AVERAGE         51                        43      8       47

PRECIPITATION (IN)
  TODAY            0.00          2.37 1994   0.35  -0.35     0.00
  MONTH TO DATE    8.30                     10.35  -2.05    10.64
  SINCE OCT 1     64.58                     63.96   0.62    39.80
  SINCE JAN 1     19.83                     24.96  -5.13    22.57

DEGREE DAYS
 HEATING
  TODAY           14                        22     -8       18
  MONTH TO DATE  452                       640   -188      636
  SINCE DEC 1   1672                      2131   -459     1998
  SINCE JUL 1   2906                      3845   -939     3194

 COOLING
  TODAY            0                         0      0        0
  MONTH TO DATE    0                         0      0        0
  SINCE DEC 1      0                         0      0        0
  SINCE JAN 1      0                         0      0        0
..................................................................


WIND (MPH)
  RESULTANT WIND SPEED  11   RESULTANT WIND DIRECTION  NE (40)
  HIGHEST WIND SPEED    21   HIGHEST WIND DIRECTION    NE (50)
  HIGHEST GUST SPEED    28   HIGHEST GUST DIRECTION    NE (50)
  AVERAGE WIND SPEED    11.5


SKY COVER
  AVERAGE SKY COVER 0.0


WEATHER CONDITIONS
 THE FOLLOWING WEATHER WAS RECORDED TODAY.
  NO SIGNIFICANT WEATHER WAS OBSERVED.


RELATIVE HUMIDITY (PERCENT)
 HIGHEST    49           100 AM
 LOWEST     19           300 PM
 AVERAGE    34

..........................................................


THE QUILLAYUTE WA AIRPORT CLIMATE NORMALS FOR TOMORROW
                         NORMAL    RECORD    YEAR
 MAXIMUM TEMPERATURE (F)   50        64      1990
 MINIMUM TEMPERATURE (F)   36        19      1971


SUNRISE AND SUNSET
FEBRUARY 28 2015......SUNRISE   701 AM PST   SUNSET   601 PM PST
MARCH  1 2015.........SUNRISE   659 AM PST   SUNSET   602 PM PST


-  INDICATES NEGATIVE NUMBERS.
R  INDICATES RECORD WAS SET OR TIED.
MM INDICATES DATA IS MISSING.
T  INDICATES TRACE AMOUNT.




$$
