000
CDUS46 KSEW 040832
CLIUIL


CLIMATE REPORT
NATIONAL WEATHER SERVICE SEATTLE WA
132 AM PDT WED MAY 4 2016


...................................

...THE QUILLAYUTE WA AIRPORT CLIMATE SUMMARY FOR MAY 3 2016...

CLIMATE NORMAL PERIOD 1981 TO 2010
CLIMATE RECORD PERIOD 1966 TO 2016


WEATHER ITEM   OBSERVED TIME   RECORD YEAR NORMAL DEPARTURE LAST
                VALUE   (LST)  VALUE       VALUE  FROM      YEAR
                                                  NORMAL
..................................................................
TEMPERATURE (F)
 YESTERDAY
  MAXIMUM         57   1008 AM  83    1992  58     -1       62
  MINIMUM         49   1159 PM  32    2006  41      8       38
                                      1980
  AVERAGE         53                        49      4       50

PRECIPITATION (IN)
  YESTERDAY        0.07          1.10 2014   0.20  -0.13     0.00
  MONTH TO DATE    0.07                      0.58  -0.51     0.01
  SINCE OCT 1     93.56                     83.22  10.34    85.49
  SINCE JAN 1     49.58                     44.22   5.36    40.74

DEGREE DAYS
 HEATING
  YESTERDAY       12                        16     -4       15
  MONTH TO DATE   21                        48    -27       45
  SINCE MAR 1    937                      1245   -308     1104
  SINCE JUL 1   4060                      5090  -1030     4014

 COOLING
  YESTERDAY        0                         0      0        0
  MONTH TO DATE    0                         0      0        0
  SINCE MAR 1      0                         0      0        0
  SINCE JAN 1      0                         0      0        0
..................................................................


WIND (MPH)
  RESULTANT WIND SPEED   5   RESULTANT WIND DIRECTION   W (290)
  HIGHEST WIND SPEED    12   HIGHEST WIND DIRECTION    NW (300)
  HIGHEST GUST SPEED    15   HIGHEST GUST DIRECTION    NW (310)
  AVERAGE WIND SPEED     4.1


SKY COVER
  AVERAGE SKY COVER 1.0


WEATHER CONDITIONS
 THE FOLLOWING WEATHER WAS RECORDED YESTERDAY.
  LIGHT RAIN
  FOG


RELATIVE HUMIDITY (PERCENT)
 HIGHEST   100          1200 AM
 LOWEST     77           300 PM
 AVERAGE    89

..........................................................


THE QUILLAYUTE WA AIRPORT CLIMATE NORMALS FOR TODAY
                         NORMAL    RECORD    YEAR
 MAXIMUM TEMPERATURE (F)   58        82      2013
 MINIMUM TEMPERATURE (F)   41        31      2011
                                             1969


SUNRISE AND SUNSET
MAY  4 2016...........SUNRISE   554 AM PDT   SUNSET   836 PM PDT
MAY  5 2016...........SUNRISE   553 AM PDT   SUNSET   838 PM PDT


-  INDICATES NEGATIVE NUMBERS.
R  INDICATES RECORD WAS SET OR TIED.
MM INDICATES DATA IS MISSING.
T  INDICATES TRACE AMOUNT.




$$
