000
CDUS46 KSEW 230119
CLIUIL


CLIMATE REPORT
NATIONAL WEATHER SERVICE SEATTLE WA
519 PM PST MON DEC 22 2014


...................................

...THE QUILLAYUTE WA AIRPORT CLIMATE SUMMARY FOR DECEMBER 22 2014...
VALID TODAY AS OF 0500 PM LOCAL TIME.

CLIMATE NORMAL PERIOD 1981 TO 2010
CLIMATE RECORD PERIOD 1966 TO 2014


WEATHER ITEM   OBSERVED TIME   RECORD YEAR NORMAL DEPARTURE LAST
                VALUE   (LST)  VALUE       VALUE  FROM      YEAR
                                                  NORMAL
..................................................................
TEMPERATURE (F)
 TODAY
  MAXIMUM         50   1204 AM  56    1986  46      4       51
  MINIMUM         35    641 AM  11    1983  34      1       47
  AVERAGE         43                        40      3       49

PRECIPITATION (IN)
  TODAY            0.00          2.89 1969   0.41  -0.41     0.58
  MONTH TO DATE   12.07                      9.34   2.73     4.35
  SINCE OCT 1     42.61                     35.35   7.26    15.42
  SINCE JAN 1    103.01                     95.89   7.12    86.83

DEGREE DAYS
 HEATING
  TODAY           22                        25     -3       16
  MONTH TO DATE  410                       542   -132      568
  SINCE DEC 1    410                       542   -132      568
  SINCE JUL 1   1644                      2256   -612     1764

 COOLING
  TODAY            0                         0      0        0
  MONTH TO DATE    0                         0      0        0
  SINCE DEC 1      0                         0      0        0
  SINCE JAN 1     25                        19      6       39
..................................................................


WIND (MPH)
  RESULTANT WIND SPEED   2   RESULTANT WIND DIRECTION   E (80)
  HIGHEST WIND SPEED    12   HIGHEST WIND DIRECTION    NW (320)
  HIGHEST GUST SPEED    18   HIGHEST GUST DIRECTION    NW (320)
  AVERAGE WIND SPEED     3.2


SKY COVER
  AVERAGE SKY COVER 0.5


WEATHER CONDITIONS
 THE FOLLOWING WEATHER WAS RECORDED TODAY.
  FOG
  FOG W/VISIBILITY <= 1/4 MILE


RELATIVE HUMIDITY (PERCENT)
 HIGHEST   100           300 AM
 LOWEST     80          1200 AM
 AVERAGE    90

..........................................................


THE QUILLAYUTE WA AIRPORT CLIMATE NORMALS FOR TOMORROW
                         NORMAL    RECORD    YEAR
 MAXIMUM TEMPERATURE (F)   46        57      1999
                                             1994
 MINIMUM TEMPERATURE (F)   35        13      1983


SUNRISE AND SUNSET
DECEMBER 22 2014......SUNRISE   806 AM PST   SUNSET   428 PM PST
DECEMBER 23 2014......SUNRISE   806 AM PST   SUNSET   429 PM PST


-  INDICATES NEGATIVE NUMBERS.
R  INDICATES RECORD WAS SET OR TIED.
MM INDICATES DATA IS MISSING.
T  INDICATES TRACE AMOUNT.




$$
