000
CDUS46 KSEW 030827
CLIUIL


CLIMATE REPORT
NATIONAL WEATHER SERVICE SEATTLE WA
127 AM PDT THU SEP 3 2015


...................................

...THE QUILLAYUTE WA AIRPORT CLIMATE SUMMARY FOR SEPTEMBER 2 2015...

CLIMATE NORMAL PERIOD 1981 TO 2010
CLIMATE RECORD PERIOD 1966 TO 2015


WEATHER ITEM   OBSERVED TIME   RECORD YEAR NORMAL DEPARTURE LAST
                VALUE   (LST)  VALUE       VALUE  FROM      YEAR
                                                  NORMAL
..................................................................
TEMPERATURE (F)
 YESTERDAY
  MAXIMUM         65    313 PM  97    1988  68     -3       64
  MINIMUM         47    336 AM  35    1999  49     -2       50
  AVERAGE         56                        59     -3       57

PRECIPITATION (IN)
  YESTERDAY        0.17          1.28 1979   0.10   0.07     0.14
  MONTH TO DATE    0.57                      0.20   0.37     0.15
  SINCE OCT 1     91.94                     95.92  -3.98    73.23
  SINCE JAN 1     47.19                     56.92  -9.73    56.00

DEGREE DAYS
 HEATING
  YESTERDAY        9                         7      2        8
  MONTH TO DATE   15                        13      2       14
  SINCE SEP 1     15                        13      2       14
  SINCE JUL 1    172                       382   -210      264

 COOLING
  YESTERDAY        0                         0      0        0
  MONTH TO DATE    0                         0      0        0
  SINCE SEP 1      0                         0      0        0
  SINCE JAN 1     56                        17     39       18
..................................................................


WIND (MPH)
  RESULTANT WIND SPEED   4   RESULTANT WIND DIRECTION  SW (230)
  HIGHEST WIND SPEED    17   HIGHEST WIND DIRECTION    SW (210)
  HIGHEST GUST SPEED    22   HIGHEST GUST DIRECTION     W (260)
  AVERAGE WIND SPEED     4.9


SKY COVER
  AVERAGE SKY COVER 0.6


WEATHER CONDITIONS
 THE FOLLOWING WEATHER WAS RECORDED YESTERDAY.
  HEAVY RAIN


RELATIVE HUMIDITY (PERCENT)
 HIGHEST   100           100 AM
 LOWEST     52           300 PM
 AVERAGE    76

..........................................................


THE QUILLAYUTE WA AIRPORT CLIMATE NORMALS FOR TODAY
                         NORMAL    RECORD    YEAR
 MAXIMUM TEMPERATURE (F)   68        82      2011
 MINIMUM TEMPERATURE (F)   49        37      1999


SUNRISE AND SUNSET
SEPTEMBER  3 2015.....SUNRISE   639 AM PDT   SUNSET   755 PM PDT
SEPTEMBER  4 2015.....SUNRISE   640 AM PDT   SUNSET   753 PM PDT


-  INDICATES NEGATIVE NUMBERS.
R  INDICATES RECORD WAS SET OR TIED.
MM INDICATES DATA IS MISSING.
T  INDICATES TRACE AMOUNT.




$$
