000
CDUS46 KSEW 140830
CLIUIL


CLIMATE REPORT
NATIONAL WEATHER SERVICE SEATTLE WA
1229 AM PST SUN FEB 14 2016


...................................

...THE QUILLAYUTE WA AIRPORT CLIMATE SUMMARY FOR FEBRUARY 13 2016...

CLIMATE NORMAL PERIOD 1981 TO 2010
CLIMATE RECORD PERIOD 1966 TO 2016


WEATHER ITEM   OBSERVED TIME   RECORD YEAR NORMAL DEPARTURE LAST
                VALUE   (LST)  VALUE       VALUE  FROM      YEAR
                                                  NORMAL
..................................................................
TEMPERATURE (F)
 YESTERDAY
  MAXIMUM         49    721 PM  67    1996  49      0       59
  MINIMUM         43    739 AM  21    1990  35      8       48
  AVERAGE         46                        42      4       54

PRECIPITATION (IN)
  YESTERDAY        1.93          5.07 1982   0.35   1.58     0.12
  MONTH TO DATE    7.50                      4.98   2.52     6.88
  SINCE OCT 1     67.20                     58.59   8.61    63.16
  SINCE JAN 1     23.22                     19.59   3.63    18.41

DEGREE DAYS
 HEATING
  YESTERDAY       19                        23     -4       11
  MONTH TO DATE  228                       299    -71      189
  SINCE DEC 1   1537                      1790   -253     1409
  SINCE JUL 1   2848                      3504   -656     2643

 COOLING
  YESTERDAY        0                         0      0        0
  MONTH TO DATE    0                         0      0        0
  SINCE DEC 1      0                         0      0        0
  SINCE JAN 1      0                         0      0        0
..................................................................


WIND (MPH)
  RESULTANT WIND SPEED   6   RESULTANT WIND DIRECTION   S (170)
  HIGHEST WIND SPEED    20   HIGHEST WIND DIRECTION     S (190)
  HIGHEST GUST SPEED    29   HIGHEST GUST DIRECTION     S (180)
  AVERAGE WIND SPEED     6.9


SKY COVER
  AVERAGE SKY COVER 0.7


WEATHER CONDITIONS
 THE FOLLOWING WEATHER WAS RECORDED YESTERDAY.
  HEAVY RAIN
  RAIN
  LIGHT RAIN
  FOG


RELATIVE HUMIDITY (PERCENT)
 HIGHEST   100           100 PM
 LOWEST     86           200 AM
 AVERAGE    93

..........................................................


THE QUILLAYUTE WA AIRPORT CLIMATE NORMALS FOR TODAY
                         NORMAL    RECORD    YEAR
 MAXIMUM TEMPERATURE (F)   49        65      1996
 MINIMUM TEMPERATURE (F)   35        20      1990


SUNRISE AND SUNSET
FEBRUARY 14 2016......SUNRISE   727 AM PST   SUNSET   539 PM PST
FEBRUARY 15 2016......SUNRISE   725 AM PST   SUNSET   540 PM PST


-  INDICATES NEGATIVE NUMBERS.
R  INDICATES RECORD WAS SET OR TIED.
MM INDICATES DATA IS MISSING.
T  INDICATES TRACE AMOUNT.




$$
