000
CDUS46 KSEW 290121
CLIUIL


CLIMATE REPORT
NATIONAL WEATHER SERVICE SEATTLE WA
620 PM PDT WED SEP 28 2016


...................................

...THE QUILLAYUTE WA AIRPORT CLIMATE SUMMARY FOR SEPTEMBER 28 2016...
VALID TODAY AS OF 0600 PM LOCAL TIME.

CLIMATE NORMAL PERIOD 1981 TO 2010
CLIMATE RECORD PERIOD 1966 TO 2016


WEATHER ITEM   OBSERVED TIME   RECORD YEAR NORMAL DEPARTURE LAST
                VALUE   (LST)  VALUE       VALUE  FROM      YEAR
                                                  NORMAL
..................................................................
TEMPERATURE (F)
 TODAY
  MAXIMUM         68    113 PM  86    1989  64      4       72
  MINIMUM         39    637 AM  30    1983  45     -6       37
  AVERAGE         54                        54      0       55

PRECIPITATION (IN)
  TODAY            0.00          1.93 2013   0.17  -0.17     0.00
  MONTH TO DATE    4.18                      3.46   0.72     6.22
  SINCE OCT 1    106.35                     99.18   7.17    97.59
  SINCE JAN 1     62.37                     60.18   2.19    52.84

DEGREE DAYS
 HEATING
  TODAY           11                        11      0       10
  MONTH TO DATE  236                       234      2      224
  SINCE SEP 1    236                       234      2      224
  SINCE JUL 1    512                       603    -91      381

 COOLING
  TODAY            0                         0      0        0
  MONTH TO DATE    0                         0      0        0
  SINCE SEP 1      0                         0      0        0
  SINCE JAN 1     54                        17     37       56
..................................................................


WIND (MPH)
  RESULTANT WIND SPEED   3   RESULTANT WIND DIRECTION  NW (320)
  HIGHEST WIND SPEED    15   HIGHEST WIND DIRECTION    NW (330)
  HIGHEST GUST SPEED    20   HIGHEST GUST DIRECTION     W (290)
  AVERAGE WIND SPEED     4.2


SKY COVER
  AVERAGE SKY COVER 0.0


WEATHER CONDITIONS
 THE FOLLOWING WEATHER WAS RECORDED TODAY.
  FOG


RELATIVE HUMIDITY (PERCENT)
 HIGHEST    93          1200 AM
 LOWEST     45           100 PM
 AVERAGE    69

..........................................................


THE QUILLAYUTE WA AIRPORT CLIMATE NORMALS FOR TOMORROW
                         NORMAL    RECORD    YEAR
 MAXIMUM TEMPERATURE (F)   63        83      2008
 MINIMUM TEMPERATURE (F)   44        31      1983


SUNRISE AND SUNSET
SEPTEMBER 28 2016.....SUNRISE   714 AM PDT   SUNSET   702 PM PDT
SEPTEMBER 29 2016.....SUNRISE   715 AM PDT   SUNSET   700 PM PDT


-  INDICATES NEGATIVE NUMBERS.
R  INDICATES RECORD WAS SET OR TIED.
MM INDICATES DATA IS MISSING.
T  INDICATES TRACE AMOUNT.




$$
