000
CDUS46 KSEW 070128
CLIUIL


CLIMATE REPORT
NATIONAL WEATHER SERVICE SEATTLE WA
628 PM PDT MON JUL 6 2015


...................................

...THE QUILLAYUTE WA AIRPORT CLIMATE SUMMARY FOR JULY 6 2015...
VALID TODAY AS OF 0600 PM LOCAL TIME.

CLIMATE NORMAL PERIOD 1981 TO 2010
CLIMATE RECORD PERIOD 1966 TO 2015


WEATHER ITEM   OBSERVED TIME   RECORD YEAR NORMAL DEPARTURE LAST
                VALUE   (LST)  VALUE       VALUE  FROM      YEAR
                                                  NORMAL
..................................................................
TEMPERATURE (F)
 TODAY
  MAXIMUM         69    342 PM  82    2010  66      3       66
  MINIMUM         58    630 AM  40    1996  50      8       58
                                      1977
  AVERAGE         64                        58      6       62

PRECIPITATION (IN)
  TODAY            0.00          0.46 1983   0.08  -0.08     0.16
  MONTH TO DATE    0.00                      0.47  -0.47     0.25
  SINCE OCT 1     86.35                     91.72  -5.37    71.82
  SINCE JAN 1     41.60                     52.72 -11.12    54.59

DEGREE DAYS
 HEATING
  TODAY            1                         7     -6        3
  MONTH TO DATE    6                        45    -39       28
  SINCE JUN 1    196                       339   -143      277
  SINCE JUL 1      6                        45    -39       28

 COOLING
  TODAY            0                         0      0        0
  MONTH TO DATE    2                         0      2        6
  SINCE JUN 1     15                         3     12        6
  SINCE JAN 1     15                         4     11       10
..................................................................


WIND (MPH)
  RESULTANT WIND SPEED   5   RESULTANT WIND DIRECTION   S (180)
  HIGHEST WIND SPEED    14   HIGHEST WIND DIRECTION    SW (220)
  HIGHEST GUST SPEED    19   HIGHEST GUST DIRECTION     W (250)
  AVERAGE WIND SPEED     6.4


SKY COVER
  AVERAGE SKY COVER 0.9


WEATHER CONDITIONS
 THE FOLLOWING WEATHER WAS RECORDED TODAY.
  FOG
  HAZE


RELATIVE HUMIDITY (PERCENT)
 HIGHEST   100           300 AM
 LOWEST     68           100 PM
 AVERAGE    84

..........................................................


THE QUILLAYUTE WA AIRPORT CLIMATE NORMALS FOR TOMORROW
                         NORMAL    RECORD    YEAR
 MAXIMUM TEMPERATURE (F)   66        92      2010
 MINIMUM TEMPERATURE (F)   50        39      1971


SUNRISE AND SUNSET
JULY  6 2015..........SUNRISE   526 AM PDT   SUNSET   919 PM PDT
JULY  7 2015..........SUNRISE   527 AM PDT   SUNSET   919 PM PDT


-  INDICATES NEGATIVE NUMBERS.
R  INDICATES RECORD WAS SET OR TIED.
MM INDICATES DATA IS MISSING.
T  INDICATES TRACE AMOUNT.




$$
