000
CDUS46 KSEW 220830
CLIUIL


CLIMATE REPORT
NATIONAL WEATHER SERVICE SEATTLE WA
130 AM PDT MON SEP 22 2014


...................................

...THE QUILLAYUTE WA AIRPORT CLIMATE SUMMARY FOR SEPTEMBER 21 2014...

CLIMATE NORMAL PERIOD 1981 TO 2010
CLIMATE RECORD PERIOD 1966 TO 2014


WEATHER ITEM   OBSERVED TIME   RECORD YEAR NORMAL DEPARTURE LAST
                VALUE   (LST)  VALUE       VALUE  FROM      YEAR
                                                  NORMAL
..................................................................
TEMPERATURE (F)
 YESTERDAY
  MAXIMUM         63   1252 PM  85    1974  65     -2       69
  MINIMUM         56    403 AM  34    2005  46     10       54
                                      1993
  AVERAGE         60                        56      4       62

PRECIPITATION (IN)
  YESTERDAY        0.08          1.43 1981   0.13  -0.05     0.22
  MONTH TO DATE    0.49                      2.37  -1.88     2.80
  SINCE OCT 1     73.57                     98.09 -24.52   111.59
  SINCE JAN 1     56.34                     59.09  -2.75    64.62

DEGREE DAYS
 HEATING
  YESTERDAY        5                         9     -4        3
  MONTH TO DATE   86                       162    -76       39
  SINCE SEP 1     86                       162    -76       39
  SINCE JUL 1    336                       531   -195      211

 COOLING
  YESTERDAY        0                         0      0        0
  MONTH TO DATE    7                         0      7       14
  SINCE SEP 1      7                         0      7       14
  SINCE JAN 1     25                        17      8       39
..................................................................


WIND (MPH)
  RESULTANT WIND SPEED   5   RESULTANT WIND DIRECTION   S (160)
  HIGHEST WIND SPEED    14   HIGHEST WIND DIRECTION     S (190)
  HIGHEST GUST SPEED    22   HIGHEST GUST DIRECTION     S (190)
  AVERAGE WIND SPEED     6.7


SKY COVER
  AVERAGE SKY COVER 0.8


WEATHER CONDITIONS
 THE FOLLOWING WEATHER WAS RECORDED YESTERDAY.
  LIGHT RAIN
  FOG


RELATIVE HUMIDITY (PERCENT)
 HIGHEST   100           500 AM
 LOWEST     78          1200 AM
 AVERAGE    89

..........................................................


THE QUILLAYUTE WA AIRPORT CLIMATE NORMALS FOR TODAY
                         NORMAL    RECORD    YEAR
 MAXIMUM TEMPERATURE (F)   65        89      2009
                                             1989
                                             1974
 MINIMUM TEMPERATURE (F)   46        35      1993


SUNRISE AND SUNSET
SEPTEMBER 22 2014.....SUNRISE   705 AM PDT   SUNSET   716 PM PDT
SEPTEMBER 23 2014.....SUNRISE   706 AM PDT   SUNSET   714 PM PDT


-  INDICATES NEGATIVE NUMBERS.
R  INDICATES RECORD WAS SET OR TIED.
MM INDICATES DATA IS MISSING.
T  INDICATES TRACE AMOUNT.




$$
