000
CDUS46 KSEW 220828
CLIUIL


CLIMATE REPORT
NATIONAL WEATHER SERVICE SEATTLE WA
1227 AM PST WED FEB 22 2017


...................................

...THE QUILLAYUTE WA AIRPORT CLIMATE SUMMARY FOR FEBRUARY 21 2017...

CLIMATE NORMAL PERIOD 1981 TO 2010
CLIMATE RECORD PERIOD 1966 TO 2017


WEATHER ITEM   OBSERVED TIME   RECORD YEAR NORMAL DEPARTURE LAST
                VALUE   (LST)  VALUE       VALUE  FROM      YEAR
                                                  NORMAL
..................................................................
TEMPERATURE (F)
 YESTERDAY
  MAXIMUM         48    211 PM  63    1970  50     -2       52
  MINIMUM         30    419 AM  24    2005  35     -5       36
  AVERAGE         39                        42     -3       44

PRECIPITATION (IN)
  YESTERDAY        0.07          4.00 2002   0.36  -0.29     0.43
  MONTH TO DATE    9.98                      7.82   2.16    14.60
  SINCE OCT 1     78.19                     61.43  16.76    74.30
  SINCE JAN 1     18.26                     22.43  -4.17    30.32

DEGREE DAYS
 HEATING
  YESTERDAY       26                        23      3       21
  MONTH TO DATE  492                       483      9      366
  SINCE DEC 1   2191                      1974    217     1675
  SINCE JUL 1   3618                      3688    -70     2986

 COOLING
  YESTERDAY        0                         0      0        0
  MONTH TO DATE    0                         0      0        0
  SINCE DEC 1      0                         0      0        0
  SINCE JAN 1      0                         0      0        0
..................................................................


WIND (MPH)
  RESULTANT WIND SPEED   3   RESULTANT WIND DIRECTION  NW (330)
  HIGHEST WIND SPEED    17   HIGHEST WIND DIRECTION    NW (330)
  HIGHEST GUST SPEED    25   HIGHEST GUST DIRECTION     N (340)
  AVERAGE WIND SPEED     5.4


SKY COVER
  AVERAGE SKY COVER 0.3


WEATHER CONDITIONS
 THE FOLLOWING WEATHER WAS RECORDED YESTERDAY.
  LIGHT RAIN
  FOG


RELATIVE HUMIDITY (PERCENT)
 HIGHEST   100          1200 AM
 LOWEST     53           200 PM
 AVERAGE    77

..........................................................


THE QUILLAYUTE WA AIRPORT CLIMATE NORMALS FOR TODAY
                         NORMAL    RECORD    YEAR
 MAXIMUM TEMPERATURE (F)   50        61      2005
                                             1981
                                             1973
 MINIMUM TEMPERATURE (F)   35        22      1993


SUNRISE AND SUNSET
FEBRUARY 22 2017......SUNRISE   711 AM PST   SUNSET   552 PM PST
FEBRUARY 23 2017......SUNRISE   710 AM PST   SUNSET   554 PM PST


-  INDICATES NEGATIVE NUMBERS.
R  INDICATES RECORD WAS SET OR TIED.
MM INDICATES DATA IS MISSING.
T  INDICATES TRACE AMOUNT.




$$
