850
CDUS46 KSEW 260827
CLIUIL


CLIMATE REPORT
NATIONAL WEATHER SERVICE SEATTLE WA
127 AM PDT WED JUL 26 2017


...................................

...THE QUILLAYUTE WA AIRPORT CLIMATE SUMMARY FOR JULY 25 2017...

CLIMATE NORMAL PERIOD 1981 TO 2010
CLIMATE RECORD PERIOD 1966 TO 2017


WEATHER ITEM   OBSERVED TIME   RECORD YEAR NORMAL DEPARTURE LAST
                VALUE   (LST)  VALUE       VALUE  FROM      YEAR
                                                  NORMAL
..................................................................
TEMPERATURE (F)
 YESTERDAY
  MAXIMUM         73   1254 PM  95    1988  68      5       65
  MINIMUM         48    439 AM  41    2010  51     -3       58
                                      2001
  AVERAGE         61                        60      1       62

PRECIPITATION (IN)
  YESTERDAY        0.00          1.38 1995   0.07  -0.07     0.01
  MONTH TO DATE    0.24                      1.66  -1.42     2.17
  SINCE OCT 1    127.07                     92.91  34.16   101.50
  SINCE JAN 1     67.14                     53.91  13.23    57.52

DEGREE DAYS
 HEATING
  YESTERDAY        4                         6     -2        3
  MONTH TO DATE  159                       164     -5      127
  SINCE JUN 1    427                       458    -31      376
  SINCE JUL 1    159                       164     -5      127

 COOLING
  YESTERDAY        0                         0      0        0
  MONTH TO DATE    0                         0      0        0
  SINCE JUN 1     11                         3      8       11
  SINCE JAN 1     11                         4      7       11
..................................................................


WIND (MPH)
  RESULTANT WIND SPEED   4   RESULTANT WIND DIRECTION  NW (300)
  HIGHEST WIND SPEED    14   HIGHEST WIND DIRECTION    NW (330)
  HIGHEST GUST SPEED    17   HIGHEST GUST DIRECTION    NW (330)
  AVERAGE WIND SPEED     5.6


SKY COVER
  AVERAGE SKY COVER 0.4


WEATHER CONDITIONS
 THE FOLLOWING WEATHER WAS RECORDED YESTERDAY.
  FOG
  FOG W/VISIBILITY <= 1/4 MILE


RELATIVE HUMIDITY (PERCENT)
 HIGHEST   100           600 AM
 LOWEST     57           100 PM
 AVERAGE    79

..........................................................


THE QUILLAYUTE WA AIRPORT CLIMATE NORMALS FOR TODAY
                         NORMAL    RECORD    YEAR
 MAXIMUM TEMPERATURE (F)   68        85      1998
 MINIMUM TEMPERATURE (F)   51        39      1985


SUNRISE AND SUNSET
JULY 26 2017..........SUNRISE   548 AM PDT   SUNSET   901 PM PDT
JULY 27 2017..........SUNRISE   549 AM PDT   SUNSET   900 PM PDT


-  INDICATES NEGATIVE NUMBERS.
R  INDICATES RECORD WAS SET OR TIED.
MM INDICATES DATA IS MISSING.
T  INDICATES TRACE AMOUNT.




$$
