000
CDUS46 KSEW 160837
CLIUIL


CLIMATE REPORT
NATIONAL WEATHER SERVICE SEATTLE WA
1237 AM PST SAT DEC 16 2017


...................................

...THE QUILLAYUTE WA AIRPORT CLIMATE SUMMARY FOR DECEMBER 15 2017...

CLIMATE NORMAL PERIOD 1981 TO 2010
CLIMATE RECORD PERIOD 1966 TO 2017


WEATHER ITEM   OBSERVED TIME   RECORD YEAR NORMAL DEPARTURE LAST
                VALUE   (LST)  VALUE       VALUE  FROM      YEAR
                                                  NORMAL
..................................................................
TEMPERATURE (F)
 YESTERDAY
  MAXIMUM         49    126 PM  55    1980  46      3       41
  MINIMUM         39    214 AM  21    1967  34      5       25
  AVERAGE         44                        40      4       33

PRECIPITATION (IN)
  YESTERDAY        0.03          4.61 1999   0.40  -0.37     0.00
  MONTH TO DATE    2.46                      6.54  -4.08     6.40
  SINCE OCT 1     29.63                     32.55  -2.92    53.20
  SINCE JAN 1    101.02                     93.09   7.93   115.57

DEGREE DAYS
 HEATING
  YESTERDAY       21                        25     -4       32
  MONTH TO DATE  352                       367    -15      413
  SINCE DEC 1    352                       367    -15      413
  SINCE JUL 1   1886                      2081   -195     1840

 COOLING
  YESTERDAY        0                         0      0        0
  MONTH TO DATE    0                         0      0        0
  SINCE DEC 1      0                         0      0        0
  SINCE JAN 1     73                        19     54       54
..................................................................


WIND (MPH)
  RESULTANT WIND SPEED   2   RESULTANT WIND DIRECTION  NW (310)
  HIGHEST WIND SPEED    18   HIGHEST WIND DIRECTION    NW (310)
  HIGHEST GUST SPEED    26   HIGHEST GUST DIRECTION    NW (310)
  AVERAGE WIND SPEED     4.3


SKY COVER
  AVERAGE SKY COVER 0.8


WEATHER CONDITIONS
 THE FOLLOWING WEATHER WAS RECORDED YESTERDAY.
  LIGHT RAIN
  FOG


RELATIVE HUMIDITY (PERCENT)
 HIGHEST   100           300 AM
 LOWEST     70           900 PM
 AVERAGE    85

..........................................................


THE QUILLAYUTE WA AIRPORT CLIMATE NORMALS FOR TODAY
                         NORMAL    RECORD    YEAR
 MAXIMUM TEMPERATURE (F)   46        57      1980
 MINIMUM TEMPERATURE (F)   34        19      2008


SUNRISE AND SUNSET
DECEMBER 16 2017......SUNRISE   802 AM PST   SUNSET   426 PM PST
DECEMBER 17 2017......SUNRISE   803 AM PST   SUNSET   426 PM PST


-  INDICATES NEGATIVE NUMBERS.
R  INDICATES RECORD WAS SET OR TIED.
MM INDICATES DATA IS MISSING.
T  INDICATES TRACE AMOUNT.




$$
