000
CDUS46 KSEW 270831
CLIUIL


CLIMATE REPORT
NATIONAL WEATHER SERVICE SEATTLE WA
129 AM PDT WED MAY 27 2015


...................................

...THE QUILLAYUTE WA AIRPORT CLIMATE SUMMARY FOR MAY 26 2015...

CLIMATE NORMAL PERIOD 1981 TO 2010
CLIMATE RECORD PERIOD 1966 TO 2015


WEATHER ITEM   OBSERVED TIME   RECORD YEAR NORMAL DEPARTURE LAST
                VALUE   (LST)  VALUE       VALUE  FROM      YEAR
                                                  NORMAL
..................................................................
TEMPERATURE (F)
 YESTERDAY
  MAXIMUM         62   1221 PM  86    2005  61      1       61
  MINIMUM         50    420 AM  34    1998  45      5       44
  AVERAGE         56                        53      3       53

PRECIPITATION (IN)
  YESTERDAY        0.00          1.13 1988   0.15  -0.15     0.16
  MONTH TO DATE    0.67                      4.35  -3.68     3.81
  SINCE OCT 1     86.15                     86.99  -0.84    69.32
  SINCE JAN 1     41.40                     47.99  -6.59    52.09

DEGREE DAYS
 HEATING
  YESTERDAY        9                        12     -3       12
  MONTH TO DATE  314                       366    -52      260
  SINCE MAR 1   1373                      1563   -190     1348
  SINCE JUL 1   4283                      5408  -1125     4542

 COOLING
  YESTERDAY        0                         0      0        0
  MONTH TO DATE    0                         0      0        2
  SINCE MAR 1      0                         0      0        4
  SINCE JAN 1      0                         0      0        4
..................................................................


WIND (MPH)
  RESULTANT WIND SPEED   4   RESULTANT WIND DIRECTION  SW (240)
  HIGHEST WIND SPEED    13   HIGHEST WIND DIRECTION     W (280)
  HIGHEST GUST SPEED    18   HIGHEST GUST DIRECTION     W (260)
  AVERAGE WIND SPEED     3.8


SKY COVER
  AVERAGE SKY COVER 0.9


WEATHER CONDITIONS
 THE FOLLOWING WEATHER WAS RECORDED YESTERDAY.
  FOG


RELATIVE HUMIDITY (PERCENT)
 HIGHEST   100           100 AM
 LOWEST     78          1200 PM
 AVERAGE    89

..........................................................


THE QUILLAYUTE WA AIRPORT CLIMATE NORMALS FOR TODAY
                         NORMAL    RECORD    YEAR
 MAXIMUM TEMPERATURE (F)   61        89      2005
                                             1972
 MINIMUM TEMPERATURE (F)   45        33      1982


SUNRISE AND SUNSET
MAY 27 2015...........SUNRISE   527 AM PDT   SUNSET   904 PM PDT
MAY 28 2015...........SUNRISE   526 AM PDT   SUNSET   905 PM PDT


-  INDICATES NEGATIVE NUMBERS.
R  INDICATES RECORD WAS SET OR TIED.
MM INDICATES DATA IS MISSING.
T  INDICATES TRACE AMOUNT.




$$
