000
CDUS46 KSEW 250827
CLIUIL


CLIMATE REPORT
NATIONAL WEATHER SERVICE SEATTLE WA
1227 AM PST SUN JAN 25 2015


...................................

...THE QUILLAYUTE WA AIRPORT CLIMATE SUMMARY FOR JANUARY 24 2015...

CLIMATE NORMAL PERIOD 1981 TO 2010
CLIMATE RECORD PERIOD 1966 TO 2015


WEATHER ITEM   OBSERVED TIME   RECORD YEAR NORMAL DEPARTURE LAST
                VALUE   (LST)  VALUE       VALUE  FROM      YEAR
                                                  NORMAL
..................................................................
TEMPERATURE (F)
 YESTERDAY
  MAXIMUM         54    237 PM  66    2014  48      6       66
  MINIMUM         52   1159 PM  19    1969  36     16       35
  AVERAGE         53                        42     11       51

PRECIPITATION (IN)
  YESTERDAY        0.49          3.85 1984   0.46   0.03     0.00
  MONTH TO DATE   11.42                     11.58  -0.16     9.40
  SINCE OCT 1     56.17                     50.58   5.59    26.63
  SINCE JAN 1     11.42                     11.58  -0.16     9.40

DEGREE DAYS
 HEATING
  YESTERDAY       12                        23    -11       14
  MONTH TO DATE  466                       564    -98      471
  SINCE DEC 1   1091                      1328   -237     1228
  SINCE JUL 1   2325                      3042   -717     2424

 COOLING
  YESTERDAY        0                         0      0        0
  MONTH TO DATE    0                         0      0        0
  SINCE DEC 1      0                         0      0        0
  SINCE JAN 1      0                         0      0        0
..................................................................


WIND (MPH)
  RESULTANT WIND SPEED   6   RESULTANT WIND DIRECTION   S (180)
  HIGHEST WIND SPEED    14   HIGHEST WIND DIRECTION     S (180)
  HIGHEST GUST SPEED    22   HIGHEST GUST DIRECTION     S (180)
  AVERAGE WIND SPEED     6.9


SKY COVER
  AVERAGE SKY COVER 1.0


WEATHER CONDITIONS
 THE FOLLOWING WEATHER WAS RECORDED YESTERDAY.
  LIGHT RAIN
  FOG


RELATIVE HUMIDITY (PERCENT)
 HIGHEST   100          1200 AM
 LOWEST     93           800 PM
 AVERAGE    97

..........................................................


THE QUILLAYUTE WA AIRPORT CLIMATE NORMALS FOR TODAY
                         NORMAL    RECORD    YEAR
 MAXIMUM TEMPERATURE (F)   48        60      2014
 MINIMUM TEMPERATURE (F)   36        20      1972


SUNRISE AND SUNSET
JANUARY 25 2015.......SUNRISE   754 AM PST   SUNSET   507 PM PST
JANUARY 26 2015.......SUNRISE   753 AM PST   SUNSET   509 PM PST


-  INDICATES NEGATIVE NUMBERS.
R  INDICATES RECORD WAS SET OR TIED.
MM INDICATES DATA IS MISSING.
T  INDICATES TRACE AMOUNT.




$$
