000
CDUS43 KLSX 010737
CLIUIN


CLIMATE REPORT
NATIONAL WEATHER SERVICE ST LOUIS MO
135 AM CST SUN FEB 1 2015


...................................

...THE QUINCY IL CLIMATE SUMMARY FOR JANUARY 31 2015...

CLIMATE NORMAL PERIOD 1981 TO 2010
CLIMATE RECORD PERIOD 1901 TO 2015


WEATHER ITEM   OBSERVED TIME   RECORD YEAR NORMAL DEPARTURE LAST
                VALUE   (LST)  VALUE       VALUE  FROM      YEAR
                                                  NORMAL
..................................................................
TEMPERATURE (F)
 YESTERDAY
  MAXIMUM         36   1137 AM  72    1989  35      1       23
  MINIMUM         24    323 AM -14    1996  19      5       15
  AVERAGE         30                        27      3

PRECIPITATION (IN)
  YESTERDAY        0.51          0.64 1915   0.05   0.46     0.04
  MONTH TO DATE    1.13                      1.52  -0.39     0.70
  SINCE DEC 1      2.44                      3.77  -1.33     1.78
  SINCE JAN 1      1.13                      1.52  -0.39     0.70

DEGREE DAYS
 HEATING
  YESTERDAY       35                        38     -3
  MONTH TO DATE 1153                      1198    -45
  SINCE DEC 1   2116                      2286   -170
  SINCE JUL 1   3393                      3386      7

 COOLING
  YESTERDAY        0                         0      0
  MONTH TO DATE    0                         0      0
  SINCE DEC 1      0                         0      0
  SINCE JAN 1      0                         0      0
..................................................................


WIND (MPH)
  HIGHEST WIND SPEED    15   HIGHEST WIND DIRECTION     E (110)
  HIGHEST GUST SPEED    24   HIGHEST GUST DIRECTION     E (110)
  AVERAGE WIND SPEED     8.1


SKY COVER
  AVERAGE SKY COVER 0.7



RELATIVE HUMIDITY (PERCENT)
 HIGHEST   100           400 PM
 LOWEST     59          1000 AM
 AVERAGE    80

..........................................................


THE QUINCY IL CLIMATE NORMALS FOR TODAY
                         NORMAL    RECORD    YEAR
 MAXIMUM TEMPERATURE (F)   35        69      1911
 MINIMUM TEMPERATURE (F)   19       -14      1951
                                             1904


SUNRISE AND SUNSET
FEBRUARY  1 2015......SUNRISE   713 AM CST   SUNSET   524 PM CST
FEBRUARY  2 2015......SUNRISE   712 AM CST   SUNSET   525 PM CST


-  INDICATES NEGATIVE NUMBERS.
R  INDICATES RECORD WAS SET OR TIED.
MM INDICATES DATA IS MISSING.
T  INDICATES TRACE AMOUNT.




$$
