000
CDUS43 KLSX 222241
CLIUIN


CLIMATE REPORT
NATIONAL WEATHER SERVICE ST LOUIS MO
439 PM CST WED FEB 22 2017


...................................

...THE QUINCY IL CLIMATE SUMMARY FOR FEBRUARY 22 2017...
VALID TODAY AS OF 0400 PM LOCAL TIME.

CLIMATE NORMAL PERIOD 1981 TO 2010
CLIMATE RECORD PERIOD 1901 TO 2017


WEATHER ITEM   OBSERVED TIME   RECORD YEAR NORMAL DEPARTURE LAST
                VALUE   (LST)  VALUE       VALUE  FROM      YEAR
                                                  NORMAL
..................................................................
TEMPERATURE (F)
 TODAY
  MAXIMUM         68    310 PM  70    1922  42     26       49
  MINIMUM         50    115 AM  -3    1963  25     25       30
  AVERAGE         59                        33     26       40

PRECIPITATION (IN)
  TODAY            0.00          1.60 1985   0.08  -0.08     0.00
  MONTH TO DATE    0.40                      1.41  -1.01     0.22
  SINCE DEC 1      2.61                      5.18  -2.57     6.44
  SINCE JAN 1      1.58                      2.93  -1.35     0.62

DEGREE DAYS
 HEATING
  TODAY            6                        32    -26
  MONTH TO DATE  498                       772   -274
  SINCE DEC 1   2637                      3058   -421
  SINCE JUL 1   3325                      4158   -833

 COOLING
  TODAY            0                         0      0
  MONTH TO DATE    0                         0      0
  SINCE DEC 1      0                         0      0
  SINCE JAN 1      0                         0      0
..................................................................


WIND (MPH)
  HIGHEST WIND SPEED    23   HIGHEST WIND DIRECTION     S (190)
  HIGHEST GUST SPEED    29   HIGHEST GUST DIRECTION     S (190)
  AVERAGE WIND SPEED    12.2


SKY COVER
  AVERAGE SKY COVER 0.8



RELATIVE HUMIDITY (PERCENT)
 HIGHEST   100          1200 AM
 LOWEST     59           300 PM
 AVERAGE    80

..........................................................


THE QUINCY IL CLIMATE NORMALS FOR TOMORROW
                         NORMAL    RECORD    YEAR
 MAXIMUM TEMPERATURE (F)   42        70      1922
 MINIMUM TEMPERATURE (F)   25        -7      1989


SUNRISE AND SUNSET
FEBRUARY 22 2017......SUNRISE   648 AM CST   SUNSET   549 PM CST
FEBRUARY 23 2017......SUNRISE   646 AM CST   SUNSET   550 PM CST


-  INDICATES NEGATIVE NUMBERS.
R  INDICATES RECORD WAS SET OR TIED.
MM INDICATES DATA IS MISSING.
T  INDICATES TRACE AMOUNT.




$$
