000
CDUS43 KLSX 260733
CLIUIN


CLIMATE REPORT
NATIONAL WEATHER SERVICE ST LOUIS MO
232 AM CDT MON SEP 26 2016


...................................

...THE QUINCY IL CLIMATE SUMMARY FOR SEPTEMBER 25 2016...

CLIMATE NORMAL PERIOD 1981 TO 2010
CLIMATE RECORD PERIOD 1901 TO 2016


WEATHER ITEM   OBSERVED TIME   RECORD YEAR NORMAL DEPARTURE LAST
                VALUE   (LST)  VALUE       VALUE  FROM      YEAR
                                                  NORMAL
..................................................................
TEMPERATURE (F)
 YESTERDAY
  MAXIMUM         85   1241 PM  93    1920  73     12       83
  MINIMUM         61   1159 PM  35    1907  52      9       55
  AVERAGE         73                        62     11

PRECIPITATION (IN)
  YESTERDAY        T             2.43 1976   0.11  -0.11     0.00
  MONTH TO DATE    3.09                      2.76   0.33     1.21
  SINCE SEP 1      3.09                      2.76   0.33     1.21
  SINCE JAN 1     26.78                     28.51  -1.73    29.97

DEGREE DAYS
 HEATING
  YESTERDAY        0                         5     -5
  MONTH TO DATE    0                        54    -54
  SINCE SEP 1      0                        54    -54
  SINCE JUL 1      6                        59    -53

 COOLING
  YESTERDAY        8                         2      6
  MONTH TO DATE  220                       113    107
  SINCE SEP 1    220                       113    107
  SINCE JAN 1   1396                      1066    330
..................................................................


WIND (MPH)
  HIGHEST WIND SPEED    23   HIGHEST WIND DIRECTION    NW (310)
  HIGHEST GUST SPEED    28   HIGHEST GUST DIRECTION    NW (310)
  AVERAGE WIND SPEED     9.8


SKY COVER
  AVERAGE SKY COVER 0.3



RELATIVE HUMIDITY (PERCENT)
 HIGHEST    84          1200 AM
 LOWEST     55           200 PM
 AVERAGE    70

..........................................................


THE QUINCY IL CLIMATE NORMALS FOR TODAY
                         NORMAL    RECORD    YEAR
 MAXIMUM TEMPERATURE (F)   73        91      1956
                                             1953
                                             1920
 MINIMUM TEMPERATURE (F)   51        32      1928


SUNRISE AND SUNSET
SEPTEMBER 26 2016.....SUNRISE   657 AM CDT   SUNSET   654 PM CDT
SEPTEMBER 27 2016.....SUNRISE   658 AM CDT   SUNSET   653 PM CDT


-  INDICATES NEGATIVE NUMBERS.
R  INDICATES RECORD WAS SET OR TIED.
MM INDICATES DATA IS MISSING.
T  INDICATES TRACE AMOUNT.




$$
