000
CDUS43 KLSX 200733
CLIUIN


CLIMATE REPORT
NATIONAL WEATHER SERVICE ST LOUIS MO
232 AM CDT WED SEP 20 2017


...................................

...THE QUINCY IL CLIMATE SUMMARY FOR SEPTEMBER 19 2017...

CLIMATE NORMAL PERIOD 1981 TO 2010
CLIMATE RECORD PERIOD 1901 TO 2017


WEATHER ITEM   OBSERVED TIME   RECORD YEAR NORMAL DEPARTURE LAST
                VALUE   (LST)  VALUE       VALUE  FROM      YEAR
                                                  NORMAL
..................................................................
TEMPERATURE (F)
 YESTERDAY
  MAXIMUM         84    422 PM  95    1972  76      8       88
                                      1947
                                      1925
  MINIMUM         65    635 AM  35    1991  54     11       59
  AVERAGE         75                        65     10

PRECIPITATION (IN)
  YESTERDAY        0.00          1.26 1904   0.11  -0.11     0.00
  MONTH TO DATE    0.67                      2.07  -1.40     3.09
  SINCE SEP 1      0.67                      2.07  -1.40     3.09
  SINCE JAN 1     26.82                     27.82  -1.00    26.78

DEGREE DAYS
 HEATING
  YESTERDAY        0                         3     -3
  MONTH TO DATE   19                        29    -10
  SINCE SEP 1     19                        29    -10
  SINCE JUL 1     19                        34    -15

 COOLING
  YESTERDAY       10                         3      7
  MONTH TO DATE   79                        98    -19
  SINCE SEP 1     79                        98    -19
  SINCE JAN 1   1074                      1051     23
..................................................................


WIND (MPH)
  HIGHEST WIND SPEED    13   HIGHEST WIND DIRECTION    SE (140)
  HIGHEST GUST SPEED    17   HIGHEST GUST DIRECTION    SE (140)
  AVERAGE WIND SPEED     5.8


SKY COVER
  AVERAGE SKY COVER 0.5



RELATIVE HUMIDITY (PERCENT)
 HIGHEST   100          1200 AM
 LOWEST     58           200 PM
 AVERAGE    79

..........................................................


THE QUINCY IL CLIMATE NORMALS FOR TODAY
                         NORMAL    RECORD    YEAR
 MAXIMUM TEMPERATURE (F)   75        95      1940
 MINIMUM TEMPERATURE (F)   54        34      1991


SUNRISE AND SUNSET
SEPTEMBER 20 2017.....SUNRISE   651 AM CDT   SUNSET   705 PM CDT
SEPTEMBER 21 2017.....SUNRISE   652 AM CDT   SUNSET   703 PM CDT


-  INDICATES NEGATIVE NUMBERS.
R  INDICATES RECORD WAS SET OR TIED.
MM INDICATES DATA IS MISSING.
T  INDICATES TRACE AMOUNT.




$$
