000
CDUS43 KLSX 060732
CLIUIN


CLIMATE REPORT
NATIONAL WEATHER SERVICE ST LOUIS MO
130 AM CST TUE DEC 6 2016


...................................

...THE QUINCY IL CLIMATE SUMMARY FOR DECEMBER 5 2016...

CLIMATE NORMAL PERIOD 1981 TO 2010
CLIMATE RECORD PERIOD 1901 TO 2016


WEATHER ITEM   OBSERVED TIME   RECORD YEAR NORMAL DEPARTURE LAST
                VALUE   (LST)  VALUE       VALUE  FROM      YEAR
                                                  NORMAL
..................................................................
TEMPERATURE (F)
 YESTERDAY
  MAXIMUM         41    240 PM  68    2001  41      0       52
  MINIMUM         30   1256 AM   6    2005  25      5       30
  AVERAGE         36                        33      3

PRECIPITATION (IN)
  YESTERDAY        0.00          1.45 1925   0.09  -0.09     0.00
  MONTH TO DATE    0.33                      0.44  -0.11     0.02
  SINCE DEC 1      0.33                      0.44  -0.11     0.02
  SINCE JAN 1     30.18                     35.52  -5.34    33.69

DEGREE DAYS
 HEATING
  YESTERDAY       29                        32     -3
  MONTH TO DATE  145                       156    -11
  SINCE DEC 1    145                       156    -11
  SINCE JUL 1    833                      1256   -423

 COOLING
  YESTERDAY        0                         0      0
  MONTH TO DATE    0                         0      0
  SINCE DEC 1      0                         0      0
  SINCE JAN 1   1472                      1094    378
..................................................................


WIND (MPH)
  HIGHEST WIND SPEED    15   HIGHEST WIND DIRECTION    SE (120)
  HIGHEST GUST SPEED    18   HIGHEST GUST DIRECTION    SE (120)
  AVERAGE WIND SPEED     8.5


SKY COVER
  AVERAGE SKY COVER 0.8



RELATIVE HUMIDITY (PERCENT)
 HIGHEST   100           100 AM
 LOWEST     85           400 PM
 AVERAGE    93

..........................................................


THE QUINCY IL CLIMATE NORMALS FOR TODAY
                         NORMAL    RECORD    YEAR
 MAXIMUM TEMPERATURE (F)   40        69      1951
 MINIMUM TEMPERATURE (F)   25         0      1977
                                             1976


SUNRISE AND SUNSET
DECEMBER  6 2016......SUNRISE   713 AM CST   SUNSET   440 PM CST
DECEMBER  7 2016......SUNRISE   713 AM CST   SUNSET   440 PM CST


-  INDICATES NEGATIVE NUMBERS.
R  INDICATES RECORD WAS SET OR TIED.
MM INDICATES DATA IS MISSING.
T  INDICATES TRACE AMOUNT.




$$
