000
CDUS43 KLSX 262228
CLIUIN


CLIMATE REPORT
NATIONAL WEATHER SERVICE ST LOUIS MO
528 PM CDT WED JUL 26 2017


...................................

...THE QUINCY IL CLIMATE SUMMARY FOR JULY 26 2017...
VALID TODAY AS OF 0500 PM LOCAL TIME.

CLIMATE NORMAL PERIOD 1981 TO 2010
CLIMATE RECORD PERIOD 1901 TO 2017


WEATHER ITEM   OBSERVED TIME   RECORD YEAR NORMAL DEPARTURE LAST
                VALUE   (LST)  VALUE       VALUE  FROM      YEAR
                                                  NORMAL
..................................................................
TEMPERATURE (F)
 TODAY
  MAXIMUM         91   1220 PM 107    1934  86      5       87
  MINIMUM         69    531 AM  51    1962  66      3       66
  AVERAGE         80                        76      4       77

PRECIPITATION (IN)
  TODAY            0.37          2.15 1932   0.12   0.25     0.00
  MONTH TO DATE    0.95                      3.44  -2.49     5.25
  SINCE JUN 1      4.38                      7.43  -3.05     6.27
  SINCE JAN 1     21.16                     21.52  -0.36    14.95

DEGREE DAYS
 HEATING
  TODAY            0                         0      0
  MONTH TO DATE    0                         0      0
  SINCE JUN 1      4                        16    -12
  SINCE JUL 1      0                         0      0

 COOLING
  TODAY           15                        11      4
  MONTH TO DATE  380                       286     94
  SINCE JUN 1    651                       513    138
  SINCE JAN 1    760                       599    161
..................................................................


WIND (MPH)
  HIGHEST WIND SPEED    40   HIGHEST WIND DIRECTION     W (290)
  HIGHEST GUST SPEED    55   HIGHEST GUST DIRECTION     W (290)
  AVERAGE WIND SPEED     6.6


SKY COVER
  AVERAGE SKY COVER 0.0



RELATIVE HUMIDITY (PERCENT)
 HIGHEST    97           500 AM
 LOWEST     59           200 PM
 AVERAGE    78

..........................................................


THE QUINCY IL CLIMATE NORMALS FOR TOMORROW
                         NORMAL    RECORD    YEAR
 MAXIMUM TEMPERATURE (F)   86       105      1936
                                             1930
                                             1916
 MINIMUM TEMPERATURE (F)   66        50      1962


SUNRISE AND SUNSET
JULY 26 2017..........SUNRISE   558 AM CDT   SUNSET   824 PM CDT
JULY 27 2017..........SUNRISE   559 AM CDT   SUNSET   823 PM CDT


-  INDICATES NEGATIVE NUMBERS.
R  INDICATES RECORD WAS SET OR TIED.
MM INDICATES DATA IS MISSING.
T  INDICATES TRACE AMOUNT.




$$
