000
CDUS43 KLSX 180727
CLIUIN


CLIMATE REPORT
NATIONAL WEATHER SERVICE ST LOUIS MO
227 AM CDT THU SEP 18 2014


...................................

...THE QUINCY IL CLIMATE SUMMARY FOR SEPTEMBER 17 2014...

CLIMATE NORMAL PERIOD 1981 TO 2010
CLIMATE RECORD PERIOD 1901 TO 2014


WEATHER ITEM   OBSERVED TIME   RECORD YEAR NORMAL DEPARTURE LAST
                VALUE   (LST)  VALUE       VALUE  FROM      YEAR
                                                  NORMAL
..................................................................
TEMPERATURE (F)
 YESTERDAY
  MAXIMUM         68    332 PM  99    1927  77     -9       67
  MINIMUM         51   1159 PM  39    1903  55     -4       53
  AVERAGE         60                        66     -6

PRECIPITATION (IN)
  YESTERDAY        0.01          2.32 1944   0.11  -0.10     0.01
  MONTH TO DATE    6.14                      1.86   4.28     0.86
  SINCE SEP 1      6.14                      1.86   4.28     0.86
  SINCE JAN 1     31.76                     27.61   4.15    28.96

DEGREE DAYS
 HEATING
  YESTERDAY        5                         3      2
  MONTH TO DATE   70                        23     47
  SINCE SEP 1     70                        23     47
  SINCE JUL 1     75                        28     47

 COOLING
  YESTERDAY        0                         4     -4
  MONTH TO DATE   49                        92    -43
  SINCE SEP 1     49                        92    -43
  SINCE JAN 1    978                      1045    -67
..................................................................


WIND (MPH)
  HIGHEST WIND SPEED    13   HIGHEST WIND DIRECTION     S (160)
  HIGHEST GUST SPEED    18   HIGHEST GUST DIRECTION     S (160)
  AVERAGE WIND SPEED     6.8


SKY COVER
  AVERAGE SKY COVER 0.6



RELATIVE HUMIDITY (PERCENT)
 HIGHEST    93          1200 AM
 LOWEST     68           100 PM
 AVERAGE    81

..........................................................


THE QUINCY IL CLIMATE NORMALS FOR TODAY
                         NORMAL    RECORD    YEAR
 MAXIMUM TEMPERATURE (F)   76        98      1925
 MINIMUM TEMPERATURE (F)   55        33      1901


SUNRISE AND SUNSET
SEPTEMBER 18 2014.....SUNRISE   649 AM CDT   SUNSET   708 PM CDT
SEPTEMBER 19 2014.....SUNRISE   650 AM CDT   SUNSET   707 PM CDT


-  INDICATES NEGATIVE NUMBERS.
R  INDICATES RECORD WAS SET OR TIED.
MM INDICATES DATA IS MISSING.
T  INDICATES TRACE AMOUNT.




$$
