000
CDUS46 KEKA 301212
CLIUKI


CLIMATE REPORT
NATIONAL WEATHER SERVICE EUREKA CA
509 AM PDT SAT AUG 30 2014


...................................

...THE UKIAH CA CLIMATE SUMMARY FOR AUGUST 29 2014...

CLIMATE NORMAL PERIOD 1981 TO 2010
CLIMATE RECORD PERIOD 1903 TO 2014


WEATHER ITEM   OBSERVED TIME   RECORD YEAR NORMAL DEPARTURE LAST
                VALUE   (LST)  VALUE       VALUE  FROM      YEAR
                                                  NORMAL
..................................................................
TEMPERATURE (F)
 YESTERDAY
  MAXIMUM         95    336 PM 107    1924  90      5       89
  MINIMUM         60    630 AM  40    1921  53      7       56
  AVERAGE         78                        71      7       73

PRECIPITATION (IN)
  YESTERDAY        0.00          0.14 1953   0.01  -0.01     0.00
  MONTH TO DATE    0.01                      0.08  -0.07      T
  SINCE JUL 1      0.01                      0.12  -0.11     0.03
  SINCE JAN 1     16.64                     23.50  -6.86     5.61

SNOWFALL (IN)
  YESTERDAY        0.0          MM      MM  MM     MM        0.0
  MONTH TO DATE    0.0                      MM     MM        0.0
  SINCE JUN 1      0.0                      MM     MM        0.0
  SINCE JUL 1      0.0                      MM     MM        0.0
  SNOW DEPTH       0

DEGREE DAYS
 HEATING
  YESTERDAY        0                         0      0        0
  MONTH TO DATE    0                         0      0        0
  SINCE JUN 1      2                        33    -31       18
  SINCE JUL 1      0                         1     -1        0

 COOLING
  YESTERDAY       13                         6      7        8
  MONTH TO DATE  288                       227     61      231
  SINCE JUN 1    892                       618    274      780
  SINCE JAN 1    981                       670    311      839
..................................................................


WIND (MPH)
  HIGHEST WIND SPEED    14   HIGHEST WIND DIRECTION    NW (310)
  HIGHEST GUST SPEED    20   HIGHEST GUST DIRECTION    NW (310)
  AVERAGE WIND SPEED     3.2


SKY COVER
  AVERAGE SKY COVER 0.0


WEATHER CONDITIONS
 THE FOLLOWING WEATHER WAS RECORDED YESTERDAY.
  NO SIGNIFICANT WEATHER WAS OBSERVED.


RELATIVE HUMIDITY (PERCENT)
 HIGHEST    69
 LOWEST     13
 AVERAGE    41

..........................................................


THE UKIAH CA CLIMATE NORMALS FOR TODAY
                         NORMAL    RECORD    YEAR
 MAXIMUM TEMPERATURE (F)   90       108      1987
 MINIMUM TEMPERATURE (F)   53        39      1912


SUNRISE AND SUNSET
AUGUST 30 2014........SUNRISE   640 AM PDT   SUNSET   746 PM PDT
AUGUST 31 2014........SUNRISE   641 AM PDT   SUNSET   745 PM PDT


-  INDICATES NEGATIVE NUMBERS.
R  INDICATES RECORD WAS SET OR TIED.
MM INDICATES DATA IS MISSING.
T  INDICATES TRACE AMOUNT.




$$
