000
CDUS46 KEKA 290016
CLIUKI


CLIMATE REPORT
NATIONAL WEATHER SERVICE EUREKA CA
512 PM PDT TUE MAR 28 2017


...................................

...THE UKIAH CA CLIMATE SUMMARY FOR MARCH 28 2017...
VALID TODAY AS OF 0500 PM LOCAL TIME.

CLIMATE NORMAL PERIOD 1981 TO 2010
CLIMATE RECORD PERIOD 1903 TO 2017


WEATHER ITEM   OBSERVED RECORD YEAR NORMAL DEPARTURE LAST
                VALUE   VALUE       VALUE  FROM      YEAR
                                           NORMAL
...........................................................
TEMPERATURE (F)
 TODAY
  MAXIMUM         71     87    1930  64      7       60
  MINIMUM         38     28    1908  40     -2       41
  AVERAGE         55                 52      3       51

PRECIPITATION (IN)
  TODAY            0.00   1.45 1934   0.16  -0.16      T
  MONTH TO DATE    3.54               5.05  -1.51     9.20
  SINCE OCT 1     47.82              31.98  15.84    34.44
  SINCE JAN 1     30.71              18.60  12.11    22.23

SNOWFALL (IN)
  TODAY            0.0   MM          MM     MM       MM
  MONTH TO DATE    0.0               MM     MM        0.0
  SINCE MAR 1      0.0               MM     MM        0.0
  SINCE JUL 1      0.0               MM     MM        0.0
  SNOW DEPTH       0

...........................................................


WIND (MPH)
  HIGHEST WIND SPEED    21   HIGHEST WIND DIRECTION     W (290)
  HIGHEST GUST SPEED    29   HIGHEST GUST DIRECTION     W (290)
  AVERAGE WIND SPEED     5.3


SKY COVER
  AVERAGE SKY COVER 0.0


WEATHER CONDITIONS
 THE FOLLOWING WEATHER WAS RECORDED TODAY.
  NO SIGNIFICANT WEATHER WAS OBSERVED.


RELATIVE HUMIDITY (PERCENT)
 HIGHEST    96
 LOWEST     31
 AVERAGE    64

..........................................................


THE UKIAH CA CLIMATE NORMALS FOR TOMORROW
                         NORMAL    RECORD    YEAR
 MAXIMUM TEMPERATURE (F)   65        88      1911
 MINIMUM TEMPERATURE (F)   40        31      1949


SUNRISE AND SUNSET
MARCH 28 2017.........SUNRISE   703 AM PDT   SUNSET   733 PM PDT
MARCH 29 2017.........SUNRISE   701 AM PDT   SUNSET   734 PM PDT


-  INDICATES NEGATIVE NUMBERS.
R  INDICATES RECORD WAS SET OR TIED.
MM INDICATES DATA IS MISSING.
T  INDICATES TRACE AMOUNT.




$$
