000
CDUS46 KEKA 251211
CLIUKI


CLIMATE REPORT
NATIONAL WEATHER SERVICE EUREKA CA
511 AM PDT SUN SEP 25 2016


...................................

...THE UKIAH CA CLIMATE SUMMARY FOR SEPTEMBER 24 2016...

CLIMATE NORMAL PERIOD 1981 TO 2010
CLIMATE RECORD PERIOD 1903 TO 2016


WEATHER ITEM   OBSERVED TIME   RECORD YEAR NORMAL DEPARTURE LAST
                VALUE   (LST)  VALUE       VALUE  FROM      YEAR
                                                  NORMAL
..................................................................
TEMPERATURE (F)
 YESTERDAY
  MAXIMUM         94    357 PM 106    1964  86      8       97
  MINIMUM         51    637 AM  36    1958  48      3       56
  AVERAGE         73                        67      6       77

PRECIPITATION (IN)
  YESTERDAY        0.00          0.48 1986   0.02  -0.02     0.00
  MONTH TO DATE    0.00                      0.35  -0.35     0.74
  SINCE OCT 1     36.52                     37.25  -0.73    26.75
  SINCE JAN 1     24.31                     23.87   0.44     8.98

SNOWFALL (IN)
  YESTERDAY        0.0          MM      MM  MM     MM        0.0
  MONTH TO DATE    0.0                      MM     MM        0.0
  SINCE SEP 1      0.0                      MM     MM        0.0
  SINCE JUL 1      0.0                      MM     MM        0.0
  SNOW DEPTH       0

DEGREE DAYS
 HEATING
  YESTERDAY        0                         2     -2        0
  MONTH TO DATE    8                        15     -7       22
  SINCE SEP 1      8                        15     -7       22
  SINCE JUL 1      8                        18    -10       25

 COOLING
  YESTERDAY        8                         3      5       12
  MONTH TO DATE  120                       114      6      147
  SINCE SEP 1    120                       114      6      147
  SINCE JAN 1    948                       797    151     1077
..................................................................


WIND (MPH)
  HIGHEST WIND SPEED    10   HIGHEST WIND DIRECTION     N (340)
  HIGHEST GUST SPEED    12   HIGHEST GUST DIRECTION    NW (330)
  AVERAGE WIND SPEED     1.4


SKY COVER
  AVERAGE SKY COVER 0.0


WEATHER CONDITIONS
 THE FOLLOWING WEATHER WAS RECORDED YESTERDAY.
  NO SIGNIFICANT WEATHER WAS OBSERVED.


RELATIVE HUMIDITY (PERCENT)
 HIGHEST    83
 LOWEST     16
 AVERAGE    50

..........................................................


THE UKIAH CA CLIMATE NORMALS FOR TODAY
                         NORMAL    RECORD    YEAR
 MAXIMUM TEMPERATURE (F)   85       104      2009
                                             1952
 MINIMUM TEMPERATURE (F)   48        36      1948


SUNRISE AND SUNSET
SEPTEMBER 25 2016.....SUNRISE   704 AM PDT   SUNSET   704 PM PDT
SEPTEMBER 26 2016.....SUNRISE   705 AM PDT   SUNSET   702 PM PDT


-  INDICATES NEGATIVE NUMBERS.
R  INDICATES RECORD WAS SET OR TIED.
MM INDICATES DATA IS MISSING.
T  INDICATES TRACE AMOUNT.




$$
