080
CDUS46 KEKA 221214
CLIUKI


CLIMATE REPORT
NATIONAL WEATHER SERVICE EUREKA CA
514 AM PDT FRI MAY 22 2015


...................................

...THE UKIAH CA CLIMATE SUMMARY FOR MAY 21 2015...

CLIMATE NORMAL PERIOD 1981 TO 2010
CLIMATE RECORD PERIOD 1903 TO 2015


WEATHER ITEM   OBSERVED TIME   RECORD YEAR NORMAL DEPARTURE LAST
                VALUE   (LST)  VALUE       VALUE  FROM      YEAR
                                                  NORMAL
..................................................................
TEMPERATURE (F)
 YESTERDAY
  MAXIMUM         71    412 PM  99    2001  78     -7       86
  MINIMUM         52    127 AM  33    1922  47      5       51
  AVERAGE         62                        63     -1       69

PRECIPITATION (IN)
  YESTERDAY        0.00          0.68 1996   0.03  -0.03     0.00
  MONTH TO DATE    0.40                      1.16  -0.76      T
  SINCE OCT 1     25.84                     36.16 -10.32    17.97
  SINCE JAN 1      8.07                     22.78 -14.71    16.63

SNOWFALL (IN)
  YESTERDAY        0.0          MM      MM  MM     MM        0.0
  MONTH TO DATE    0.0                      MM     MM        0.0
  SINCE MAR 1      0.0                      MM     MM        0.0
  SINCE JUL 1      0.0                      MM     MM        0.0
  SNOW DEPTH       0

DEGREE DAYS
 HEATING
  YESTERDAY        3                         4     -1        0
  MONTH TO DATE   78                       107    -29       68
  SINCE MAR 1    481                       820   -339      536
  SINCE JUL 1   1995                      3053  -1058     2543

 COOLING
  YESTERDAY        0                         2     -2        4
  MONTH TO DATE    7                        28    -21       37
  SINCE MAR 1     21                        36    -15       49
  SINCE JAN 1     21                        36    -15       49
..................................................................


WIND (MPH)
  HIGHEST WIND SPEED    14   HIGHEST WIND DIRECTION    NW (320)
  HIGHEST GUST SPEED    18   HIGHEST GUST DIRECTION    NW (320)
  AVERAGE WIND SPEED     4.2


SKY COVER
  AVERAGE SKY COVER 0.7


WEATHER CONDITIONS
 THE FOLLOWING WEATHER WAS RECORDED YESTERDAY.
  NO SIGNIFICANT WEATHER WAS OBSERVED.


RELATIVE HUMIDITY (PERCENT)
 HIGHEST    83
 LOWEST     49
 AVERAGE    66

..........................................................


THE UKIAH CA CLIMATE NORMALS FOR TODAY
                         NORMAL    RECORD    YEAR
 MAXIMUM TEMPERATURE (F)   78        96      1952
 MINIMUM TEMPERATURE (F)   48        33      1909


SUNRISE AND SUNSET
MAY 22 2015...........SUNRISE   554 AM PDT   SUNSET   825 PM PDT
MAY 23 2015...........SUNRISE   554 AM PDT   SUNSET   826 PM PDT


-  INDICATES NEGATIVE NUMBERS.
R  INDICATES RECORD WAS SET OR TIED.
MM INDICATES DATA IS MISSING.
T  INDICATES TRACE AMOUNT.




$$
