000
CDUS43 KSGF 010626
CLIUNO


CLIMATE REPORT
NATIONAL WEATHER SERVICE SPRINGFIELD MO
126 AM CDT SUN MAY 1 2016


...................................

...THE WEST PLAINS MO CLIMATE SUMMARY FOR APRIL 30 2016...

CLIMATE NORMAL PERIOD 1981 TO 2010
CLIMATE RECORD PERIOD 1947 TO 2016


WEATHER ITEM   OBSERVED TIME   RECORD YEAR NORMAL DEPARTURE LAST
                VALUE   (LST)  VALUE       VALUE  FROM      YEAR
                                                  NORMAL
..................................................................
TEMPERATURE (F)
 YESTERDAY
  MAXIMUM         75    500 PM  90    1987  73      2       74
  MINIMUM         59   1159 PM  35    1963  49     10       46
  AVERAGE         67                        61      6       60

PRECIPITATION (IN)
  YESTERDAY       MM             2.58 1994   0.16  MM        0.00
  MONTH TO DATE    1.30                      4.48  -3.18     1.33
  SINCE MAR 1      5.23                      8.77  -3.54     5.36
  SINCE JAN 1      7.87                     14.33  -6.46    10.04

DEGREE DAYS
 HEATING
  YESTERDAY        0                         5     -5        5
  MONTH TO DATE  186                       252    -66      209
  SINCE MAR 1    580                       798   -218      768
  SINCE JUL 1   3413                      4262   -849     4565

 COOLING
  YESTERDAY        2                         1      1        0
  MONTH TO DATE   12                        24    -12       16
  SINCE MAR 1     16                        28    -12       16
  SINCE JAN 1     16                        28    -12       16
..................................................................


WIND (MPH)
  HIGHEST WIND SPEED    18   HIGHEST WIND DIRECTION     S (200)
  HIGHEST GUST SPEED    26   HIGHEST GUST DIRECTION     S (200)
  AVERAGE WIND SPEED     6.6


SKY COVER
  AVERAGE SKY COVER 0.7


WEATHER CONDITIONS
 THE FOLLOWING WEATHER WAS RECORDED YESTERDAY.
  THUNDERSTORM
  HEAVY RAIN
  RAIN
  LIGHT RAIN
  FOG


RELATIVE HUMIDITY (PERCENT)
 HIGHEST    93           300 AM
 LOWEST     61           500 PM
 AVERAGE    77

..........................................................


THE WEST PLAINS MO CLIMATE NORMALS FOR TODAY
                         NORMAL    RECORD    YEAR
 MAXIMUM TEMPERATURE (F)   74        90      1959
 MINIMUM TEMPERATURE (F)   50        28      1960
                                             1963


SUNRISE AND SUNSET
MAY  1 2016...........SUNRISE   613 AM CDT   SUNSET   757 PM CDT
MAY  2 2016...........SUNRISE   612 AM CDT   SUNSET   758 PM CDT


-  INDICATES NEGATIVE NUMBERS.
R  INDICATES RECORD WAS SET OR TIED.
MM INDICATES DATA IS MISSING.
T  INDICATES TRACE AMOUNT.




$$
