000
CDUS43 KSGF 030700
CLIUNO


CLIMATE REPORT
NATIONAL WEATHER SERVICE SPRINGFIELD MO
159 AM CDT THU SEP 3 2015


...................................

...THE WEST PLAINS MO CLIMATE SUMMARY FOR SEPTEMBER 2 2015...

CLIMATE NORMAL PERIOD 1981 TO 2010
CLIMATE RECORD PERIOD 1947 TO 2015


WEATHER ITEM   OBSERVED TIME   RECORD YEAR NORMAL DEPARTURE LAST
                VALUE   (LST)  VALUE       VALUE  FROM      YEAR
                                                  NORMAL
..................................................................
TEMPERATURE (F)
 YESTERDAY
  MAXIMUM         89    223 PM 101    2000  86      3       79
  MINIMUM         66    610 AM  42    1949  62      4       65
  AVERAGE         78                        74      4       72

PRECIPITATION (IN)
  YESTERDAY        0.00          1.82 1994   0.15  -0.15     0.33
  MONTH TO DATE    0.00                      0.29  -0.29     0.46
  SINCE SEP 1      0.00                      0.29  -0.29     0.46
  SINCE JAN 1     35.71                     30.36   5.35    22.08

DEGREE DAYS
 HEATING
  YESTERDAY        0                         0      0        0
  MONTH TO DATE    0                         0      0        0
  SINCE SEP 1      0                         0      0        0
  SINCE JUL 1      0                         1     -1        2

 COOLING
  YESTERDAY       13                         9      4        7
  MONTH TO DATE   25                        19      6       18
  SINCE SEP 1     25                        19      6       18
  SINCE JAN 1   1182                      1191     -9     1073
..................................................................


WIND (MPH)
  HIGHEST WIND SPEED    10   HIGHEST WIND DIRECTION    SW (210)
  HIGHEST GUST SPEED    14   HIGHEST GUST DIRECTION    SW (230)
  AVERAGE WIND SPEED     3.2


SKY COVER
  AVERAGE SKY COVER 0.0


WEATHER CONDITIONS
 THE FOLLOWING WEATHER WAS RECORDED YESTERDAY.
  FOG


RELATIVE HUMIDITY (PERCENT)
 HIGHEST    93           500 AM
 LOWEST     43           200 PM
 AVERAGE    68

..........................................................


THE WEST PLAINS MO CLIMATE NORMALS FOR TODAY
                         NORMAL    RECORD    YEAR
 MAXIMUM TEMPERATURE (F)   86       103      1954
 MINIMUM TEMPERATURE (F)   62        44      1952


SUNRISE AND SUNSET
SEPTEMBER  3 2015.....SUNRISE   640 AM CDT   SUNSET   733 PM CDT
SEPTEMBER  4 2015.....SUNRISE   641 AM CDT   SUNSET   732 PM CDT


-  INDICATES NEGATIVE NUMBERS.
R  INDICATES RECORD WAS SET OR TIED.
MM INDICATES DATA IS MISSING.
T  INDICATES TRACE AMOUNT.




$$
