000
CDUS43 KSGF 260645
CLIUNO


CLIMATE REPORT
NATIONAL WEATHER SERVICE SPRINGFIELD MO
145 AM CDT MON SEP 26 2016


...................................

...THE WEST PLAINS MO CLIMATE SUMMARY FOR SEPTEMBER 25 2016...

CLIMATE NORMAL PERIOD 1981 TO 2010
CLIMATE RECORD PERIOD 1947 TO 2016


WEATHER ITEM   OBSERVED TIME   RECORD YEAR NORMAL DEPARTURE LAST
                VALUE   (LST)  VALUE       VALUE  FROM      YEAR
                                                  NORMAL
..................................................................
TEMPERATURE (F)
 YESTERDAY
  MAXIMUM         88    348 PM  90    1954  77     11       84
  MINIMUM         64   1159 PM  34    1950  53     11       55
  AVERAGE         76                        65     11       70

PRECIPITATION (IN)
  YESTERDAY        0.00          3.86 1993   0.13  -0.13     0.00
  MONTH TO DATE    1.29                      3.37  -2.08     0.97
  SINCE SEP 1      1.29                      3.37  -2.08     0.97
  SINCE JAN 1     33.41                     33.44  -0.03    36.68

DEGREE DAYS
 HEATING
  YESTERDAY        0                         3     -3        0
  MONTH TO DATE    0                        21    -21       17
  SINCE SEP 1      0                        21    -21       17
  SINCE JUL 1      0                        22    -22       17

 COOLING
  YESTERDAY       11                         3      8        5
  MONTH TO DATE  226                       146     80      176
  SINCE SEP 1    226                       146     80      176
  SINCE JAN 1   1515                      1318    197     1333
..................................................................


WIND (MPH)
  HIGHEST WIND SPEED    21   HIGHEST WIND DIRECTION     N (350)
  HIGHEST GUST SPEED    30   HIGHEST GUST DIRECTION     N (350)
  AVERAGE WIND SPEED     4.4


SKY COVER
  AVERAGE SKY COVER 0.2


WEATHER CONDITIONS
 THE FOLLOWING WEATHER WAS RECORDED YESTERDAY.
  FOG


RELATIVE HUMIDITY (PERCENT)
 HIGHEST    93           200 AM
 LOWEST     46           200 PM
 AVERAGE    70

..........................................................


THE WEST PLAINS MO CLIMATE NORMALS FOR TODAY
                         NORMAL    RECORD    YEAR
 MAXIMUM TEMPERATURE (F)   77        90      1954
 MINIMUM TEMPERATURE (F)   52        37      1985
                                             2001


SUNRISE AND SUNSET
SEPTEMBER 26 2016.....SUNRISE   659 AM CDT   SUNSET   658 PM CDT
SEPTEMBER 27 2016.....SUNRISE   700 AM CDT   SUNSET   656 PM CDT


-  INDICATES NEGATIVE NUMBERS.
R  INDICATES RECORD WAS SET OR TIED.
MM INDICATES DATA IS MISSING.
T  INDICATES TRACE AMOUNT.




$$
