000
CDUS43 KSGF 302330
CLIUNO


CLIMATE REPORT
NATIONAL WEATHER SERVICE SPRINGFIELD MO
628 PM CDT THU MAR 30 2017


...................................

...THE WEST PLAINS MO CLIMATE SUMMARY FOR MARCH 30 2017...
VALID TODAY AS OF 0500 PM LOCAL TIME.

CLIMATE NORMAL PERIOD 1981 TO 2010
CLIMATE RECORD PERIOD 1947 TO 2017


WEATHER ITEM   OBSERVED TIME   RECORD YEAR NORMAL DEPARTURE LAST
                VALUE   (LST)  VALUE       VALUE  FROM      YEAR
                                                  NORMAL
..................................................................
TEMPERATURE (F)
 TODAY
  MAXIMUM         63        MM  82    1963  65     -2       65
  MINIMUM         50    442 PM  13    1964  40     10       53
  AVERAGE         57                        52      5       59

PRECIPITATION (IN)
  TODAY            0.03          3.66 1985   0.18  -0.15     0.94
  MONTH TO DATE    6.29                      4.12   2.17     3.79
  SINCE MAR 1      6.29                      4.12   2.17     3.79
  SINCE JAN 1     10.92                      9.68   1.24     6.43

DEGREE DAYS
 COOLING
  TODAY            0                         0      0        0
  MONTH TO DATE    4                         0      4        4
  SINCE MAR 1      4                         0      4        4
  SINCE JAN 1      5                         0      5        4
..................................................................


WIND (MPH)
  HIGHEST WIND SPEED    23   HIGHEST WIND DIRECTION    SW (240)
  HIGHEST GUST SPEED    33   HIGHEST GUST DIRECTION     W (250)


SKY COVER
  AVERAGE SKY COVER 0.9


WEATHER CONDITIONS
 THE FOLLOWING WEATHER WAS RECORDED TODAY.
  THUNDERSTORM
  LIGHT RAIN
  FOG


RELATIVE HUMIDITY (PERCENT)
 HIGHEST    93           600 AM
 LOWEST     64           200 PM
 AVERAGE    79

..........................................................


THE WEST PLAINS MO CLIMATE NORMALS FOR TOMORROW
                         NORMAL    RECORD    YEAR
 MAXIMUM TEMPERATURE (F)   65        85      1991
 MINIMUM TEMPERATURE (F)   41        20      1994


SUNRISE AND SUNSET
MARCH 30 2017.........SUNRISE   656 AM CDT   SUNSET   729 PM CDT
MARCH 31 2017.........SUNRISE   655 AM CDT   SUNSET   729 PM CDT


-  INDICATES NEGATIVE NUMBERS.
R  INDICATES RECORD WAS SET OR TIED.
MM INDICATES DATA IS MISSING.
T  INDICATES TRACE AMOUNT.




$$
