108
CDUS43 KUNR 240857
CLIUNR


CLIMATE REPORT
NATIONAL WEATHER SERVICE RAPID CITY SD
241 AM MDT TUE MAY 24 2016


...................................

...THE EAST RAPID CITY SD CLIMATE SUMMARY FOR MAY 23 2016...

CLIMATE NORMAL PERIOD 1981 TO 2010
CLIMATE RECORD PERIOD 1888 TO 2016


WEATHER ITEM   OBSERVED RECORD YEAR NORMAL DEPARTURE LAST
                VALUE   VALUE       VALUE  FROM      YEAR
                                           NORMAL
...........................................................
TEMPERATURE (F)
 YESTERDAY
  MAXIMUM         76     88    1931  69      7       57
  MINIMUM         53     31    2002  47      6       46
  AVERAGE         65                 58      7       52

PRECIPITATION (IN)
  YESTERDAY        0.00   1.84 1909   0.15  -0.15     0.20
  MONTH TO DATE    0.62               2.99  -2.37     4.57
  SINCE MAR 1      2.85               6.08  -3.23     5.62
  SINCE JAN 1      3.66               6.85  -3.19     6.17

SNOWFALL (IN)
  YESTERDAY        0.0    0.0  2002   0.0    0.0      0.0
                               2001
                               1950
  MONTH TO DATE    T                  1.9   -1.9     13.6
  SINCE MAR 1     11.7               22.5  -10.8     15.0
  SINCE JUL 1     41.6               49.2   -7.6     50.7
  SNOW DEPTH       0

DEGREE DAYS
 HEATING
  YESTERDAY        0                  8     -8       13
  MONTH TO DATE  225                253    -28      336
  SINCE MAR 1   1422               1765   -343     1475
  SINCE JUL 1   5671               6719  -1048     6171

 COOLING
  YESTERDAY        0                  1     -1        0
  MONTH TO DATE    4                  7     -3        2
  SINCE MAR 1      6                  8     -2        8
  SINCE JAN 1      6                  8     -2        8
...........................................................


WIND (MPH)
  HIGHEST GUST SPEED    32   HIGHEST GUST DIRECTION    SW (230)



WEATHER CONDITIONS
 THE FOLLOWING WEATHER WAS RECORDED YESTERDAY.
  NO SIGNIFICANT WEATHER WAS OBSERVED.


..........................................................


THE EAST RAPID CITY SD CLIMATE NORMALS FOR TODAY
                         NORMAL    RECORD    YEAR
 MAXIMUM TEMPERATURE (F)   69        90      1926
 MINIMUM TEMPERATURE (F)   48        28      1924


SUNRISE AND SUNSET
MAY 24 2016...........SUNRISE   518 AM MDT   SUNSET   822 PM MDT
MAY 25 2016...........SUNRISE   517 AM MDT   SUNSET   823 PM MDT


-  INDICATES NEGATIVE NUMBERS.
R  INDICATES RECORD WAS SET OR TIED.
MM INDICATES DATA IS MISSING.
T  INDICATES TRACE AMOUNT.




$$
