000
CDUS43 KUNR 280057
CLIUNR


CLIMATE REPORT
NATIONAL WEATHER SERVICE RAPID CITY SD
656 PM MDT TUE SEP 27 2016


...................................

...THE EAST RAPID CITY SD CLIMATE SUMMARY FOR SEPTEMBER 27 2016...
VALID TODAY AS OF 0500 PM LOCAL TIME.

CLIMATE NORMAL PERIOD 1981 TO 2010
CLIMATE RECORD PERIOD 1888 TO 2016


WEATHER ITEM   OBSERVED RECORD YEAR NORMAL DEPARTURE LAST
                VALUE   VALUE       VALUE  FROM      YEAR
                                           NORMAL
...........................................................
TEMPERATURE (F)
 TODAY
  MAXIMUM         81     94    1898  67     14       79
  MINIMUM         49     24    1927  45      4       59
  AVERAGE         65                 56      9       69

PRECIPITATION (IN)
  TODAY            0.00   2.23 1923   0.05  -0.05     0.18
  MONTH TO DATE    0.87               1.41  -0.54     0.18
  SINCE SEP 1      0.87               1.41  -0.54     0.18
  SINCE JAN 1     12.17              17.09  -4.92    22.28

SNOWFALL (IN)
  TODAY            0.0    0.1  1945   0.0    0.0      0.0
  MONTH TO DATE    0.0                0.1   -0.1      0.0
  SINCE SEP 1      0.0                0.1   -0.1      0.0
  SINCE JUL 1      0.0                0.1   -0.1      0.0
  SNOW DEPTH       0

DEGREE DAYS
 HEATING
  TODAY            0                 10    -10        0
  MONTH TO DATE   92                146    -54       39
  SINCE SEP 1     92                146    -54       39
  SINCE JUL 1    117                176    -59       69

 COOLING
  TODAY            0                  1     -1        4
  MONTH TO DATE   47                 66    -19      124
  SINCE SEP 1     47                 66    -19      124
  SINCE JAN 1    807                661    146      701
...........................................................





WEATHER CONDITIONS
 THE FOLLOWING WEATHER WAS RECORDED TODAY.
  NO SIGNIFICANT WEATHER WAS OBSERVED.


..........................................................


THE EAST RAPID CITY SD CLIMATE NORMALS FOR TOMORROW
                         NORMAL    RECORD    YEAR
 MAXIMUM TEMPERATURE (F)   66        91      1957
 MINIMUM TEMPERATURE (F)   44        27      1941


SUNRISE AND SUNSET
SEPTEMBER 27 2016.....SUNRISE   646 AM MDT   SUNSET   640 PM MDT
SEPTEMBER 28 2016.....SUNRISE   648 AM MDT   SUNSET   638 PM MDT


-  INDICATES NEGATIVE NUMBERS.
R  INDICATES RECORD WAS SET OR TIED.
MM INDICATES DATA IS MISSING.
T  INDICATES TRACE AMOUNT.




$$
