000
CDUS43 KUNR 300833
CLIUNR


CLIMATE REPORT
NATIONAL WEATHER SERVICE RAPID CITY SD
233 AM MDT WED JUL 30 2014


...................................

...THE EAST RAPID CITY SD CLIMATE SUMMARY FOR JULY 29 2014...

CLIMATE NORMAL PERIOD 1981 TO 2010
CLIMATE RECORD PERIOD 1888 TO 2014


WEATHER ITEM   OBSERVED RECORD YEAR NORMAL DEPARTURE LAST
                VALUE   VALUE       VALUE  FROM      YEAR
                                           NORMAL
...........................................................
TEMPERATURE (F)
 YESTERDAY
  MAXIMUM         72    103    2006  86    -14       82
  MINIMUM         59     48    1899  63     -4       57
  AVERAGE         66                 74     -8       70

PRECIPITATION (IN)
  YESTERDAY        T      0.58 1905   0.10  -0.10     0.00
  MONTH TO DATE    1.42               2.30  -0.88     2.32
  SINCE JUN 1      7.47               5.46   2.01     3.99
  SINCE JAN 1     12.65              13.51  -0.86    12.71

SNOWFALL (IN)
  YESTERDAY        0.0                0.0    0.0      0.0
  MONTH TO DATE    0.0                0.0    0.0      0.0
  SINCE JUN 1      0.0                0.0    0.0      0.0
  SINCE JUL 1      0.0                0.0    0.0      0.0
  SNOW DEPTH       0

DEGREE DAYS
 HEATING
  YESTERDAY        0                  0      0        0
  MONTH TO DATE   11                  6      5        6
  SINCE JUN 1    119                 94     25       64
  SINCE JUL 1     11                  6      5        6

 COOLING
  YESTERDAY        1                  9     -8        5
  MONTH TO DATE  191                239    -48      261
  SINCE JUN 1    219                330   -111      356
  SINCE JAN 1    247                348   -101      380
...........................................................


WIND (MPH)
  HIGHEST GUST SPEED    15   HIGHEST GUST DIRECTION    SE (150)



WEATHER CONDITIONS
 THE FOLLOWING WEATHER WAS RECORDED YESTERDAY.
  NO SIGNIFICANT WEATHER WAS OBSERVED.


..........................................................


THE EAST RAPID CITY SD CLIMATE NORMALS FOR TODAY
                         NORMAL    RECORD    YEAR
 MAXIMUM TEMPERATURE (F)   86       104      2006
 MINIMUM TEMPERATURE (F)   62        47      1971


SUNRISE AND SUNSET
JULY 30 2014..........SUNRISE   539 AM MDT   SUNSET   819 PM MDT
JULY 31 2014..........SUNRISE   540 AM MDT   SUNSET   818 PM MDT


-  INDICATES NEGATIVE NUMBERS.
R  INDICATES RECORD WAS SET OR TIED.
MM INDICATES DATA IS MISSING.
T  INDICATES TRACE AMOUNT.




$$
