000
CDUS43 KUNR 230838
CLIUNR


CLIMATE REPORT
NATIONAL WEATHER SERVICE RAPID CITY SD
237 AM MDT THU MAR 23 2017


...................................

...THE EAST RAPID CITY SD CLIMATE SUMMARY FOR MARCH 22 2017...

CLIMATE NORMAL PERIOD 1981 TO 2010
CLIMATE RECORD PERIOD 1888 TO 2017


WEATHER ITEM   OBSERVED RECORD YEAR NORMAL DEPARTURE LAST
                VALUE   VALUE       VALUE  FROM      YEAR
                                           NORMAL
...........................................................
TEMPERATURE (F)
 YESTERDAY
  MAXIMUM         63     85    1910  48     15       56
  MINIMUM         30     -5    1898  26      4       32
  AVERAGE         47                 37     10       44

PRECIPITATION (IN)
  YESTERDAY        0.00   1.00 1966   0.04  -0.04     0.12
  MONTH TO DATE    0.45               0.60  -0.15     0.17
  SINCE MAR 1      0.45               0.60  -0.15     0.17
  SINCE JAN 1      1.24               1.37  -0.13     0.98

SNOWFALL (IN)
  YESTERDAY        0.0    9.0  1966   0.5   -0.5      0.1
  MONTH TO DATE    1.3                8.2   -6.9      0.4
  SINCE MAR 1      1.3                8.2   -6.9      0.4
  SINCE JUL 1     34.5               34.9   -0.4     30.3
  SNOW DEPTH       0

DEGREE DAYS
 HEATING
  YESTERDAY       18                 28    -10       21
  MONTH TO DATE  583                672    -89      440
  SINCE MAR 1    583                672    -89      440
  SINCE JUL 1   5179               5626   -447     4689

 COOLING
  YESTERDAY        0                  0      0        0
  MONTH TO DATE    0                  0      0        0
  SINCE MAR 1      0                  0      0        0
  SINCE JAN 1      0                  0      0        0
...........................................................


WIND (MPH)
  HIGHEST GUST SPEED    33   HIGHEST GUST DIRECTION    SE (150)



WEATHER CONDITIONS
 THE FOLLOWING WEATHER WAS RECORDED YESTERDAY.
  NO SIGNIFICANT WEATHER WAS OBSERVED.


..........................................................


THE EAST RAPID CITY SD CLIMATE NORMALS FOR TODAY
                         NORMAL    RECORD    YEAR
 MAXIMUM TEMPERATURE (F)   49        78      1939
 MINIMUM TEMPERATURE (F)   27        -4      1965


SUNRISE AND SUNSET
MARCH 23 2017.........SUNRISE   650 AM MDT   SUNSET   709 PM MDT
MARCH 24 2017.........SUNRISE   648 AM MDT   SUNSET   711 PM MDT


-  INDICATES NEGATIVE NUMBERS.
R  INDICATES RECORD WAS SET OR TIED.
MM INDICATES DATA IS MISSING.
T  INDICATES TRACE AMOUNT.




$$
