000
CDUS43 KUNR 020854
CLIUNR


CLIMATE REPORT
NATIONAL WEATHER SERVICE RAPID CITY SD
252 AM MDT TUE JUN 2 2015


...................................

...THE EAST RAPID CITY SD CLIMATE SUMMARY FOR JUNE 1 2015...

CLIMATE NORMAL PERIOD 1981 TO 2010
CLIMATE RECORD PERIOD 1888 TO 2015


WEATHER ITEM   OBSERVED RECORD YEAR NORMAL DEPARTURE LAST
                VALUE   VALUE       VALUE  FROM      YEAR
                                           NORMAL
...........................................................
TEMPERATURE (F)
 YESTERDAY
  MAXIMUM         84     90    1911  71     13       67
  MINIMUM         54     32    1917  50      4       54
  AVERAGE         69                 60      9       61

PRECIPITATION (IN)
  YESTERDAY        0.01   1.05 1947   0.15  -0.14     0.53
  MONTH TO DATE    0.01               0.15  -0.14     0.53
  SINCE JUN 1      0.01               0.15  -0.14     0.53
  SINCE JAN 1      9.37               8.20   1.17     5.71

SNOWFALL (IN)
  YESTERDAY        0.0    0.0  2002   0.0    0.0      0.0
                               2001
                               2000
  MONTH TO DATE    0.0                0.0    0.0      0.0
  SINCE JUN 1      0.0                0.0    0.0      0.0
  SINCE JUL 1     50.7               49.3    1.4     73.5
  SNOW DEPTH       0

DEGREE DAYS
 HEATING
  YESTERDAY        0                  6     -6        4
  MONTH TO DATE    0                  6     -6        4
  SINCE JUN 1      0                  6     -6        4
  SINCE JUL 1   6240               6778   -538     7300

 COOLING
  YESTERDAY        4                  1      3        0
  MONTH TO DATE    4                  1      3        0
  SINCE JUN 1      4                  1      3        0
  SINCE JAN 1     12                 19     -7       28
...........................................................


WIND (MPH)
  HIGHEST GUST SPEED    32   HIGHEST GUST DIRECTION    SE (140)



WEATHER CONDITIONS
 THE FOLLOWING WEATHER WAS RECORDED YESTERDAY.
  THUNDERSTORM
  LIGHT RAIN


..........................................................


THE EAST RAPID CITY SD CLIMATE NORMALS FOR TODAY
                         NORMAL    RECORD    YEAR
 MAXIMUM TEMPERATURE (F)   71        93      2011
 MINIMUM TEMPERATURE (F)   50        32      1998


SUNRISE AND SUNSET
JUNE  2 2015..........SUNRISE   512 AM MDT   SUNSET   830 PM MDT
JUNE  3 2015..........SUNRISE   512 AM MDT   SUNSET   830 PM MDT


-  INDICATES NEGATIVE NUMBERS.
R  INDICATES RECORD WAS SET OR TIED.
MM INDICATES DATA IS MISSING.
T  INDICATES TRACE AMOUNT.




$$
