000
CDUS43 KUNR 260833
CLIUNR


CLIMATE REPORT
NATIONAL WEATHER SERVICE RAPID CITY SD
232 AM MDT FRI AUG 26 2016


...................................

...THE EAST RAPID CITY SD CLIMATE SUMMARY FOR AUGUST 25 2016...

CLIMATE NORMAL PERIOD 1981 TO 2010
CLIMATE RECORD PERIOD 1888 TO 2016


WEATHER ITEM   OBSERVED RECORD YEAR NORMAL DEPARTURE LAST
                VALUE   VALUE       VALUE  FROM      YEAR
                                           NORMAL
...........................................................
TEMPERATURE (F)
 YESTERDAY
  MAXIMUM         67    101    1926  82    -15       86
  MINIMUM         53     39    1910  58     -5       52
  AVERAGE         60                 70    -10       69

PRECIPITATION (IN)
  YESTERDAY        T      0.64 1891   0.04  -0.04     0.00
  MONTH TO DATE    2.15               1.67   0.48     1.51
  SINCE JUN 1      5.59               7.33  -1.74    12.00
  SINCE JAN 1     10.13              15.38  -5.25    21.36

SNOWFALL (IN)
  YESTERDAY        0.0    0.0  2002   0.0    0.0      0.0
                               2001
                               2000
  MONTH TO DATE    0.0                0.0    0.0      0.0
  SINCE JUN 1      0.0                0.0    0.0      0.0
  SINCE JUL 1      0.0                0.0    0.0      0.0
  SNOW DEPTH       0

DEGREE DAYS
 HEATING
  YESTERDAY        5                  1      4        0
  MONTH TO DATE   19                  5     14       29
  SINCE JUN 1     25                105    -80       63
  SINCE JUL 1     20                 17      3       30

 COOLING
  YESTERDAY        0                  6     -6        4
  MONTH TO DATE  191                194     -3      178
  SINCE JUN 1    721                545    176      508
  SINCE JAN 1    727                563    164      516
...........................................................


WIND (MPH)
  HIGHEST GUST SPEED    20   HIGHEST GUST DIRECTION    NW (330)



WEATHER CONDITIONS
 THE FOLLOWING WEATHER WAS RECORDED YESTERDAY.
  LIGHT RAIN


..........................................................


THE EAST RAPID CITY SD CLIMATE NORMALS FOR TODAY
                         NORMAL    RECORD    YEAR
 MAXIMUM TEMPERATURE (F)   82       103      1926
 MINIMUM TEMPERATURE (F)   58        39      1910


SUNRISE AND SUNSET
AUGUST 26 2016........SUNRISE   610 AM MDT   SUNSET   738 PM MDT
AUGUST 27 2016........SUNRISE   611 AM MDT   SUNSET   737 PM MDT


-  INDICATES NEGATIVE NUMBERS.
R  INDICATES RECORD WAS SET OR TIED.
MM INDICATES DATA IS MISSING.
T  INDICATES TRACE AMOUNT.




$$
