000
CDUS44 KCRP 210037
CLIVCT

CLIMATE REPORT
NATIONAL WEATHER SERVICE CORPUS CHRISTI TX
735 PM CDT SUN AUG 20 2017


...................................

...THE VICTORIA CLIMATE SUMMARY FOR AUGUST 20 2017...
VALID TODAY AS OF 700 PM LOCAL TIME.

CLIMATE NORMAL PERIOD 1981 TO 2010
CLIMATE RECORD PERIOD 1893 TO 2017


WEATHER ITEM   OBSERVED TIME   RECORD YEAR NORMAL DEPARTURE LAST
                VALUE   (LST)  VALUE       VALUE  FROM      YEAR
                                                  NORMAL
..................................................................
TEMPERATURE (F)
 TODAY
  MAXIMUM         97    333 PM 105    1930  95      2       92
  MINIMUM         74    558 AM  68    1976  74      0       77
  AVERAGE         86                        84      2       85

PRECIPITATION (IN)
  TODAY            0.00          3.62 1966   0.10  -0.10      T
  MONTH TO DATE    3.56                      1.61   1.95     3.27
  SINCE JUN 1      7.44                     10.25  -2.81     7.11
  SINCE JAN 1     27.02                     25.63   1.39    27.33

SNOWFALL (IN)
  TODAY            0.0
  MONTH TO DATE    0.0
  SINCE JUN 1      0.0
  SINCE JUL 1      0.0
  SNOW DEPTH       0

DEGREE DAYS
 HEATING
  TODAY            0                         0      0        0
  MONTH TO DATE    0                         0      0        0
  SINCE JUN 1      0                         0      0        0
  SINCE JUL 1      0                         0      0        0

 COOLING
  TODAY           21                        19      2       20
  MONTH TO DATE  428                       398     30      406
  SINCE JUN 1   1647                      1492    155     1590
  SINCE JAN 1   2659                      2151    508     2303
..................................................................


WIND (MPH)
  HIGHEST WIND SPEED    21   HIGHEST WIND DIRECTION    SE (140)
  HIGHEST GUST SPEED    25   HIGHEST GUST DIRECTION    SE (140)


SKY COVER
  POSSIBLE SUNSHINE  MM
  AVERAGE SKY COVER 0.2


WEATHER CONDITIONS
 THE FOLLOWING WEATHER WAS RECORDED TODAY.
  FOG


RELATIVE HUMIDITY (PERCENT)
 HIGHEST   100           600 AM
 LOWEST     38           300 PM
 AVERAGE    69

..........................................................


THE VICTORIA CLIMATE NORMALS FOR TOMORROW
                         NORMAL    RECORD    YEAR
 MAXIMUM TEMPERATURE (F)   95       104      1930
 MINIMUM TEMPERATURE (F)   74        65      1940


SUNRISE AND SUNSET
AUGUST 20 2017........SUNRISE   700 AM CDT   SUNSET   802 PM CDT
AUGUST 21 2017........SUNRISE   700 AM CDT   SUNSET   801 PM CDT


-  INDICATES NEGATIVE NUMBERS.
R  INDICATES RECORD WAS SET OR TIED.
MM INDICATES DATA IS MISSING.
T  INDICATES TRACE AMOUNT.




$$
