000
CDUS44 KCRP 242137 RRA
CLIVCT

CLIMATE REPORT
NATIONAL WEATHER SERVICE CORPUS CHRISTI TX
335 PM CST TUE JAN 24 2017

...................................

...THE VICTORIA CLIMATE SUMMARY FOR JANUARY 24 2017...
VALID AS OF 335 PM LOCAL TIME.

CLIMATE NORMAL PERIOD 1981 TO 2010
CLIMATE RECORD PERIOD 1893 TO 2017


WEATHER ITEM   OBSERVED TIME   RECORD YEAR NORMAL DEPARTURE LAST
                VALUE   (LST)  VALUE       VALUE  FROM      YEAR
                                                  NORMAL
..................................................................
TEMPERATURE (F)
 TODAY
  MAXIMUM         82R   259 PM  82    2013  65     17       71
                                      1929
                                      1909
  MINIMUM         51   1241 AM  17    1963  43      8       36
                                      1940
  AVERAGE         67                        54     13       54

PRECIPITATION (IN)
  TODAY            0.00          1.81 2007   0.08  -0.08     0.00
  MONTH TO DATE    3.73                      1.99   1.74     3.08
  SINCE DEC 1      6.74                      4.30   2.44     4.68
  SINCE JAN 1      3.73                      1.99   1.74     3.08

SNOWFALL (IN)
  TODAY            0.0
  MONTH TO DATE    0.0
  SINCE DEC 1      0.0
  SINCE JUL 1      0.0
  SNOW DEPTH       0

DEGREE DAYS
 HEATING
  TODAY            0                        11    -11       11
  MONTH TO DATE  134                       283   -149      313
  SINCE DEC 1    369                       614   -245      526
  SINCE JUL 1    419                       777   -358      624

 COOLING
  TODAY            2                         0      2        0
  MONTH TO DATE   70                         7     63        0
  SINCE DEC 1    127                        34     93       56
  SINCE JAN 1     70                         7     63        0
..................................................................


WIND (MPH)
  HIGHEST WIND SPEED    29   HIGHEST WIND DIRECTION     S (170)
  HIGHEST GUST SPEED    37   HIGHEST GUST DIRECTION     S (180)


SKY COVER
  POSSIBLE SUNSHINE  MM
  AVERAGE SKY COVER 0.1


WEATHER CONDITIONS
 THE FOLLOWING WEATHER WAS RECORDED TODAY.
  FOG


RELATIVE HUMIDITY (PERCENT)
 HIGHEST   100           700 AM
 LOWEST     51           200 PM
 AVERAGE    76

..........................................................


THE VICTORIA CLIMATE NORMALS FOR TOMORROW
                         NORMAL    RECORD    YEAR
 MAXIMUM TEMPERATURE (F)   65        83      1975
                                             1971
                                             1914
 MINIMUM TEMPERATURE (F)   43        25      1926


SUNRISE AND SUNSET
JANUARY 24 2017.......SUNRISE   720 AM CST   SUNSET   600 PM CST
JANUARY 25 2017.......SUNRISE   719 AM CST   SUNSET   601 PM CST


-  INDICATES NEGATIVE NUMBERS.
R  INDICATES RECORD WAS SET OR TIED.
MM INDICATES DATA IS MISSING.
T  INDICATES TRACE AMOUNT.




$$
