000
CDUS44 KCRP 250644
CLIVCT

CLIMATE REPORT
NATIONAL WEATHER SERVICE CORPUS CHRISTI TX
139 AM CDT MON MAY 25 2015


...................................

...THE VICTORIA CLIMATE SUMMARY FOR MAY 24 2015...

CLIMATE NORMAL PERIOD 1981 TO 2010
CLIMATE RECORD PERIOD 1893 TO 2015


WEATHER ITEM   OBSERVED TIME   RECORD YEAR NORMAL DEPARTURE LAST
                VALUE   (LST)  VALUE       VALUE  FROM      YEAR
                                                  NORMAL
..................................................................
TEMPERATURE (F)
 YESTERDAY
  MAXIMUM         84    422 PM  98    1925  88     -4       88
  MINIMUM         69    538 AM  55    1913  69      0       71
  AVERAGE         77                        79     -2       80

PRECIPITATION (IN)
  YESTERDAY        1.65          3.11 1982   0.17   1.48     0.00
  MONTH TO DATE    6.55                      4.00   2.55     2.35
  SINCE MAR 1     21.73                      9.59  12.14     4.35
  SINCE JAN 1     25.78                     14.19  11.59     6.01

SNOWFALL (IN)
  YESTERDAY        0.0
  MONTH TO DATE    0.0
  SINCE MAR 1      0.0
  SINCE JUL 1      0.0
  SNOW DEPTH       0

DEGREE DAYS
 HEATING
  YESTERDAY        0                         0      0        0
  MONTH TO DATE    0                         0      0        3
  SINCE MAR 1    140                       155    -15      240
  SINCE JUL 1   1220                      1248    -28     1493

 COOLING
  YESTERDAY       12                        14     -2       15
  MONTH TO DATE  293                       269     24      236
  SINCE MAR 1    585                       520     65      491
  SINCE JAN 1    600                       558     42      549
..................................................................


WIND (MPH)
  HIGHEST WIND SPEED    30   HIGHEST WIND DIRECTION     S (160)
  HIGHEST GUST SPEED    39   HIGHEST GUST DIRECTION     S (200)
  AVERAGE WIND SPEED    10.8


SKY COVER
  POSSIBLE SUNSHINE  MM
  AVERAGE SKY COVER 0.5


WEATHER CONDITIONS
 THE FOLLOWING WEATHER WAS RECORDED YESTERDAY.
  THUNDERSTORM
  HEAVY RAIN
  RAIN
  LIGHT RAIN
  FOG


RELATIVE HUMIDITY (PERCENT)
 HIGHEST   100          1200 AM
 LOWEST     65           300 PM
 AVERAGE    83

..........................................................


THE VICTORIA CLIMATE NORMALS FOR TODAY
                         NORMAL    RECORD    YEAR
 MAXIMUM TEMPERATURE (F)   88        97      1928
                                             1912
 MINIMUM TEMPERATURE (F)   69        58      1910


SUNRISE AND SUNSET
MAY 25 2015...........SUNRISE   632 AM CDT   SUNSET   818 PM CDT
MAY 26 2015...........SUNRISE   631 AM CDT   SUNSET   818 PM CDT


-  INDICATES NEGATIVE NUMBERS.
R  INDICATES RECORD WAS SET OR TIED.
MM INDICATES DATA IS MISSING.
T  INDICATES TRACE AMOUNT.




$$
