353
CDUS44 KCRP 300833 RRA
CLIVCT

CLIMATE REPORT
NATIONAL WEATHER SERVICE CORPUS CHRISTI TX
332 AM CDT SAT APR 30 2016

...................................

...THE VICTORIA CLIMATE SUMMARY FOR APRIL 29 2016...

CLIMATE NORMAL PERIOD 1981 TO 2010
CLIMATE RECORD PERIOD 1893 TO 2016

WEATHER ITEM   OBSERVED TIME   RECORD YEAR NORMAL DEPARTURE LAST
                VALUE   (LST)  VALUE       VALUE  FROM      YEAR
                                                  NORMAL
..................................................................
TEMPERATURE (F)
 YESTERDAY
  MAXIMUM         85    108 PM  93    1927  83      2       76
  MINIMUM         76    659 AM  47    2008  63     13       51
  AVERAGE         81                        73      8       64

PRECIPITATION (IN)
  YESTERDAY        T             2.39 1979   0.12  -0.12     0.00
  MONTH TO DATE    4.41                      2.69   1.72     6.81
  SINCE MAR 1      8.73                      5.46   3.27    15.18
  SINCE JAN 1     13.67                     10.06   3.61    19.23

SNOWFALL (IN)
  YESTERDAY        0.0
  MONTH TO DATE    0.0
  SINCE MAR 1      0.0
  SINCE JUL 1      0.0
  SNOW DEPTH       0

DEGREE DAYS
 HEATING
  YESTERDAY        0                         0      0        1
  MONTH TO DATE    9                        29    -20        1
  SINCE MAR 1     63                       154    -91      140
  SINCE JUL 1    913                      1247   -334     1220

 COOLING
  YESTERDAY       16                         8      8        0
  MONTH TO DATE  177                       168      9      230
  SINCE MAR 1    299                       242     57      290
  SINCE JAN 1    334                       280     54      305
..................................................................

WIND (MPH)
  HIGHEST WIND SPEED    28   HIGHEST WIND DIRECTION     S (170)
  HIGHEST GUST SPEED    35   HIGHEST GUST DIRECTION     S (170)
  AVERAGE WIND SPEED    17.3

SKY COVER
  POSSIBLE SUNSHINE  MM
  AVERAGE SKY COVER 1.0

WEATHER CONDITIONS
 THE FOLLOWING WEATHER WAS RECORDED YESTERDAY.
  THUNDERSTORM
  FOG
  HAZE

RELATIVE HUMIDITY (PERCENT)
 HIGHEST    94          1200 AM
 LOWEST     69          1100 AM
 AVERAGE    82

..........................................................

THE VICTORIA CLIMATE NORMALS FOR TODAY
                         NORMAL    RECORD    YEAR
 MAXIMUM TEMPERATURE (F)   83        95      1953
                                             1940
 MINIMUM TEMPERATURE (F)   63        40      1907

SUNRISE AND SUNSET
APRIL 30 2016.........SUNRISE   647 AM CDT   SUNSET   803 PM CDT
MAY  1 2016...........SUNRISE   646 AM CDT   SUNSET   804 PM CDT

-  INDICATES NEGATIVE NUMBERS.
R  INDICATES RECORD WAS SET OR TIED.
MM INDICATES DATA IS MISSING.
T  INDICATES TRACE AMOUNT.

$$
