000
CDUS44 KCRP 170919
CLIVCT

CLIMATE REPORT
NATIONAL WEATHER SERVICE CORPUS CHRISTI TX
319 AM CST WED JAN 17 2018


...................................

...THE VICTORIA CLIMATE SUMMARY FOR JANUARY 16 2018...

CLIMATE NORMAL PERIOD 1981 TO 2010
CLIMATE RECORD PERIOD 1893 TO 2018


WEATHER ITEM   OBSERVED TIME   RECORD YEAR NORMAL DEPARTURE LAST
                VALUE   (LST)  VALUE       VALUE  FROM      YEAR
                                                  NORMAL
..................................................................
TEMPERATURE (F)
 YESTERDAY
  MAXIMUM         56    113 AM  85    1936  65     -9       78
  MINIMUM         26   1134 PM  24    1930  43    -17       68
  AVERAGE         41                        54    -13       73

PRECIPITATION (IN)
  YESTERDAY        0.13          1.56 1970   0.08   0.05     0.13
  MONTH TO DATE    0.23                      1.32  -1.09     0.15
  SINCE DEC 1      2.27                      3.63  -1.36     3.16
  SINCE JAN 1      0.23                      1.32  -1.09     0.15

SNOWFALL (IN)
  YESTERDAY        T
  MONTH TO DATE    T
  SINCE DEC 1      2.0
  SINCE JUL 1      2.0
  SNOW DEPTH       0

DEGREE DAYS
 HEATING
  YESTERDAY       24                        12     12        0
  MONTH TO DATE  264                       192     72      114
  SINCE DEC 1    598                       523     75      349
  SINCE JUL 1    716                       686     30      399

 COOLING
  YESTERDAY        0                         0      0        8
  MONTH TO DATE    0                         7     -7       59
  SINCE DEC 1     21                        34    -13      116
  SINCE JAN 1      0                         7     -7       59
..................................................................


WIND (MPH)
  HIGHEST WIND SPEED    31   HIGHEST WIND DIRECTION     N (360)
  HIGHEST GUST SPEED    42   HIGHEST GUST DIRECTION     N (10)
  AVERAGE WIND SPEED    19.6


SKY COVER
  POSSIBLE SUNSHINE  MM
  AVERAGE SKY COVER 1.0


WEATHER CONDITIONS
 THE FOLLOWING WEATHER WAS RECORDED YESTERDAY.
  LIGHT RAIN
  LT FREEZING RAIN
  SLEET
  FOG
  HAZE


RELATIVE HUMIDITY (PERCENT)
 HIGHEST    92           800 AM
 LOWEST     63          1100 PM
 AVERAGE    78

..........................................................


THE VICTORIA CLIMATE NORMALS FOR TODAY
                         NORMAL    RECORD    YEAR
 MAXIMUM TEMPERATURE (F)   65        85      1936
 MINIMUM TEMPERATURE (F)   43        23      1982


SUNRISE AND SUNSET
JANUARY 17 2018.......SUNRISE   722 AM CST   SUNSET   554 PM CST
JANUARY 18 2018.......SUNRISE   721 AM CST   SUNSET   555 PM CST


-  INDICATES NEGATIVE NUMBERS.
R  INDICATES RECORD WAS SET OR TIED.
MM INDICATES DATA IS MISSING.
T  INDICATES TRACE AMOUNT.




$$
