000
CDUS44 KCRP 141014 RRA
CLIVCT

CLIMATE REPORT
NATIONAL WEATHER SERVICE CORPUS CHRISTI TX
414 AM CST SUN FEB 14 2016


...................................

...THE VICTORIA CLIMATE SUMMARY FOR FEBRUARY 13 2016...

CLIMATE NORMAL PERIOD 1981 TO 2010
CLIMATE RECORD PERIOD 1893 TO 2016


WEATHER ITEM   OBSERVED TIME   RECORD YEAR NORMAL DEPARTURE LAST
                VALUE   (LST)  VALUE       VALUE  FROM      YEAR
                                                  NORMAL
..................................................................
TEMPERATURE (F)
 YESTERDAY
  MAXIMUM         75    119 PM  86    1926  68      7       70
  MINIMUM         48    347 AM  15    1905  46      2       43
  AVERAGE         62                        57      5       57

PRECIPITATION (IN)
  YESTERDAY        0.00          1.32 1969   0.07  -0.07     0.00
  MONTH TO DATE    T                         0.94  -0.94     0.61
  SINCE DEC 1      4.75                      5.77  -1.02     5.89
  SINCE JAN 1      3.15                      3.46  -0.31     3.68

SNOWFALL (IN)
  YESTERDAY        0.0
  MONTH TO DATE    0.0
  SINCE DEC 1      0.0
  SINCE JUL 1      0.0
  SNOW DEPTH       0

DEGREE DAYS
 HEATING
  YESTERDAY        3                         9     -6        8
  MONTH TO DATE  120                       127     -7      101
  SINCE DEC 1    700                       816   -116      700
  SINCE JUL 1    798                       979   -181      891

 COOLING
  YESTERDAY        0                         1     -1        0
  MONTH TO DATE    8                        13     -5        6
  SINCE DEC 1     69                        54     15       33
  SINCE JAN 1     13                        27    -14        7
..................................................................


WIND (MPH)
  HIGHEST WIND SPEED    18   HIGHEST WIND DIRECTION    SE (120)
  HIGHEST GUST SPEED    23   HIGHEST GUST DIRECTION    SE (130)
  AVERAGE WIND SPEED     7.2


SKY COVER
  POSSIBLE SUNSHINE  MM
  AVERAGE SKY COVER 0.7


WEATHER CONDITIONS
 THE FOLLOWING WEATHER WAS RECORDED YESTERDAY.
  FOG
  FOG W/VISIBILITY <= 1/4 MILE


RELATIVE HUMIDITY (PERCENT)
 HIGHEST   100          1200 AM
 LOWEST     53           200 PM
 AVERAGE    77

..........................................................


THE VICTORIA CLIMATE NORMALS FOR TODAY
                         NORMAL    RECORD    YEAR
 MAXIMUM TEMPERATURE (F)   68        90      1926
 MINIMUM TEMPERATURE (F)   46        20      1905


SUNRISE AND SUNSET
FEBRUARY 14 2016......SUNRISE   707 AM CST   SUNSET   617 PM CST
FEBRUARY 15 2016......SUNRISE   707 AM CST   SUNSET   617 PM CST


-  INDICATES NEGATIVE NUMBERS.
R  INDICATES RECORD WAS SET OR TIED.
MM INDICATES DATA IS MISSING.
T  INDICATES TRACE AMOUNT.




$$
