000
CDUS44 KCRP 300855
CLIVCT

CLIMATE REPORT
NATIONAL WEATHER SERVICE CORPUS CHRISTI TX
349 AM CDT MON MAY 30 2016

...THE VICTORIA CLIMATE SUMMARY FOR MAY 29 2016...

CLIMATE NORMAL PERIOD 1981 TO 2010
CLIMATE RECORD PERIOD 1893 TO 2016


WEATHER ITEM   OBSERVED TIME   RECORD YEAR NORMAL DEPARTURE LAST
                VALUE   (LST)  VALUE       VALUE  FROM      YEAR
                                                  NORMAL
..................................................................
TEMPERATURE (F)
 YESTERDAY
  MAXIMUM         88    111 PM  98    1998  89     -1       89
                                      1912
  MINIMUM         74    638 AM  60    1961  70      4       65
                                      1917
  AVERAGE         81                        80      1       77

PRECIPITATION (IN)
  YESTERDAY        0.00          2.10 1981   0.18  -0.18     0.31
  MONTH TO DATE    4.61                      4.86  -0.25     7.50
  SINCE MAR 1     13.52                     10.45   3.07    22.68
  SINCE JAN 1     18.46                     15.05   3.41    26.73

SNOWFALL (IN)
  YESTERDAY        0.0
  MONTH TO DATE    0.0
  SINCE MAR 1      0.0
  SINCE JUL 1      0.0
  SNOW DEPTH       0

DEGREE DAYS
 HEATING
  YESTERDAY        0                         0      0        0
  MONTH TO DATE    0                         0      0        0
  SINCE MAR 1     63                       155    -92      140
  SINCE JUL 1    913                      1248   -335     1220

 COOLING
  YESTERDAY       16                        15      1       12
  MONTH TO DATE  334                       340     -6      366
  SINCE MAR 1    650                       591     59      658
  SINCE JAN 1    685                       629     56      673
..................................................................


WIND (MPH)
  HIGHEST WIND SPEED    22   HIGHEST WIND DIRECTION    SE (120)
  HIGHEST GUST SPEED    27   HIGHEST GUST DIRECTION    SE (130)
  AVERAGE WIND SPEED     8.6


SKY COVER
  POSSIBLE SUNSHINE  MM
  AVERAGE SKY COVER 0.2


WEATHER CONDITIONS
 THE FOLLOWING WEATHER WAS RECORDED YESTERDAY.
  FOG


RELATIVE HUMIDITY (PERCENT)
 HIGHEST   100           600 AM
 LOWEST     63           200 PM
 AVERAGE    82

..........................................................


THE VICTORIA CLIMATE NORMALS FOR TODAY
                         NORMAL    RECORD    YEAR
 MAXIMUM TEMPERATURE (F)   89        98      2003
                                             1912
 MINIMUM TEMPERATURE (F)   70        56      1984


SUNRISE AND SUNSET
MAY 30 2016...........SUNRISE   630 AM CDT   SUNSET   821 PM CDT
MAY 31 2016...........SUNRISE   630 AM CDT   SUNSET   821 PM CDT


-  INDICATES NEGATIVE NUMBERS.
R  INDICATES RECORD WAS SET OR TIED.
MM INDICATES DATA IS MISSING.
T  INDICATES TRACE AMOUNT.

$$

87
