000
CDUS45 KGJT 280748
CLIVEL


CLIMATE REPORT
NATIONAL WEATHER SERVICE GRAND JUNCTION CO
146 AM MDT FRI APR 28 2017


...................................

...THE VERNAL UT CLIMATE SUMMARY FOR APRIL 27 2017...

CLIMATE NORMAL PERIOD 1981 TO 2010
CLIMATE RECORD PERIOD 9999 TO 9999


WEATHER ITEM   OBSERVED TIME   RECORD YEAR NORMAL DEPARTURE LAST
                VALUE   (LST)  VALUE       VALUE  FROM      YEAR
                                                  NORMAL
..................................................................
TEMPERATURE (F)
 YESTERDAY
  MAXIMUM         54    132 PM  MM      MM  63     -9       57
  MINIMUM         35   1144 PM  MM      MM  38     -3       34
  AVERAGE         45                        50     -5       46

PRECIPITATION (IN)
  YESTERDAY        0.05         MM      MM   0.03   0.02     0.00
  MONTH TO DATE    0.15                      0.72  -0.57     0.62
  SINCE MAR 1      1.26                      1.40  -0.14     2.22
  SINCE JAN 1      4.42                      2.42   2.00     2.78

SNOWFALL (IN)
  YESTERDAY       MM            MM      MM    MM   MM       MM
  MONTH TO DATE   MM                          MM   MM       MM
  SINCE MAR 1     MM                          MM   MM       MM
  SINCE JUL 1     MM                          MM   MM       MM
  SNOW DEPTH      MM

DEGREE DAYS
 HEATING
  YESTERDAY       20                        15      5       19
  MONTH TO DATE  437                       506    -69      413
  SINCE MAR 1   1047                      1346   -299     1157
  SINCE JUL 1   6104                      6837   -733     6507

 COOLING
  YESTERDAY        0                         0      0        0
  MONTH TO DATE    0                         0      0        0
  SINCE MAR 1      0                         0      0        0
  SINCE JAN 1      0                         0      0        0
..................................................................


WIND (MPH)
  HIGHEST WIND SPEED    20   HIGHEST WIND DIRECTION    SE (140)
  HIGHEST GUST SPEED    24   HIGHEST GUST DIRECTION    SE (130)
  AVERAGE WIND SPEED     5.8


SKY COVER
  POSSIBLE SUNSHINE  MM
  AVERAGE SKY COVER 0.8


WEATHER CONDITIONS
 THE FOLLOWING WEATHER WAS RECORDED YESTERDAY.
  LIGHT RAIN
  FOG


RELATIVE HUMIDITY (PERCENT)
 HIGHEST    89           100 AM
 LOWEST     27          1200 PM
 AVERAGE    58

..........................................................


THE VERNAL UT CLIMATE NORMALS FOR TODAY
                         NORMAL    RECORD    YEAR
 MAXIMUM TEMPERATURE (F)   64        MM        MM
 MINIMUM TEMPERATURE (F)   38        MM        MM


SUNRISE AND SUNSET
APRIL 28 2017.........SUNRISE   621 AM MDT   SUNSET   811 PM MDT
APRIL 29 2017.........SUNRISE   619 AM MDT   SUNSET   812 PM MDT


-  INDICATES NEGATIVE NUMBERS.
R  INDICATES RECORD WAS SET OR TIED.
MM INDICATES DATA IS MISSING.
T  INDICATES TRACE AMOUNT.




$$
