000
CDUS45 KGJT 192329
CLIVEL


CLIMATE REPORT
NATIONAL WEATHER SERVICE GRAND JUNCTION CO
428 PM MST THU JAN 19 2017


...................................

...THE VERNAL UT CLIMATE SUMMARY FOR JANUARY 19 2017...
VALID TODAY AS OF 0400 PM LOCAL TIME.

CLIMATE NORMAL PERIOD 1981 TO 2010
CLIMATE RECORD PERIOD 9999 TO 9999


WEATHER ITEM   OBSERVED TIME   RECORD YEAR NORMAL DEPARTURE LAST
                VALUE   (LST)  VALUE       VALUE  FROM      YEAR
                                                  NORMAL
..................................................................
TEMPERATURE (F)
 TODAY
  MAXIMUM         19    249 PM  MM      MM  28     -9       31
  MINIMUM          6   1210 AM  MM      MM   9     -3       15
  AVERAGE         13                        19     -6       23

PRECIPITATION (IN)
  TODAY            T            MM      MM   0.02  -0.02      T
  MONTH TO DATE    1.03                      0.34   0.69     0.02
  SINCE DEC 1      2.05                      0.98   1.07     0.48
  SINCE JAN 1      1.03                      0.34   0.69     0.02

SNOWFALL (IN)
  TODAY           MM            MM      MM  MM   MM       MM
  MONTH TO DATE   MM                        MM   MM       MM
  SINCE DEC 1     MM                        MM   MM       MM
  SINCE JUL 1     MM                        MM   MM       MM
  SNOW DEPTH      MM

DEGREE DAYS
 HEATING
  TODAY           52                        46      6       42
  MONTH TO DATE  869                       874     -5      938
  SINCE DEC 1   2101                      2214   -113     2409
  SINCE JUL 1   3458                      3845   -387     3701

 COOLING
  TODAY            0                         0      0        0
  MONTH TO DATE    0                         0      0        0
  SINCE DEC 1      0                         0      0        0
  SINCE JAN 1      0                         0      0        0
..................................................................


WIND (MPH)
  HIGHEST WIND SPEED     8   HIGHEST WIND DIRECTION     W (280)
  HIGHEST GUST SPEED     8   HIGHEST GUST DIRECTION     W (280)
  AVERAGE WIND SPEED     1.6


SKY COVER
  POSSIBLE SUNSHINE  MM
  AVERAGE SKY COVER 1.0


WEATHER CONDITIONS
 THE FOLLOWING WEATHER WAS RECORDED TODAY.
  LIGHT SNOW
  FOG
  HAZE


RELATIVE HUMIDITY (PERCENT)
 HIGHEST    88          1200 AM
 LOWEST     73          1200 PM
 AVERAGE    81

..........................................................


THE VERNAL UT CLIMATE NORMALS FOR TOMORROW
                         NORMAL    RECORD    YEAR
 MAXIMUM TEMPERATURE (F)   28        MM        MM
 MINIMUM TEMPERATURE (F)    9        MM        MM


SUNRISE AND SUNSET
JANUARY 19 2017.......SUNRISE   737 AM MST   SUNSET   521 PM MST
JANUARY 20 2017.......SUNRISE   737 AM MST   SUNSET   522 PM MST


-  INDICATES NEGATIVE NUMBERS.
R  INDICATES RECORD WAS SET OR TIED.
MM INDICATES DATA IS MISSING.
T  INDICATES TRACE AMOUNT.




$$
