847
CDUS43 KSGF 030632
CLIVIH


CLIMATE REPORT
NATIONAL WEATHER SERVICE SPRINGFIELD MO
126 AM CDT TUE MAY 3 2016


...................................

...THE VICHY-ROLLA MO CLIMATE SUMMARY FOR MAY 2 2016...

CLIMATE NORMAL PERIOD 1981 TO 2010
CLIMATE RECORD PERIOD 1888 TO 2016


WEATHER ITEM   OBSERVED TIME   RECORD YEAR NORMAL DEPARTURE LAST
                VALUE   (LST)  VALUE       VALUE  FROM      YEAR
                                                  NORMAL
..................................................................
TEMPERATURE (F)
 YESTERDAY
  MAXIMUM         54    230 PM  89    1901  71    -17       78
  MINIMUM         47   1020 PM  34    1961  49     -2       52
  AVERAGE         51                        60     -9       65

PRECIPITATION (IN)
  YESTERDAY        T             1.46 1954   0.16  -0.16     0.00
  MONTH TO DATE    T                         0.31  -0.31     0.00
  SINCE MAR 1      6.94                      7.98  -1.04     5.14
  SINCE JAN 1      9.06                     12.08  -3.02     7.42

DEGREE DAYS
 HEATING
  YESTERDAY       14                         6      8        0
  MONTH TO DATE   20                        12      8       12
  SINCE MAR 1    708                       940   -232      850
  SINCE JUL 1   3911                      4730   -819     4967

 COOLING
  YESTERDAY        0                         1     -1        0
  MONTH TO DATE    0                         2     -2        0
  SINCE MAR 1     14                        28    -14       13
  SINCE JAN 1     14                        28    -14       13
..................................................................


WIND (MPH)
  HIGHEST WIND SPEED    15   HIGHEST WIND DIRECTION    NW (330)
  HIGHEST GUST SPEED    19   HIGHEST GUST DIRECTION     N (340)
  AVERAGE WIND SPEED     5.4


SKY COVER
  AVERAGE SKY COVER 0.9


WEATHER CONDITIONS
 THE FOLLOWING WEATHER WAS RECORDED YESTERDAY.
  LIGHT RAIN


RELATIVE HUMIDITY (PERCENT)
 HIGHEST   100          1000 PM
 LOWEST     71           200 PM
 AVERAGE    86

..........................................................


THE VICHY-ROLLA MO CLIMATE NORMALS FOR TODAY
                         NORMAL    RECORD    YEAR
 MAXIMUM TEMPERATURE (F)   71        89      1902
 MINIMUM TEMPERATURE (F)   49        30      1976


SUNRISE AND SUNSET
MAY  3 2016...........SUNRISE   608 AM CDT   SUNSET   801 PM CDT
MAY  4 2016...........SUNRISE   607 AM CDT   SUNSET   801 PM CDT


-  INDICATES NEGATIVE NUMBERS.
R  INDICATES RECORD WAS SET OR TIED.
MM INDICATES DATA IS MISSING.
T  INDICATES TRACE AMOUNT.




$$
