000
CDUS43 KSGF 280628
CLIVIH


CLIMATE REPORT
NATIONAL WEATHER SERVICE SPRINGFIELD MO
127 AM CDT SUN MAY 28 2017


...................................

...THE VICHY-ROLLA MO CLIMATE SUMMARY FOR MAY 27 2017...

CLIMATE NORMAL PERIOD 1981 TO 2010
CLIMATE RECORD PERIOD 1888 TO 2017


WEATHER ITEM   OBSERVED TIME   RECORD YEAR NORMAL DEPARTURE LAST
                VALUE   (LST)  VALUE       VALUE  FROM      YEAR
                                                  NORMAL
..................................................................
TEMPERATURE (F)
 YESTERDAY
  MAXIMUM         77    133 PM  95    2012  77      0       79
  MINIMUM         60   1159 PM  40    1961  56      4       65
  AVERAGE         69                        67      2       72

PRECIPITATION (IN)
  YESTERDAY        1.13          1.98 1964   0.17   0.96     0.90
  MONTH TO DATE    6.15                      4.38   1.77     4.94
  SINCE MAR 1     20.38                     12.05   8.33    11.88
  SINCE JAN 1     22.44                     16.15   6.29    14.00

DEGREE DAYS
 HEATING
  YESTERDAY        0                         2     -2        0
  MONTH TO DATE  114                       109      5      161
  SINCE MAR 1    817                      1037   -220      849
  SINCE JUL 1   3803                      4827  -1024     4052

 COOLING
  YESTERDAY        4                         4      0        7
  MONTH TO DATE   61                        63     -2       35
  SINCE MAR 1     96                        89      7       49
  SINCE JAN 1     97                        89      8       49
..................................................................


WIND (MPH)
  HIGHEST WIND SPEED    37   HIGHEST WIND DIRECTION    NW (330)
  HIGHEST GUST SPEED    50   HIGHEST GUST DIRECTION     N (340)
  AVERAGE WIND SPEED     7.4


SKY COVER
  AVERAGE SKY COVER 0.6


WEATHER CONDITIONS
 THE FOLLOWING WEATHER WAS RECORDED YESTERDAY.
  THUNDERSTORM
  HEAVY RAIN
  RAIN
  LIGHT RAIN
  FOG
  FOG W/VISIBILITY <= 1/4 MILE


RELATIVE HUMIDITY (PERCENT)
 HIGHEST   100           100 AM
 LOWEST     76          1000 AM
 AVERAGE    88

..........................................................


THE VICHY-ROLLA MO CLIMATE NORMALS FOR TODAY
                         NORMAL    RECORD    YEAR
 MAXIMUM TEMPERATURE (F)   78        92      2012
 MINIMUM TEMPERATURE (F)   57        41      1902


SUNRISE AND SUNSET
MAY 28 2017...........SUNRISE   547 AM CDT   SUNSET   822 PM CDT
MAY 29 2017...........SUNRISE   547 AM CDT   SUNSET   822 PM CDT


-  INDICATES NEGATIVE NUMBERS.
R  INDICATES RECORD WAS SET OR TIED.
MM INDICATES DATA IS MISSING.
T  INDICATES TRACE AMOUNT.




$$
