601
CDUS43 KSGF 110638
CLIVIH


CLIMATE REPORT
NATIONAL WEATHER SERVICE SPRINGFIELD MO
1238 AM CST THU FEB 11 2016


...................................

...THE VICHY-ROLLA MO CLIMATE SUMMARY FOR FEBRUARY 10 2016...

CLIMATE NORMAL PERIOD 1981 TO 2010
CLIMATE RECORD PERIOD 1888 TO 2016


WEATHER ITEM   OBSERVED TIME   RECORD YEAR NORMAL DEPARTURE LAST
                VALUE   (LST)  VALUE       VALUE  FROM      YEAR
                                                  NORMAL
..................................................................
TEMPERATURE (F)
 YESTERDAY
  MAXIMUM         28    402 PM  77    1976  44    -16       48
  MINIMUM         12    501 AM -16    1899  24    -12       23
  AVERAGE         20                        34    -14       36

PRECIPITATION (IN)
  YESTERDAY        T             0.93 2009   0.07  -0.07     0.00
  MONTH TO DATE    0.21                      0.65  -0.44     0.74
  SINCE DEC 1     11.27                      5.46   5.81     4.04
  SINCE JAN 1      0.95                      2.82  -1.87     1.67

DEGREE DAYS
 HEATING
  YESTERDAY       45                        31     14       29
  MONTH TO DATE  301                       317    -16      306
  SINCE DEC 1   2015                      2338   -323     2195
  SINCE JUL 1   2736                      3285   -549     3337

 COOLING
  YESTERDAY        0                         0      0        0
  MONTH TO DATE    0                         0      0        0
  SINCE DEC 1      0                         0      0        0
  SINCE JAN 1      0                         0      0        0
..................................................................


WIND (MPH)
  HIGHEST WIND SPEED    23   HIGHEST WIND DIRECTION    NW (320)
  HIGHEST GUST SPEED    29   HIGHEST GUST DIRECTION    NW (310)
  AVERAGE WIND SPEED     8.2


SKY COVER
  AVERAGE SKY COVER 0.3


WEATHER CONDITIONS
 THE FOLLOWING WEATHER WAS RECORDED YESTERDAY.
  LIGHT SNOW
  FOG
  HAZE


RELATIVE HUMIDITY (PERCENT)
 HIGHEST    92           100 PM
 LOWEST     54          1200 AM
 AVERAGE    73

..........................................................


THE VICHY-ROLLA MO CLIMATE NORMALS FOR TODAY
                         NORMAL    RECORD    YEAR
 MAXIMUM TEMPERATURE (F)   45        72      1951
 MINIMUM TEMPERATURE (F)   24       -11      1899


SUNRISE AND SUNSET
FEBRUARY 11 2016......SUNRISE   702 AM CST   SUNSET   541 PM CST
FEBRUARY 12 2016......SUNRISE   701 AM CST   SUNSET   542 PM CST


-  INDICATES NEGATIVE NUMBERS.
R  INDICATES RECORD WAS SET OR TIED.
MM INDICATES DATA IS MISSING.
T  INDICATES TRACE AMOUNT.




$$
