000
CDUS43 KSGF 220627
CLIVIH


CLIMATE REPORT
NATIONAL WEATHER SERVICE SPRINGFIELD MO
1227 AM CST WED NOV 22 2017


...................................

...THE VICHY-ROLLA MO CLIMATE SUMMARY FOR NOVEMBER 21 2017...

CLIMATE NORMAL PERIOD 1981 TO 2010
CLIMATE RECORD PERIOD 1888 TO 2017


WEATHER ITEM   OBSERVED TIME   RECORD YEAR NORMAL DEPARTURE LAST
                VALUE   (LST)  VALUE       VALUE  FROM      YEAR
                                                  NORMAL
..................................................................
TEMPERATURE (F)
 YESTERDAY
  MAXIMUM         56   1254 PM  74    1897  53      3       57
  MINIMUM         27   1159 PM   9    2000  33     -6       29
  AVERAGE         42                        43     -1       43

PRECIPITATION (IN)
  YESTERDAY        0.00          1.20 1898   0.13  -0.13     0.00
  MONTH TO DATE    0.27                      2.69  -2.42     0.31
  SINCE SEP 1      3.35                     10.24  -6.89     7.51
  SINCE JAN 1     41.95                     39.79   2.16    39.85

DEGREE DAYS
 HEATING
  YESTERDAY       23                        22      1       22
  MONTH TO DATE  355                       375    -20      273
  SINCE SEP 1    606                       722   -116      426
  SINCE JUL 1    607                       725   -118      426

 COOLING
  YESTERDAY        0                         0      0        0
  MONTH TO DATE    0                         0      0       20
  SINCE SEP 1    277                       166    111      293
  SINCE JAN 1   1247                      1243      4     1482
..................................................................


WIND (MPH)
  HIGHEST WIND SPEED    20   HIGHEST WIND DIRECTION    NW (330)
  HIGHEST GUST SPEED    26   HIGHEST GUST DIRECTION     N (360)
  AVERAGE WIND SPEED    11.3


SKY COVER
  AVERAGE SKY COVER 0.0


WEATHER CONDITIONS
 THE FOLLOWING WEATHER WAS RECORDED YESTERDAY.
  NO SIGNIFICANT WEATHER WAS OBSERVED.


RELATIVE HUMIDITY (PERCENT)
 HIGHEST    63          1100 PM
 LOWEST     42           500 PM
 AVERAGE    53

..........................................................


THE VICHY-ROLLA MO CLIMATE NORMALS FOR TODAY
                         NORMAL    RECORD    YEAR
 MAXIMUM TEMPERATURE (F)   52        73      2010
 MINIMUM TEMPERATURE (F)   32         9      1898


SUNRISE AND SUNSET
NOVEMBER 22 2017......SUNRISE   656 AM CST   SUNSET   450 PM CST
NOVEMBER 23 2017......SUNRISE   657 AM CST   SUNSET   450 PM CST


-  INDICATES NEGATIVE NUMBERS.
R  INDICATES RECORD WAS SET OR TIED.
MM INDICATES DATA IS MISSING.
T  INDICATES TRACE AMOUNT.




$$
