000
CDUS43 KSGF 260626
CLIVIH


CLIMATE REPORT
NATIONAL WEATHER SERVICE SPRINGFIELD MO
125 AM CDT TUE SEP 26 2017


...................................

...THE VICHY-ROLLA MO CLIMATE SUMMARY FOR SEPTEMBER 25 2017...

CLIMATE NORMAL PERIOD 1981 TO 2010
CLIMATE RECORD PERIOD 1888 TO 2017


WEATHER ITEM   OBSERVED TIME   RECORD YEAR NORMAL DEPARTURE LAST
                VALUE   (LST)  VALUE       VALUE  FROM      YEAR
                                                  NORMAL
..................................................................
TEMPERATURE (F)
 YESTERDAY
  MAXIMUM         91R   314 PM  90    2012  75     16       87
                                      1898
  MINIMUM         65    327 AM  36    2001  53     12       59
  AVERAGE         78                        64     14       73

PRECIPITATION (IN)
  YESTERDAY        0.00          1.10 1970   0.13  -0.13     0.31
  MONTH TO DATE    0.16                      3.45  -3.29     4.39
  SINCE SEP 1      0.16                      3.45  -3.29     4.39
  SINCE JAN 1     38.76                     33.00   5.76    36.73

DEGREE DAYS
 HEATING
  YESTERDAY        0                         4     -4        0
  MONTH TO DATE   13                        38    -25        3
  SINCE SEP 1     13                        38    -25        3
  SINCE JUL 1     14                        41    -27        3

 COOLING
  YESTERDAY       13                         3     10        8
  MONTH TO DATE  188                       131     57      211
  SINCE SEP 1    188                       131     57      211
  SINCE JAN 1   1158                      1208    -50     1400
..................................................................


WIND (MPH)
  HIGHEST WIND SPEED    16   HIGHEST WIND DIRECTION     S (160)
  HIGHEST GUST SPEED    22   HIGHEST GUST DIRECTION     S (170)
  AVERAGE WIND SPEED     7.7


SKY COVER
  AVERAGE SKY COVER 0.1


WEATHER CONDITIONS
 THE FOLLOWING WEATHER WAS RECORDED YESTERDAY.
  NO SIGNIFICANT WEATHER WAS OBSERVED.


RELATIVE HUMIDITY (PERCENT)
 HIGHEST    87           300 AM
 LOWEST     36           400 PM
 AVERAGE    62

..........................................................


THE VICHY-ROLLA MO CLIMATE NORMALS FOR TODAY
                         NORMAL    RECORD    YEAR
 MAXIMUM TEMPERATURE (F)   74        92      1897
 MINIMUM TEMPERATURE (F)   53        36      2000


SUNRISE AND SUNSET
SEPTEMBER 26 2017.....SUNRISE   659 AM CDT   SUNSET   657 PM CDT
SEPTEMBER 27 2017.....SUNRISE   659 AM CDT   SUNSET   656 PM CDT


-  INDICATES NEGATIVE NUMBERS.
R  INDICATES RECORD WAS SET OR TIED.
MM INDICATES DATA IS MISSING.
T  INDICATES TRACE AMOUNT.




$$
