000
CDUS42 KTAE 160631
CLIVLD


CLIMATE REPORT
NATIONAL WEATHER SERVICE TALLAHASSEE FL
130 AM EST TUE JAN 16 2018


...................................

...THE VALDOSTA CLIMATE SUMMARY FOR JANUARY 15 2018...

CLIMATE NORMAL PERIOD 1981 TO 2010
CLIMATE RECORD PERIOD 1948 TO 2018


WEATHER ITEM   OBSERVED TIME   NORMAL DEPARTURE LAST
                VALUE   (LST)  VALUE  FROM      YEAR
                                      NORMAL
......................................................
TEMPERATURE (F)
 YESTERDAY
  MAXIMUM         56    400 PM  62     -6       78
  MINIMUM         27    627 AM  38    -11       50
  AVERAGE         42            50     -8       64

PRECIPITATION (IN)
  YESTERDAY        0.00          0.09  -0.09     0.00
  MONTH TO DATE    1.45          2.54  -1.09     2.73
  SINCE DEC 1      3.03          5.71  -2.68     4.88
  SINCE JAN 1      1.45          2.54  -1.09     2.73

SNOWFALL (IN)
  YESTERDAY        0.0
  MONTH TO DATE    0.6
  SINCE DEC 1      0.6
  SINCE JUL 1      0.6

DEGREE DAYS
 HEATING
  YESTERDAY       23            15      8        1
  MONTH TO DATE  308           225     83      144
  SINCE DEC 1    658           607     51      385
  SINCE JUL 1    891           838     53      552
......................................................


WIND (MPH)
  HIGHEST WIND SPEED    14   HIGHEST WIND DIRECTION    NE (30)
  HIGHEST GUST SPEED    18   HIGHEST GUST DIRECTION    NE (50)
  AVERAGE WIND SPEED     5.1




RELATIVE HUMIDITY (PERCENT)
 HIGHEST    92
 LOWEST     32
 AVERAGE    62

..........................................................




SUNRISE AND SUNSET
JANUARY 16 2018.......SUNRISE   731 AM EST   SUNSET   555 PM EST
JANUARY 17 2018.......SUNRISE   731 AM EST   SUNSET   556 PM EST


-  INDICATES NEGATIVE NUMBERS.
R  INDICATES RECORD WAS SET OR TIED.
MM INDICATES DATA IS MISSING.
T  INDICATES TRACE AMOUNT.




$$
