000
CDUS42 KTAE 170634
CLIVLD


CLIMATE REPORT
NATIONAL WEATHER SERVICE TALLAHASSEE FL
132 AM EST TUE JAN 17 2017

...................................

...THE VALDOSTA CLIMATE SUMMARY FOR JANUARY 16 2017...

CLIMATE NORMAL PERIOD 1981 TO 2010
CLIMATE RECORD PERIOD 1948 TO 2017


WEATHER ITEM   OBSERVED TIME   NORMAL DEPARTURE LAST
                VALUE   (LST)  VALUE  FROM      YEAR
                                      NORMAL
......................................................
TEMPERATURE (F)
 YESTERDAY
  MAXIMUM         78    227 PM  62     16       71
  MINIMUM         51    745 AM  38     13       44
  AVERAGE         65            50     15       58

PRECIPITATION (IN)
  YESTERDAY        0.00          0.10  -0.10     0.00
  MONTH TO DATE    2.73          2.64   0.09     2.00
  SINCE DEC 1      4.88          5.81  -0.93     4.51
  SINCE JAN 1      2.73          2.64   0.09     2.00

DEGREE DAYS
 HEATING
  YESTERDAY        0            15    -15        7
  MONTH TO DATE  144           240    -96      215
  SINCE DEC 1    385           622   -237      332
  SINCE JUL 1    552           853   -301      408
......................................................


WIND (MPH)
  HIGHEST WIND SPEED    13   HIGHEST WIND DIRECTION    SE (140)
  HIGHEST GUST SPEED    16   HIGHEST GUST DIRECTION    SE (140)
  AVERAGE WIND SPEED     2.6




RELATIVE HUMIDITY (PERCENT)
 HIGHEST   100
 LOWEST     43
 AVERAGE    72

..........................................................




SUNRISE AND SUNSET
JANUARY 17 2017.......SUNRISE   731 AM EST   SUNSET   556 PM EST
JANUARY 18 2017.......SUNRISE   731 AM EST   SUNSET   557 PM EST


-  INDICATES NEGATIVE NUMBERS.
R  INDICATES RECORD WAS SET OR TIED.
MM INDICATES DATA IS MISSING.
T  INDICATES TRACE AMOUNT.


$$
