000
CDUS42 KTAE 240637
CLIVLD


CLIMATE REPORT
NATIONAL WEATHER SERVICE TALLAHASSEE FL
237 AM EDT SUN JUL 24 2016


...................................

...THE VALDOSTA CLIMATE SUMMARY FOR JULY 23 2016...

CLIMATE NORMAL PERIOD 1981 TO 2010
CLIMATE RECORD PERIOD 1948 TO 2016


WEATHER ITEM   OBSERVED TIME   NORMAL DEPARTURE LAST
                VALUE   (LST)  VALUE  FROM      YEAR
                                      NORMAL
......................................................
TEMPERATURE (F)
 YESTERDAY
  MAXIMUM         94    402 PM  92      2       96
  MINIMUM         71    452 AM  71      0       73
  AVERAGE         83            82      1       85

PRECIPITATION (IN)
  YESTERDAY        0.00          0.23  -0.23     0.08
  MONTH TO DATE    9.71          4.88   4.83     7.99
  SINCE JUN 1     18.11         10.94   7.17    11.12
  SINCE JAN 1     42.41         29.94  12.47    29.68

DEGREE DAYS
 COOLING
  YESTERDAY       18            17      1       20
  MONTH TO DATE  432           374     58      425
  SINCE JUN 1    917           806    111      926
  SINCE JAN 1   1427          1218    209     1573
......................................................


WIND (MPH)
  HIGHEST WIND SPEED     9   HIGHEST WIND DIRECTION     S (180)
  HIGHEST GUST SPEED    13   HIGHEST GUST DIRECTION     E (90)
  AVERAGE WIND SPEED     1.9




RELATIVE HUMIDITY (PERCENT)
 HIGHEST   100
 LOWEST     46
 AVERAGE    73

..........................................................




SUNRISE AND SUNSET
JULY 24 2016..........SUNRISE   646 AM EDT   SUNSET   833 PM EDT
JULY 25 2016..........SUNRISE   647 AM EDT   SUNSET   832 PM EDT


-  INDICATES NEGATIVE NUMBERS.
R  INDICATES RECORD WAS SET OR TIED.
MM INDICATES DATA IS MISSING.
T  INDICATES TRACE AMOUNT.




$$
