000
CDUS42 KTAE 240631
CLIVLD


CLIMATE REPORT
NATIONAL WEATHER SERVICE TALLAHASSEE FL
231 AM EDT TUE MAY 24 2016


...................................

...THE VALDOSTA CLIMATE SUMMARY FOR MAY 23 2016...

CLIMATE NORMAL PERIOD 1981 TO 2010
CLIMATE RECORD PERIOD 1948 TO 2016


WEATHER ITEM   OBSERVED TIME   NORMAL DEPARTURE LAST
                VALUE   (LST)  VALUE  FROM      YEAR
                                      NORMAL
......................................................
TEMPERATURE (F)
 YESTERDAY
  MAXIMUM         86    310 PM  88     -2       89
  MINIMUM         56    553 AM  64     -8       64
  AVERAGE         71            76     -5       77

PRECIPITATION (IN)
  YESTERDAY        0.00          0.09  -0.09     0.00
  MONTH TO DATE    3.45          1.51   1.94     0.40
  SINCE MAR 1     15.44          9.25   6.19     7.74
  SINCE JAN 1     24.30         17.98   6.32    16.90

DEGREE DAYS
 COOLING
  YESTERDAY        6            11     -5       12
  MONTH TO DATE  192           186      6      235
  SINCE MAR 1    405           311     94      532
  SINCE JAN 1    415           321     94      536
......................................................


WIND (MPH)
  HIGHEST WIND SPEED     9   HIGHEST WIND DIRECTION     N (10)
  HIGHEST GUST SPEED    13   HIGHEST GUST DIRECTION     N (360)
  AVERAGE WIND SPEED     1.4




RELATIVE HUMIDITY (PERCENT)
 HIGHEST   100
 LOWEST     31
 AVERAGE    66

..........................................................




SUNRISE AND SUNSET
MAY 24 2016...........SUNRISE   633 AM EDT   SUNSET   827 PM EDT
MAY 25 2016...........SUNRISE   633 AM EDT   SUNSET   828 PM EDT


-  INDICATES NEGATIVE NUMBERS.
R  INDICATES RECORD WAS SET OR TIED.
MM INDICATES DATA IS MISSING.
T  INDICATES TRACE AMOUNT.




$$
