000
CDUS42 KTAE 230636
CLIVLD


CLIMATE REPORT
NATIONAL WEATHER SERVICE TALLAHASSEE FL
235 AM EDT THU OCT 23 2014


...................................

...THE VALDOSTA CLIMATE SUMMARY FOR OCTOBER 22 2014...

CLIMATE NORMAL PERIOD 1981 TO 2010
CLIMATE RECORD PERIOD 1948 TO 2014


WEATHER ITEM   OBSERVED TIME   NORMAL DEPARTURE LAST
                VALUE   (LST)  VALUE  FROM      YEAR
                                      NORMAL
......................................................
TEMPERATURE (F)
 YESTERDAY
  MAXIMUM         77    315 PM  79     -2       72
  MINIMUM         48   1159 PM  55     -7       66
  AVERAGE         63            67     -4       69

PRECIPITATION (IN)
  YESTERDAY        0.00          0.10  -0.10     0.49
  MONTH TO DATE    1.35          2.27  -0.92     1.44
  SINCE SEP 1      8.21          6.91   1.30     3.28
  SINCE JAN 1     43.64         43.94  -0.30    37.44

DEGREE DAYS
 HEATING
  YESTERDAY        2             2      0        0
  MONTH TO DATE   13            15     -2        0
  SINCE SEP 1     13            16     -3        0
  SINCE JUL 1     13            16     -3        0

 COOLING
  YESTERDAY        0             4     -4        4
  MONTH TO DATE  126           127     -1      232
  SINCE SEP 1    529           498     31      686
  SINCE JAN 1   2890          2352    538     2960
......................................................


WIND (MPH)
  HIGHEST WIND SPEED    14   HIGHEST WIND DIRECTION    NE (30)
  HIGHEST GUST SPEED    18   HIGHEST GUST DIRECTION     N (350)
  AVERAGE WIND SPEED     3.9




RELATIVE HUMIDITY (PERCENT)
 HIGHEST    89
 LOWEST     29
 AVERAGE    59

..........................................................




SUNRISE AND SUNSET
OCTOBER 23 2014.......SUNRISE   741 AM EDT   SUNSET   653 PM EDT
OCTOBER 24 2014.......SUNRISE   742 AM EDT   SUNSET   652 PM EDT


-  INDICATES NEGATIVE NUMBERS.
R  INDICATES RECORD WAS SET OR TIED.
MM INDICATES DATA IS MISSING.
T  INDICATES TRACE AMOUNT.




$$
