000
CDUS42 KTAE 040638
CLIVLD


CLIMATE REPORT
NATIONAL WEATHER SERVICE TALLAHASSEE FL
237 AM EDT SAT JUL 4 2015


...................................

...THE VALDOSTA CLIMATE SUMMARY FOR JULY 3 2015...

CLIMATE NORMAL PERIOD 1981 TO 2010
CLIMATE RECORD PERIOD 1948 TO 2015


WEATHER ITEM   OBSERVED TIME   NORMAL DEPARTURE LAST
                VALUE   (LST)  VALUE  FROM      YEAR
                                      NORMAL
......................................................
TEMPERATURE (F)
 YESTERDAY
  MAXIMUM         94    325 PM  92      2      103
  MINIMUM         70    304 AM  71     -1       74
  AVERAGE         82            81      1       89

PRECIPITATION (IN)
  YESTERDAY        0.00          0.19  -0.19     1.60
  MONTH TO DATE    T             0.57  -0.57     1.64
  SINCE JUN 1      3.12          6.63  -3.51     3.88
  SINCE JAN 1     21.68         25.63  -3.95    27.15

DEGREE DAYS
 COOLING
  YESTERDAY       17            16      1       24
  MONTH TO DATE   48            48      0       71
  SINCE JUN 1    527           480     47      633
  SINCE JAN 1   1174           892    282     1236
......................................................


WIND (MPH)
  HIGHEST WIND SPEED     8   HIGHEST WIND DIRECTION     S (190)
  HIGHEST GUST SPEED    15   HIGHEST GUST DIRECTION     W (250)
  AVERAGE WIND SPEED     2.7




RELATIVE HUMIDITY (PERCENT)
 HIGHEST   100
 LOWEST     46
 AVERAGE    73

..........................................................




SUNRISE AND SUNSET
JULY  4 2015..........SUNRISE   635 AM EDT   SUNSET   840 PM EDT
JULY  5 2015..........SUNRISE   635 AM EDT   SUNSET   840 PM EDT


-  INDICATES NEGATIVE NUMBERS.
R  INDICATES RECORD WAS SET OR TIED.
MM INDICATES DATA IS MISSING.
T  INDICATES TRACE AMOUNT.




$$
