000
CDUS42 KTAE 282231
CLIVLD


CLIMATE REPORT
NATIONAL WEATHER SERVICE TALLAHASSEE FL
531 PM EST WED JAN 28 2015


...................................

...THE VALDOSTA CLIMATE SUMMARY FOR JANUARY 28 2015...
VALID TODAY AS OF 0500 PM LOCAL TIME.

CLIMATE NORMAL PERIOD 1981 TO 2010
CLIMATE RECORD PERIOD 1948 TO 2015


WEATHER ITEM   OBSERVED TIME   NORMAL DEPARTURE LAST
                VALUE   (LST)  VALUE  FROM      YEAR
                                      NORMAL
......................................................
TEMPERATURE (F)
 TODAY
  MAXIMUM         56    429 PM  63     -7       60
  MINIMUM         31    731 AM  39     -8       41
  AVERAGE         44            51     -7       51

PRECIPITATION (IN)
  TODAY            0.00          0.13  -0.13     0.56
  MONTH TO DATE    4.56          4.18   0.38     2.10
  SINCE DEC 1      8.66          7.35   1.31     6.64
  SINCE JAN 1      4.56          4.18   0.38     2.10

......................................................







THE VALDOSTA CLIMATE NORMALS FOR TOMORROW
                         NORMAL
 MAXIMUM TEMPERATURE (F)   63
 MINIMUM TEMPERATURE (F)   39



-  INDICATES NEGATIVE NUMBERS.
R  INDICATES RECORD WAS SET OR TIED.
MM INDICATES DATA IS MISSING.
T  INDICATES TRACE AMOUNT.




$$
