000
CDUS42 KTAE 270631
CLIVLD


CLIMATE REPORT
NATIONAL WEATHER SERVICE TALLAHASSEE FL
231 AM EDT THU JUL 27 2017


...................................

...THE VALDOSTA CLIMATE SUMMARY FOR JULY 26 2017...

CLIMATE NORMAL PERIOD 1981 TO 2010
CLIMATE RECORD PERIOD 1948 TO 2017


WEATHER ITEM   OBSERVED TIME   NORMAL DEPARTURE LAST
                VALUE   (LST)  VALUE  FROM      YEAR
                                      NORMAL
......................................................
TEMPERATURE (F)
 YESTERDAY
  MAXIMUM         90    146 PM  92     -2       93
  MINIMUM         72    240 AM  71      1       73
  AVERAGE         81            82     -1       83

PRECIPITATION (IN)
  YESTERDAY        0.92          0.22   0.70      T
  MONTH TO DATE    2.90          5.55  -2.65     9.71
  SINCE JUN 1     11.79         11.61   0.18    18.11
  SINCE JAN 1     27.58         30.61  -3.03    42.41

DEGREE DAYS
 COOLING
  YESTERDAY       16            17     -1       18
  MONTH TO DATE  444           425     19      489
  SINCE JUN 1    851           857     -6      974
  SINCE JAN 1   1392          1269    123     1484
......................................................


WIND (MPH)
  HIGHEST WIND SPEED    23   HIGHEST WIND DIRECTION     N (10)
  HIGHEST GUST SPEED    28   HIGHEST GUST DIRECTION     N (10)
  AVERAGE WIND SPEED     1.9




RELATIVE HUMIDITY (PERCENT)
 HIGHEST   100
 LOWEST     63
 AVERAGE    82

..........................................................




SUNRISE AND SUNSET
JULY 27 2017..........SUNRISE   648 AM EDT   SUNSET   831 PM EDT
JULY 28 2017..........SUNRISE   648 AM EDT   SUNSET   830 PM EDT


-  INDICATES NEGATIVE NUMBERS.
R  INDICATES RECORD WAS SET OR TIED.
MM INDICATES DATA IS MISSING.
T  INDICATES TRACE AMOUNT.




$$
