000
CDUS42 KTAE 100638
CLIVLD


CLIMATE REPORT
NATIONAL WEATHER SERVICE TALLAHASSEE FL
134 AM EST SAT DEC 10 2016

...................................

...THE VALDOSTA CLIMATE SUMMARY FOR DECEMBER 9 2016...

CLIMATE NORMAL PERIOD 1981 TO 2010
CLIMATE RECORD PERIOD 1948 TO 2016


WEATHER ITEM   OBSERVED TIME   NORMAL DEPARTURE LAST
                VALUE   (LST)  VALUE  FROM      YEAR
                                      NORMAL
......................................................
TEMPERATURE (F)
 YESTERDAY
  MAXIMUM         55    310 PM  66    -11       73
  MINIMUM         30   1159 PM  43    -13       42
  AVERAGE         43            54    -11       58

PRECIPITATION (IN)
  YESTERDAY        0.00          0.11  -0.11     0.00
  MONTH TO DATE    1.29          0.98   0.31     0.24
  SINCE DEC 1      1.29          0.98   0.31     0.24
  SINCE JAN 1     51.69         48.41   3.28    46.67

DEGREE DAYS
 HEATING
  YESTERDAY       22            11     11        7
  MONTH TO DATE   83            94    -11       52
  SINCE DEC 1     83            94    -11       52
  SINCE JUL 1    250           325    -75      128
......................................................


WIND (MPH)
  HIGHEST WIND SPEED    14   HIGHEST WIND DIRECTION     N (360)
  HIGHEST GUST SPEED    22   HIGHEST GUST DIRECTION     N (360)
  AVERAGE WIND SPEED     8.2




RELATIVE HUMIDITY (PERCENT)
 HIGHEST    85
 LOWEST     18
 AVERAGE    52

..........................................................




SUNRISE AND SUNSET
DECEMBER 10 2016......SUNRISE   720 AM EST   SUNSET   532 PM EST
DECEMBER 11 2016......SUNRISE   721 AM EST   SUNSET   532 PM EST


-  INDICATES NEGATIVE NUMBERS.
R  INDICATES RECORD WAS SET OR TIED.
MM INDICATES DATA IS MISSING.
T  INDICATES TRACE AMOUNT.


$$
