000
CDUS42 KTAE 280633
CLIVLD


CLIMATE REPORT
NATIONAL WEATHER SERVICE TALLAHASSEE FL
232 AM EDT TUE JUL 28 2015


...................................

...THE VALDOSTA CLIMATE SUMMARY FOR JULY 27 2015...

CLIMATE NORMAL PERIOD 1981 TO 2010
CLIMATE RECORD PERIOD 1948 TO 2015


WEATHER ITEM   OBSERVED TIME   NORMAL DEPARTURE LAST
                VALUE   (LST)  VALUE  FROM      YEAR
                                      NORMAL
......................................................
TEMPERATURE (F)
 YESTERDAY
  MAXIMUM         89    254 PM  92     -3       97
  MINIMUM         73    427 AM  71      2       78
  AVERAGE         81            82     -1       88

PRECIPITATION (IN)
  YESTERDAY        0.72          0.21   0.51     0.00
  MONTH TO DATE    9.07          5.76   3.31     3.84
  SINCE JUN 1     12.19         11.82   0.37     6.08
  SINCE JAN 1     30.75         30.82  -0.07    29.35

DEGREE DAYS
 COOLING
  YESTERDAY       16            17     -1       23
  MONTH TO DATE  492           442     50      525
  SINCE JUN 1    971           874     97     1087
  SINCE JAN 1   1618          1286    332     1690
......................................................


WIND (MPH)
  HIGHEST WIND SPEED    17   HIGHEST WIND DIRECTION     N (10)
  HIGHEST GUST SPEED    22   HIGHEST GUST DIRECTION     E (110)
  AVERAGE WIND SPEED     3.5




RELATIVE HUMIDITY (PERCENT)
 HIGHEST   100
 LOWEST     68
 AVERAGE    84

..........................................................




SUNRISE AND SUNSET
JULY 28 2015..........SUNRISE   648 AM EDT   SUNSET   831 PM EDT
JULY 29 2015..........SUNRISE   649 AM EDT   SUNSET   830 PM EDT


-  INDICATES NEGATIVE NUMBERS.
R  INDICATES RECORD WAS SET OR TIED.
MM INDICATES DATA IS MISSING.
T  INDICATES TRACE AMOUNT.




$$
