000
CDUS42 KTAE 250640
CLIVLD


CLIMATE REPORT
NATIONAL WEATHER SERVICE TALLAHASSEE FL
140 AM EST THU DEC 25 2014


...................................

...THE VALDOSTA CLIMATE SUMMARY FOR DECEMBER 24 2014...

CLIMATE NORMAL PERIOD 1981 TO 2010
CLIMATE RECORD PERIOD 1948 TO 2014


WEATHER ITEM   OBSERVED TIME   NORMAL DEPARTURE LAST
                VALUE   (LST)  VALUE  FROM      YEAR
                                      NORMAL
......................................................
TEMPERATURE (F)
 YESTERDAY
  MAXIMUM         74   1036 AM  63     11       61
  MINIMUM         56   1159 PM  40     16       40
  AVERAGE         65            52     13       51

PRECIPITATION (IN)
  YESTERDAY        1.23          0.08   1.15     0.01
  MONTH TO DATE    4.10          2.64   1.46     3.41
  SINCE DEC 1      4.10          2.64   1.46     3.41
  SINCE JAN 1     52.23         50.07   2.16    44.75

DEGREE DAYS
 HEATING
  YESTERDAY        0            14    -14       14
  MONTH TO DATE  222           283    -61      131
  SINCE DEC 1    222           283    -61      131
  SINCE JUL 1    589           514     75      297
......................................................


WIND (MPH)
  HIGHEST WIND SPEED    21   HIGHEST WIND DIRECTION     S (190)
  HIGHEST GUST SPEED    29   HIGHEST GUST DIRECTION     S (170)
  AVERAGE WIND SPEED     8.9




RELATIVE HUMIDITY (PERCENT)
 HIGHEST   100
 LOWEST     86
 AVERAGE    93

..........................................................




SUNRISE AND SUNSET
DECEMBER 25 2014......SUNRISE   728 AM EST   SUNSET   538 PM EST
DECEMBER 26 2014......SUNRISE   729 AM EST   SUNSET   539 PM EST


-  INDICATES NEGATIVE NUMBERS.
R  INDICATES RECORD WAS SET OR TIED.
MM INDICATES DATA IS MISSING.
T  INDICATES TRACE AMOUNT.




$$
