000
CDUS42 KFFC 270818
CLIVPC


CLIMATE REPORT
NATIONAL WEATHER SERVICE PEACHTREE CITY GA
418 AM EDT TUE JUN 27 2017


...................................

...THE CARTERSVILLE CLIMATE SUMMARY FOR JUNE 26 2017...

CLIMATE NORMAL PERIOD 1981 TO 2010
CLIMATE RECORD PERIOD 9999 TO 9999


WEATHER ITEM   OBSERVED TIME   RECORD YEAR NORMAL DEPARTURE LAST
                VALUE   (LST)  VALUE       VALUE  FROM      YEAR
                                                  NORMAL
..................................................................
TEMPERATURE (F)
 YESTERDAY
  MAXIMUM         84    413 PM  MM      MM  88     -4       86
  MINIMUM         56    513 AM  MM      MM  65     -9       70
  AVERAGE         70                        77     -7       78

PRECIPITATION (IN)
  YESTERDAY        0.00         MM      MM   0.15  -0.15     1.01
  MONTH TO DATE    4.70                      3.20   1.50     5.44
  SINCE JUN 1      4.70                      3.20   1.50     5.44
  SINCE JAN 1     30.67                     25.36   5.31    21.96

DEGREE DAYS
 COOLING
  YESTERDAY        5                        12     -7       13
  MONTH TO DATE  270                       246     24      326
  SINCE JUN 1    270                       246     24      326
  SINCE JAN 1    515                       395    120      519
..................................................................


WIND (MPH)
  RESULTANT WIND SPEED   2   RESULTANT WIND DIRECTION  NE (30)
  HIGHEST WIND SPEED    14   HIGHEST WIND DIRECTION     N (10)
  HIGHEST GUST SPEED    19   HIGHEST GUST DIRECTION     N (20)
  AVERAGE WIND SPEED     2.5


SKY COVER
  AVERAGE SKY COVER 0.0


WEATHER CONDITIONS
 THE FOLLOWING WEATHER WAS RECORDED YESTERDAY.
  NO SIGNIFICANT WEATHER WAS OBSERVED.


RELATIVE HUMIDITY (PERCENT)
 HIGHEST   100          1200 AM
 LOWEST     39          1200 PM
 AVERAGE    70

..........................................................


THE CARTERSVILLE CLIMATE NORMALS FOR TODAY
                         NORMAL    RECORD    YEAR
 MAXIMUM TEMPERATURE (F)   89        MM        MM
 MINIMUM TEMPERATURE (F)   65        MM        MM


SUNRISE AND SUNSET
JUNE 27 2017..........SUNRISE   630 AM EDT   SUNSET   855 PM EDT
JUNE 28 2017..........SUNRISE   630 AM EDT   SUNSET   855 PM EDT


-  INDICATES NEGATIVE NUMBERS.
R  INDICATES RECORD WAS SET OR TIED.
MM INDICATES DATA IS MISSING.
T  INDICATES TRACE AMOUNT.




$$
