000
CDUS42 KFFC 050817
CLIVPC


CLIMATE REPORT
NATIONAL WEATHER SERVICE PEACHTREE CITY GA
417 AM EDT THU MAY 5 2016


...................................

...THE CARTERSVILLE CLIMATE SUMMARY FOR MAY 4 2016...

CLIMATE NORMAL PERIOD 1981 TO 2010
CLIMATE RECORD PERIOD 9999 TO 9999


WEATHER ITEM   OBSERVED TIME   RECORD YEAR NORMAL DEPARTURE LAST
                VALUE   (LST)  VALUE       VALUE  FROM      YEAR
                                                  NORMAL
..................................................................
TEMPERATURE (F)
 YESTERDAY
  MAXIMUM         70    434 PM  MM      MM  77     -7       82
  MINIMUM         51    621 AM  MM      MM  52     -1       47
  AVERAGE         61                        64     -3       65

PRECIPITATION (IN)
  YESTERDAY        0.09         MM      MM   0.14  -0.05     0.00
  MONTH TO DATE    0.83                      0.49   0.34     0.00
  SINCE MAR 1      6.15                      9.12  -2.97     8.21
  SINCE JAN 1     14.59                     18.62  -4.03    16.80

DEGREE DAYS
 COOLING
  YESTERDAY        0                         2     -2        0
  MONTH TO DATE   17                         8      9        0
  SINCE MAR 1     66                        33     33       45
  SINCE JAN 1     66                        33     33       45
..................................................................


WIND (MPH)
  RESULTANT WIND SPEED   1   RESULTANT WIND DIRECTION   E (80)
  HIGHEST WIND SPEED    17   HIGHEST WIND DIRECTION    NW (330)
  HIGHEST GUST SPEED    28   HIGHEST GUST DIRECTION    NW (320)
  AVERAGE WIND SPEED     1.8


SKY COVER
  AVERAGE SKY COVER 0.5


WEATHER CONDITIONS
 THE FOLLOWING WEATHER WAS RECORDED YESTERDAY.
  LIGHT RAIN
  FOG
  HAZE


RELATIVE HUMIDITY (PERCENT)
 HIGHEST   100          1000 PM
 LOWEST     40           400 PM
 AVERAGE    70

..........................................................


THE CARTERSVILLE CLIMATE NORMALS FOR TODAY
                         NORMAL    RECORD    YEAR
 MAXIMUM TEMPERATURE (F)   77        MM        MM
 MINIMUM TEMPERATURE (F)   52        MM        MM


SUNRISE AND SUNSET
MAY  5 2016...........SUNRISE   646 AM EDT   SUNSET   827 PM EDT
MAY  6 2016...........SUNRISE   645 AM EDT   SUNSET   828 PM EDT


-  INDICATES NEGATIVE NUMBERS.
R  INDICATES RECORD WAS SET OR TIED.
MM INDICATES DATA IS MISSING.
T  INDICATES TRACE AMOUNT.




$$
