000
CDUS42 KFFC 292034
CLIVPC


CLIMATE REPORT
NATIONAL WEATHER SERVICE PEACHTREE CITY GA
434 PM EDT SAT APR 29 2017


...................................

...THE CARTERSVILLE CLIMATE SUMMARY FOR APRIL 29 2017...
VALID TODAY AS OF 0400 PM LOCAL TIME.

CLIMATE NORMAL PERIOD 1981 TO 2010
CLIMATE RECORD PERIOD 9999 TO 9999


WEATHER ITEM   OBSERVED TIME   RECORD YEAR NORMAL DEPARTURE LAST
                VALUE   (LST)  VALUE       VALUE  FROM      YEAR
                                                  NORMAL
..................................................................
TEMPERATURE (F)
 TODAY
  MAXIMUM         86    258 PM  MM      MM  76     10       87
  MINIMUM         62    536 AM  MM      MM  50     12       54
  AVERAGE         74                        63     11       71

PRECIPITATION (IN)
  TODAY           MM            MM      MM   0.14  MM        0.00
  MONTH TO DATE    4.30                      3.77   0.53     2.53
  SINCE MAR 1      7.72                      8.49  -0.77     5.32
  SINCE JAN 1     16.26                     17.99  -1.73    13.76

SNOWFALL (IN)
  TODAY            0.0          MM      MM  MM     MM       MM
  MONTH TO DATE    0.0                      MM     MM        0.0
  SINCE MAR 1      0.0                      MM     MM        0.0
  SINCE JUL 1      T                        MM     MM         T
  SNOW DEPTH       0

DEGREE DAYS
 HEATING
  TODAY            0                         4     -4        0
  MONTH TO DATE   72                       194   -122      164
  SINCE MAR 1    390                       610   -220      452
  SINCE JUL 1   2220                      3222  -1002     2574

 COOLING
  TODAY            9                         1      8        6
  MONTH TO DATE   69                        18     51       33
  SINCE MAR 1     90                        22     68       40
  SINCE JAN 1     90                        22     68       40
..................................................................


WIND (MPH)
  RESULTANT WIND SPEED   5   RESULTANT WIND DIRECTION  SE (150)
  HIGHEST WIND SPEED    15   HIGHEST WIND DIRECTION     S (160)
  HIGHEST GUST SPEED    22   HIGHEST GUST DIRECTION     S (170)
  AVERAGE WIND SPEED     5.6


SKY COVER
  AVERAGE SKY COVER 0.2


WEATHER CONDITIONS
 THE FOLLOWING WEATHER WAS RECORDED TODAY.
  RAIN
  LIGHT RAIN
  FOG


RELATIVE HUMIDITY (PERCENT)
 HIGHEST   100           500 AM
 LOWEST     58          1200 PM
 AVERAGE    79

..........................................................


THE CARTERSVILLE CLIMATE NORMALS FOR TOMORROW
                         NORMAL    RECORD    YEAR
 MAXIMUM TEMPERATURE (F)   76        MM        MM
 MINIMUM TEMPERATURE (F)   50        MM        MM


SUNRISE AND SUNSET
APRIL 29 2017.........SUNRISE   652 AM EDT   SUNSET   822 PM EDT
APRIL 30 2017.........SUNRISE   651 AM EDT   SUNSET   823 PM EDT


-  INDICATES NEGATIVE NUMBERS.
R  INDICATES RECORD WAS SET OR TIED.
MM INDICATES DATA IS MISSING.
T  INDICATES TRACE AMOUNT.




$$
