000
CDUS43 KLOT 010636
CLIVPZ


CLIMATE REPORT
NATIONAL WEATHER SERVICE CHICAGO IL
1236 AM CST SUN FEB 1 2015


...................................

...THE VALPARAISO CLIMATE SUMMARY FOR JANUARY 31 2015...

CLIMATE NORMAL PERIOD 1981 TO 2010
CLIMATE RECORD PERIOD 1998 TO 2015


WEATHER ITEM   OBSERVED TIME   RECORD YEAR NORMAL DEPARTURE LAST
                VALUE   (LST)  VALUE       VALUE  FROM      YEAR
                                                  NORMAL
..................................................................
TEMPERATURE (F)
 YESTERDAY
  MAXIMUM         36    346 PM  56    2012  32      4       31
  MINIMUM         17    113 AM -10    2004  17      0       21
  AVERAGE         27                        24      3       26

PRECIPITATION (IN)
  YESTERDAY        0.07          0.51 2002   0.06   0.01     0.02
  MONTH TO DATE    0.90                      1.75  -0.85     0.95
  SINCE DEC 1      1.71                      3.93  -2.22     2.06
  SINCE JAN 1      0.90                      1.75  -0.85     0.95

DEGREE DAYS
 HEATING
  YESTERDAY       38                        41     -3       39
  MONTH TO DATE 1348                      1286     62     1389
  SINCE DEC 1   2356                      2427    -71     2686
  SINCE JUL 1   3857                      3685    172     4072

 COOLING
  YESTERDAY        0                         0      0        0
  MONTH TO DATE    0                         0      0        0
  SINCE DEC 1      0                         0      0        0
  SINCE JAN 1      0                         0      0        0
..................................................................


WIND (MPH)
  RESULTANT WIND SPEED   7   RESULTANT WIND DIRECTION  SW (220)
  HIGHEST WIND SPEED    16   HIGHEST WIND DIRECTION    SW (230)
  HIGHEST GUST SPEED    21   HIGHEST GUST DIRECTION    SW (230)
  AVERAGE WIND SPEED     7.3



WEATHER CONDITIONS
 THE FOLLOWING WEATHER WAS RECORDED YESTERDAY.
  LIGHT SNOW
  FOG


..........................................................


THE VALPARAISO CLIMATE NORMALS FOR TODAY
                         NORMAL    RECORD    YEAR
 MAXIMUM TEMPERATURE (F)   32        52      2006
 MINIMUM TEMPERATURE (F)   17         2      2013


SUNRISE AND SUNSET
FEBRUARY  1 2015......SUNRISE   700 AM CST   SUNSET   504 PM CST
FEBRUARY  2 2015......SUNRISE   659 AM CST   SUNSET   505 PM CST


-  INDICATES NEGATIVE NUMBERS.
R  INDICATES RECORD WAS SET OR TIED.
MM INDICATES DATA IS MISSING.
T  INDICATES TRACE AMOUNT.




$$
