000
CDUS43 KLOT 190636
CLIVPZ


CLIMATE REPORT
NATIONAL WEATHER SERVICE CHICAGO IL
136 AM CDT SAT AUG 19 2017


...................................

...THE VALPARAISO CLIMATE SUMMARY FOR AUGUST 18 2017...

CLIMATE NORMAL PERIOD 1981 TO 2010
CLIMATE RECORD PERIOD 1998 TO 2017


WEATHER ITEM   OBSERVED TIME   RECORD YEAR NORMAL DEPARTURE LAST
                VALUE   (LST)  VALUE       VALUE  FROM      YEAR
                                                  NORMAL
..................................................................
TEMPERATURE (F)
 YESTERDAY
  MAXIMUM         82    400 PM  84    2011  80      2       83
  MINIMUM         66    513 AM  49    2012  61      5       67
  AVERAGE         74                        71      3       75

PRECIPITATION (IN)
  YESTERDAY        0.02          2.38 2015   0.15  -0.13     0.59
  MONTH TO DATE    1.68                      2.46  -0.78     7.12
  SINCE JUN 1      8.00                     10.71  -2.71    11.31
  SINCE JAN 1     23.40                     23.69  -0.29    20.71

DEGREE DAYS
 HEATING
  YESTERDAY        0                         0      0        0
  MONTH TO DATE    0                         0      0        0
  SINCE JUN 1      3                        45    -42       28
  SINCE JUL 1      0                         4     -4        8

 COOLING
  YESTERDAY        9                         6      3       10
  MONTH TO DATE  102                       118    -16      190
  SINCE JUN 1    650                       522    128      671
  SINCE JAN 1    707                       569    138      748
..................................................................


WIND (MPH)
  RESULTANT WIND SPEED   8   RESULTANT WIND DIRECTION   W (260)
  HIGHEST WIND SPEED    17   HIGHEST WIND DIRECTION    SW (240)
  HIGHEST GUST SPEED    23   HIGHEST GUST DIRECTION    SW (240)
  AVERAGE WIND SPEED     8.6



WEATHER CONDITIONS
 THE FOLLOWING WEATHER WAS RECORDED YESTERDAY.
  LIGHT RAIN
  FOG


..........................................................


THE VALPARAISO CLIMATE NORMALS FOR TODAY
                         NORMAL    RECORD    YEAR
 MAXIMUM TEMPERATURE (F)   80        88      2010
 MINIMUM TEMPERATURE (F)   61        51      2000


SUNRISE AND SUNSET
AUGUST 19 2017........SUNRISE   601 AM CDT   SUNSET   741 PM CDT
AUGUST 20 2017........SUNRISE   602 AM CDT   SUNSET   740 PM CDT


-  INDICATES NEGATIVE NUMBERS.
R  INDICATES RECORD WAS SET OR TIED.
MM INDICATES DATA IS MISSING.
T  INDICATES TRACE AMOUNT.




$$
