000
CDUS43 KLOT 140634
CLIVPZ


CLIMATE REPORT
NATIONAL WEATHER SERVICE CHICAGO IL
132 AM CDT MON JUL 14 2014


...................................

...THE VALPARAISO CLIMATE SUMMARY FOR JULY 13 2014...

CLIMATE NORMAL PERIOD 1981 TO 2010
CLIMATE RECORD PERIOD 1998 TO 2014


WEATHER ITEM   OBSERVED TIME   RECORD YEAR NORMAL DEPARTURE LAST
                VALUE   (LST)  VALUE       VALUE  FROM      YEAR
                                                  NORMAL
..................................................................
TEMPERATURE (F)
 YESTERDAY
  MAXIMUM         84    338 PM  93    2012  83      1       84
  MINIMUM         70   1159 PM  52    2007  63      7       58
  AVERAGE         77                        73      4       71

PRECIPITATION (IN)
  YESTERDAY        0.28          0.88 2010   0.17   0.11     0.00
  MONTH TO DATE    1.12                      1.77  -0.65     0.96
  SINCE JUN 1      9.33                      5.68   3.65     7.88
  SINCE JAN 1     18.26                     18.66  -0.40    21.51

DEGREE DAYS
 HEATING
  YESTERDAY        0                         0      0        0
  MONTH TO DATE    1                         0      1        2
  SINCE JUN 1     21                        41    -20       39
  SINCE JUL 1      1                         0      1        2

 COOLING
  YESTERDAY       12                         8      4        6
  MONTH TO DATE   63                       104    -41       77
  SINCE JUN 1    222                       268    -46      244
  SINCE JAN 1    295                       315    -20      345
..................................................................


WIND (MPH)
  RESULTANT WIND SPEED   5   RESULTANT WIND DIRECTION   W (270)
  HIGHEST WIND SPEED    22   HIGHEST WIND DIRECTION    SW (240)
  HIGHEST GUST SPEED    27   HIGHEST GUST DIRECTION     W (250)
  AVERAGE WIND SPEED     8.0



WEATHER CONDITIONS
 THE FOLLOWING WEATHER WAS RECORDED YESTERDAY.
  HEAVY RAIN
  LIGHT RAIN
  FOG


..........................................................


THE VALPARAISO CLIMATE NORMALS FOR TODAY
                         NORMAL    RECORD    YEAR
 MAXIMUM TEMPERATURE (F)   83        92      2012
 MINIMUM TEMPERATURE (F)   63        47      2009


SUNRISE AND SUNSET
JULY 14 2014..........SUNRISE   527 AM CDT   SUNSET   821 PM CDT
JULY 15 2014..........SUNRISE   527 AM CDT   SUNSET   820 PM CDT


-  INDICATES NEGATIVE NUMBERS.
R  INDICATES RECORD WAS SET OR TIED.
MM INDICATES DATA IS MISSING.
T  INDICATES TRACE AMOUNT.




$$
