000
CDUS42 KMLB 182122
CLIVRB


CLIMATE REPORT
NATIONAL WEATHER SERVICE MELBOURNE FL
422 PM EST SUN FEB 18 2018


...................................

...THE VERO BEACH CLIMATE SUMMARY FOR FEBRUARY 18 2018...
VALID TODAY AS OF 0400 PM LOCAL TIME.

CLIMATE NORMAL PERIOD 1981 TO 2010
CLIMATE RECORD PERIOD 1942 TO 2018


WEATHER ITEM   OBSERVED TIME   RECORD YEAR NORMAL DEPARTURE LAST
                VALUE   (LST)  VALUE       VALUE  FROM      YEAR
                                                  NORMAL
..................................................................
TEMPERATURE (F)
 TODAY
  MAXIMUM         83    203 PM  88    2008  75      8       82
  MINIMUM         56    719 AM  31    1958  55      1       54
  AVERAGE         70                        65      5       68

PRECIPITATION (IN)
  TODAY            0.00          1.57 1949   0.09  -0.09     0.00
  MONTH TO DATE    0.43                      1.68  -1.25     0.62
  SINCE DEC 1      5.34                      6.37  -1.03     3.49
  SINCE JAN 1      3.11                      4.18  -1.07     1.35

SNOWFALL (IN)
  TODAY            0.0
  MONTH TO DATE    0.0
  SINCE JUL 1      0.0

DEGREE DAYS
 HEATING
  TODAY            0                         3     -3        0
  MONTH TO DATE    8                        68    -60       20
  SINCE DEC 1    247                       325    -78      124
  SINCE JUL 1    267                       355    -88      143

 COOLING
  TODAY            5                         3      2        3
  MONTH TO DATE  111                        46     65       49
  SINCE DEC 1    303                       200    103      354
  SINCE JAN 1    185                       107     78      149
..................................................................


WIND (MPH)
  HIGHEST WIND SPEED    15   HIGHEST WIND DIRECTION     E (80)
  HIGHEST GUST SPEED    18   HIGHEST GUST DIRECTION     E (70)
  AVERAGE WIND SPEED     4.9


SKY COVER
  AVERAGE SKY COVER 0.2


WEATHER CONDITIONS
 THE FOLLOWING WEATHER WAS RECORDED TODAY.
  NO SIGNIFICANT WEATHER WAS OBSERVED.


RELATIVE HUMIDITY (PERCENT)
 HIGHEST   100           700 AM
 LOWEST     51           100 PM
 AVERAGE    76

..........................................................


THE VERO BEACH CLIMATE NORMALS FOR TOMORROW
                         NORMAL    RECORD    YEAR
 MAXIMUM TEMPERATURE (F)   75        87      2012
                                             1992
                                             1975
 MINIMUM TEMPERATURE (F)   55        32      1958


SUNRISE AND SUNSET
FEBRUARY 18 2018......SUNRISE   656 AM EST   SUNSET   615 PM EST
FEBRUARY 19 2018......SUNRISE   655 AM EST   SUNSET   616 PM EST


-  INDICATES NEGATIVE NUMBERS.
R  INDICATES RECORD WAS SET OR TIED.
MM INDICATES DATA IS MISSING.
T  INDICATES TRACE AMOUNT.




$$
