000
CDUS42 KMLB 240635
CLIVRB


CLIMATE REPORT
NATIONAL WEATHER SERVICE MELBOURNE FL
235 AM EDT SUN JUL 24 2016


...................................

...THE VERO BEACH CLIMATE SUMMARY FOR JULY 23 2016...

CLIMATE NORMAL PERIOD 1981 TO 2010
CLIMATE RECORD PERIOD 1942 TO 2016


WEATHER ITEM   OBSERVED TIME   RECORD YEAR NORMAL DEPARTURE LAST
                VALUE   (LST)  VALUE       VALUE  FROM      YEAR
                                                  NORMAL
..................................................................
TEMPERATURE (F)
 YESTERDAY
  MAXIMUM         91   1239 PM  97    2005  90      1       94
  MINIMUM         71    538 AM  67    1976  74     -3       75
                                      1974
  AVERAGE         81                        82     -1       85

PRECIPITATION (IN)
  YESTERDAY        0.00          1.64 2007   0.18  -0.18     0.52
  MONTH TO DATE    0.61                      4.21  -3.60     4.68
  SINCE JUN 1      5.46                     10.88  -5.42     9.59
  SINCE JAN 1     41.25                     26.25  15.00    21.31

SNOWFALL (IN)
  YESTERDAY        0.0
  MONTH TO DATE    0.0
  SINCE JUL 1      0.0

DEGREE DAYS
 HEATING
  YESTERDAY        0                         0      0        0
  MONTH TO DATE    0                         0      0        0
  SINCE JUN 1      0                         0      0        0
  SINCE JUL 1      0                         0      0        0

 COOLING
  YESTERDAY       16                        17     -1       20
  MONTH TO DATE  431                       382     49      417
  SINCE JUN 1    948                       838    110      930
  SINCE JAN 1   1877                      1644    233     2082
..................................................................


WIND (MPH)
  HIGHEST WIND SPEED    14   HIGHEST WIND DIRECTION     E (70)
  HIGHEST GUST SPEED    21   HIGHEST GUST DIRECTION     E (70)
  AVERAGE WIND SPEED     4.1


SKY COVER
  AVERAGE SKY COVER 0.2


WEATHER CONDITIONS
 THE FOLLOWING WEATHER WAS RECORDED YESTERDAY.
  NO SIGNIFICANT WEATHER WAS OBSERVED.


RELATIVE HUMIDITY (PERCENT)
 HIGHEST    93          1200 AM
 LOWEST     56           100 PM
 AVERAGE    75

..........................................................


THE VERO BEACH CLIMATE NORMALS FOR TODAY
                         NORMAL    RECORD    YEAR
 MAXIMUM TEMPERATURE (F)   90        98      1983
 MINIMUM TEMPERATURE (F)   74        69      2003
                                             2001
                                             1986


SUNRISE AND SUNSET
JULY 24 2016..........SUNRISE   641 AM EDT   SUNSET   815 PM EDT
JULY 25 2016..........SUNRISE   641 AM EDT   SUNSET   815 PM EDT


-  INDICATES NEGATIVE NUMBERS.
R  INDICATES RECORD WAS SET OR TIED.
MM INDICATES DATA IS MISSING.
T  INDICATES TRACE AMOUNT.




$$
