000
CDUS41 KBTV 250600
CLIVSF


CLIMATE REPORT
NATIONAL WEATHER SERVICE BURLINGTON VT
135 AM EDT THU MAY 25 2017


...................................

...THE SPRINGFIELD VT CLIMATE SUMMARY FOR MAY 24 2017...

CLIMATE NORMAL PERIOD 1981 TO 2010
CLIMATE RECORD PERIOD 9999 TO 9999


WEATHER ITEM   OBSERVED TIME   NORMAL DEPARTURE LAST
                VALUE   (LST)  VALUE  FROM      YEAR
                                      NORMAL
......................................................
TEMPERATURE (F)
 YESTERDAY
  MAXIMUM         75    227 PM  70      5       68
  MINIMUM         48    420 AM  45      3       53
  AVERAGE         62            57      5       61

PRECIPITATION (IN)
  YESTERDAY        0.00          0.14  -0.14     0.27
  MONTH TO DATE    3.98          2.67   1.31     2.04
  SINCE MAR 1     11.09          9.59   1.50     5.15
  SINCE JAN 1     14.64         15.20  -0.56    10.37

DEGREE DAYS
 HEATING
  YESTERDAY        3             8     -5        4
  MONTH TO DATE  285           266     19      292
  SINCE MAR 1   1898          1927    -29     1791
  SINCE JUL 1   6775          7372   -597     6447

 COOLING
  YESTERDAY        0             0      0        0
  MONTH TO DATE   14             0     14        0
  SINCE MAR 1     14             2     12        0
  SINCE JAN 1     14             2     12        0
......................................................


WIND (MPH)
  HIGHEST WIND SPEED    10   HIGHEST WIND DIRECTION    SE (120)
  HIGHEST GUST SPEED    14   HIGHEST GUST DIRECTION     S (160)
  AVERAGE WIND SPEED     2.2


SKY COVER
  AVERAGE SKY COVER 0.3


WEATHER CONDITIONS
 THE FOLLOWING WEATHER WAS RECORDED YESTERDAY.
  FOG


RELATIVE HUMIDITY (PERCENT)
 HIGHEST    93           400 AM
 LOWEST     35           200 PM
 AVERAGE    64

..........................................................


THE SPRINGFIELD VT CLIMATE NORMALS FOR TODAY
                         NORMAL    RECORD    YEAR
 MAXIMUM TEMPERATURE (F)   70        90      2010
 MINIMUM TEMPERATURE (F)   45        36      2008


SUNRISE AND SUNSET
MAY 25 2017...........SUNRISE   517 AM EDT   SUNSET   818 PM EDT
MAY 26 2017...........SUNRISE   516 AM EDT   SUNSET   819 PM EDT


-  INDICATES NEGATIVE NUMBERS.
R  INDICATES RECORD WAS SET OR TIED.
MM INDICATES DATA IS MISSING.
T  INDICATES TRACE AMOUNT.




$$
