000
CDUS41 KBTV 260531
CLIVSF


CLIMATE REPORT
NATIONAL WEATHER SERVICE BURLINGTON VT
129 AM EDT FRI AUG 26 2016


...................................

...THE SPRINGFIELD VT CLIMATE SUMMARY FOR AUGUST 25 2016...

CLIMATE NORMAL PERIOD 1981 TO 2010
CLIMATE RECORD PERIOD 9999 TO 9999


WEATHER ITEM   OBSERVED TIME   NORMAL DEPARTURE LAST
                VALUE   (LST)  VALUE  FROM      YEAR
                                      NORMAL
......................................................
TEMPERATURE (F)
 YESTERDAY
  MAXIMUM         79    205 PM  78      1       79
  MINIMUM         56    546 AM  54      2       64
  AVERAGE         68            66      2       72

PRECIPITATION (IN)
  YESTERDAY        0.02          0.13  -0.11     0.52
  MONTH TO DATE    2.50          3.12  -0.62     3.52
  SINCE JUN 1      8.36         11.44  -3.08    10.00
  SINCE JAN 1     18.78         27.71  -8.93    18.50

DEGREE DAYS
 HEATING
  YESTERDAY        0             2     -2        0
  MONTH TO DATE    8            26    -18        5
  SINCE JUN 1     94           139    -45      128
  SINCE JUL 1     22            43    -21       21

 COOLING
  YESTERDAY        3             3      0        7
  MONTH TO DATE  146            91     55      141
  SINCE JUN 1    369           294     75      326
  SINCE JAN 1    410           306    104      375
......................................................


WIND (MPH)
  HIGHEST WIND SPEED    10   HIGHEST WIND DIRECTION     S (190)
  HIGHEST GUST SPEED    14   HIGHEST GUST DIRECTION     S (180)
  AVERAGE WIND SPEED     3.0


SKY COVER
  AVERAGE SKY COVER 0.5


WEATHER CONDITIONS
 THE FOLLOWING WEATHER WAS RECORDED YESTERDAY.
  LIGHT RAIN
  FOG
  FOG W/VISIBILITY <= 1/4 MILE


RELATIVE HUMIDITY (PERCENT)
 HIGHEST    97          1100 PM
 LOWEST     64          1200 PM
 AVERAGE    81

..........................................................


THE SPRINGFIELD VT CLIMATE NORMALS FOR TODAY
                         NORMAL    RECORD    YEAR
 MAXIMUM TEMPERATURE (F)   78        87      2012
 MINIMUM TEMPERATURE (F)   54        47      2008


SUNRISE AND SUNSET
AUGUST 26 2016........SUNRISE   608 AM EDT   SUNSET   735 PM EDT
AUGUST 27 2016........SUNRISE   609 AM EDT   SUNSET   733 PM EDT


-  INDICATES NEGATIVE NUMBERS.
R  INDICATES RECORD WAS SET OR TIED.
MM INDICATES DATA IS MISSING.
T  INDICATES TRACE AMOUNT.




$$
