000
CDUS41 KBTV 200535
CLIVSF


CLIMATE REPORT
NATIONAL WEATHER SERVICE BURLINGTON VT
134 AM EDT MON OCT 20 2014


...................................

...THE SPRINGFIELD VT CLIMATE SUMMARY FOR OCTOBER 19 2014...

CLIMATE NORMAL PERIOD 1981 TO 2010
CLIMATE RECORD PERIOD 9999 TO 9999


WEATHER ITEM   OBSERVED TIME   NORMAL DEPARTURE LAST
                VALUE   (LST)  VALUE  FROM      YEAR
                                      NORMAL
......................................................
TEMPERATURE (F)
 YESTERDAY
  MAXIMUM         50        MM  57     -7       63
  MINIMUM         38   1000 PM  35      3       32
  AVERAGE         44            46     -2       48

PRECIPITATION (IN)
  YESTERDAY        T             0.15  -0.15     0.01
  MONTH TO DATE    3.24          2.92   0.32     1.66
  SINCE SEP 1      4.39          6.68  -2.29     4.64
  SINCE JAN 1     32.08         35.05  -2.97    32.12

DEGREE DAYS
 HEATING
  YESTERDAY       21            19      2       17
  MONTH TO DATE  214           306    -92      205
  SINCE SEP 1    381           503   -122      431
  SINCE JUL 1    430           558   -128      476

 COOLING
  YESTERDAY        0             0      0        0
  MONTH TO DATE    5             0      5        0
  SINCE SEP 1     45            23     22       42
  SINCE JAN 1    282           344    -62      495
......................................................


WIND (MPH)
  HIGHEST WIND SPEED    14   HIGHEST WIND DIRECTION    NW (330)
  HIGHEST GUST SPEED    23   HIGHEST GUST DIRECTION    NW (330)
  AVERAGE WIND SPEED     8.2


SKY COVER
  AVERAGE SKY COVER 0.8


WEATHER CONDITIONS
 THE FOLLOWING WEATHER WAS RECORDED YESTERDAY.
  NO SIGNIFICANT WEATHER WAS OBSERVED.


RELATIVE HUMIDITY (PERCENT)
 HIGHEST    77          1200 AM
 LOWEST     45          1200 PM
 AVERAGE    61

..........................................................


THE SPRINGFIELD VT CLIMATE NORMALS FOR TODAY
                         NORMAL    RECORD    YEAR
 MAXIMUM TEMPERATURE (F)   57        MM        MM
 MINIMUM TEMPERATURE (F)   34        MM        MM


SUNRISE AND SUNSET
OCTOBER 20 2014.......SUNRISE   710 AM EDT   SUNSET   559 PM EDT
OCTOBER 21 2014.......SUNRISE   711 AM EDT   SUNSET   557 PM EDT


-  INDICATES NEGATIVE NUMBERS.
R  INDICATES RECORD WAS SET OR TIED.
MM INDICATES DATA IS MISSING.
T  INDICATES TRACE AMOUNT.




$$
