000
CDUS41 KBTV 280622
CLIVSF


CLIMATE REPORT
NATIONAL WEATHER SERVICE BURLINGTON VT
120 AM EST TUE FEB 28 2017


...................................

...THE SPRINGFIELD VT CLIMATE SUMMARY FOR FEBRUARY 27 2017...

CLIMATE NORMAL PERIOD 1981 TO 2010
CLIMATE RECORD PERIOD 9999 TO 9999


WEATHER ITEM   OBSERVED TIME   NORMAL DEPARTURE LAST
                VALUE   (LST)  VALUE  FROM      YEAR
                                      NORMAL
......................................................
TEMPERATURE (F)
 YESTERDAY
  MAXIMUM         49    341 PM  36     13       37
  MINIMUM         19    646 AM  16      3       13
  AVERAGE         34            26      8       25

PRECIPITATION (IN)
  YESTERDAY        0.00          0.08  -0.08     0.00
  MONTH TO DATE    1.13          2.60  -1.47     3.73
  SINCE DEC 1      5.95          8.79  -2.84     8.54
  SINCE JAN 1      3.55          5.52  -1.97     5.22

DEGREE DAYS
 HEATING
  YESTERDAY       31            39     -8       40
  MONTH TO DATE  993          1136   -143     1058
  SINCE DEC 1   3394          3765   -371     3193
  SINCE JUL 1   4850          5408   -558     4606

 COOLING
  YESTERDAY        0             0      0        0
  MONTH TO DATE    0             0      0        0
  SINCE DEC 1      0             0      0        0
  SINCE JAN 1      0             0      0        0
......................................................


WIND (MPH)
  HIGHEST WIND SPEED    25   HIGHEST WIND DIRECTION     W (250)
  HIGHEST GUST SPEED    32   HIGHEST GUST DIRECTION     W (260)
  AVERAGE WIND SPEED     4.8


SKY COVER
  AVERAGE SKY COVER 0.4


WEATHER CONDITIONS
 THE FOLLOWING WEATHER WAS RECORDED YESTERDAY.
  NO SIGNIFICANT WEATHER WAS OBSERVED.


RELATIVE HUMIDITY (PERCENT)
 HIGHEST    84           700 AM
 LOWEST     28          1200 PM
 AVERAGE    56

..........................................................


THE SPRINGFIELD VT CLIMATE NORMALS FOR TODAY
                         NORMAL    RECORD    YEAR
 MAXIMUM TEMPERATURE (F)   37        54      1998
 MINIMUM TEMPERATURE (F)   16       -12      2015


SUNRISE AND SUNSET
FEBRUARY 28 2017......SUNRISE   628 AM EST   SUNSET   538 PM EST
MARCH  1 2017.........SUNRISE   626 AM EST   SUNSET   539 PM EST


-  INDICATES NEGATIVE NUMBERS.
R  INDICATES RECORD WAS SET OR TIED.
MM INDICATES DATA IS MISSING.
T  INDICATES TRACE AMOUNT.




$$
