000
CDUS41 KBTV 290603
CLIVSF


CLIMATE REPORT
NATIONAL WEATHER SERVICE BURLINGTON VT
201 AM EDT MON JUN 29 2015


...................................

...THE SPRINGFIELD VT CLIMATE SUMMARY FOR JUNE 28 2015...

CLIMATE NORMAL PERIOD 1981 TO 2010
CLIMATE RECORD PERIOD 9999 TO 9999


WEATHER ITEM   OBSERVED TIME   NORMAL DEPARTURE LAST
                VALUE   (LST)  VALUE  FROM      YEAR
                                      NORMAL
......................................................
TEMPERATURE (F)
 YESTERDAY
  MAXIMUM         57    303 PM  80    -23       85
  MINIMUM         52   1159 PM  55     -3       51
  AVERAGE         55            68    -13       68

PRECIPITATION (IN)
  YESTERDAY        1.35          0.11   1.24     0.00
  MONTH TO DATE    5.11          3.69   1.42     4.18
  SINCE JUN 1      5.11          3.69   1.42     4.18
  SINCE JAN 1     13.61         19.96  -6.35    17.71

DEGREE DAYS
 HEATING
  YESTERDAY       10             1      9        0
  MONTH TO DATE  103            94      9       58
  SINCE JUN 1    103            94      9       58
  SINCE JUL 1   7691          7517    174     7966

 COOLING
  YESTERDAY        0             3     -3        3
  MONTH TO DATE   42            56    -14       48
  SINCE JUN 1     42            56    -14       48
  SINCE JAN 1     91            68     23       53
......................................................


WIND (MPH)
  HIGHEST WIND SPEED    16   HIGHEST WIND DIRECTION     E (80)
  HIGHEST GUST SPEED    24   HIGHEST GUST DIRECTION    NE (30)
  AVERAGE WIND SPEED     4.9


SKY COVER
  AVERAGE SKY COVER 1.0


WEATHER CONDITIONS
 THE FOLLOWING WEATHER WAS RECORDED YESTERDAY.
  HEAVY RAIN
  RAIN
  LIGHT RAIN
  FOG


RELATIVE HUMIDITY (PERCENT)
 HIGHEST   100           400 AM
 LOWEST     80          1100 AM
 AVERAGE    90

..........................................................


THE SPRINGFIELD VT CLIMATE NORMALS FOR TODAY
                         NORMAL    RECORD    YEAR
 MAXIMUM TEMPERATURE (F)   80        91      2012
 MINIMUM TEMPERATURE (F)   56        51      2007


SUNRISE AND SUNSET
JUNE 29 2015..........SUNRISE   512 AM EDT   SUNSET   834 PM EDT
JUNE 30 2015..........SUNRISE   513 AM EDT   SUNSET   834 PM EDT


-  INDICATES NEGATIVE NUMBERS.
R  INDICATES RECORD WAS SET OR TIED.
MM INDICATES DATA IS MISSING.
T  INDICATES TRACE AMOUNT.




$$
