000
CDUS41 KBTV 290543
CLIVSF


CLIMATE REPORT
NATIONAL WEATHER SERVICE BURLINGTON VT
140 AM EDT SUN MAY 29 2016


...................................

...THE SPRINGFIELD VT CLIMATE SUMMARY FOR MAY 28 2016...

CLIMATE NORMAL PERIOD 1981 TO 2010
CLIMATE RECORD PERIOD 9999 TO 9999


WEATHER ITEM   OBSERVED TIME   NORMAL DEPARTURE LAST
                VALUE   (LST)  VALUE  FROM      YEAR
                                      NORMAL
......................................................
TEMPERATURE (F)
 YESTERDAY
  MAXIMUM         91    503 PM  71     20       84
  MINIMUM         63    506 AM  46     17       57
  AVERAGE         77            58     19       71

PRECIPITATION (IN)
  YESTERDAY        0.00          0.15  -0.15     0.00
  MONTH TO DATE    2.04          3.24  -1.20     0.64
  SINCE MAR 1      5.15         10.16  -5.01     3.73
  SINCE JAN 1     10.37         15.77  -5.40     7.88

DEGREE DAYS
 HEATING
  YESTERDAY        0             7     -7        0
  MONTH TO DATE  292           296     -4      170
  SINCE MAR 1   1791          1957   -166     2029
  SINCE JUL 1   6447          7402   -955     7581

 COOLING
  YESTERDAY       12             1     11        6
  MONTH TO DATE   28             2     26       39
  SINCE MAR 1     28             4     24       39
  SINCE JAN 1     28             4     24       39
......................................................


WIND (MPH)
  HIGHEST WIND SPEED    13   HIGHEST WIND DIRECTION     W (280)
  HIGHEST GUST SPEED    19   HIGHEST GUST DIRECTION    NW (300)
  AVERAGE WIND SPEED     2.4


SKY COVER
  AVERAGE SKY COVER  MM


WEATHER CONDITIONS
 THE FOLLOWING WEATHER WAS RECORDED YESTERDAY.
  FOG


RELATIVE HUMIDITY (PERCENT)
 HIGHEST    MM
 LOWEST     MM
 AVERAGE    MM

..........................................................


THE SPRINGFIELD VT CLIMATE NORMALS FOR TODAY
                         NORMAL    RECORD    YEAR
 MAXIMUM TEMPERATURE (F)   71        88      1998
 MINIMUM TEMPERATURE (F)   46        33      2008


SUNRISE AND SUNSET
MAY 29 2016...........SUNRISE   514 AM EDT   SUNSET   822 PM EDT
MAY 30 2016...........SUNRISE   513 AM EDT   SUNSET   822 PM EDT


-  INDICATES NEGATIVE NUMBERS.
R  INDICATES RECORD WAS SET OR TIED.
MM INDICATES DATA IS MISSING.
T  INDICATES TRACE AMOUNT.




$$
