000
CDUS41 KBTV 280538
CLIVSF


CLIMATE REPORT
NATIONAL WEATHER SERVICE BURLINGTON VT
138 AM EDT THU APR 28 2016


...................................

...THE SPRINGFIELD VT CLIMATE SUMMARY FOR APRIL 27 2016...

CLIMATE NORMAL PERIOD 1981 TO 2010
CLIMATE RECORD PERIOD 9999 TO 9999


WEATHER ITEM   OBSERVED TIME   NORMAL DEPARTURE LAST
                VALUE   (LST)  VALUE  FROM      YEAR
                                      NORMAL
......................................................
TEMPERATURE (F)
 YESTERDAY
  MAXIMUM         57    404 PM  62     -5       52
  MINIMUM         27    549 AM  37    -10       42
  AVERAGE         42            49     -7       47

PRECIPITATION (IN)
  YESTERDAY        0.00          0.10  -0.10      T
  MONTH TO DATE    1.43          3.30  -1.87     2.24
  SINCE MAR 1      3.11          6.60  -3.49     3.09
  SINCE JAN 1      8.33         12.21  -3.88     7.24

DEGREE DAYS
 HEATING
  YESTERDAY       23            16      7       18
  MONTH TO DATE  630           579     51      617
  SINCE MAR 1   1443          1614   -171     1816
  SINCE JUL 1   6099          7059   -960     7368

 COOLING
  YESTERDAY        0             0      0        0
  MONTH TO DATE    0             0      0        0
  SINCE MAR 1      0             0      0        0
  SINCE JAN 1      0             0      0        0
......................................................


WIND (MPH)
  HIGHEST WIND SPEED    17   HIGHEST WIND DIRECTION     W (260)
  HIGHEST GUST SPEED    25   HIGHEST GUST DIRECTION     W (280)
  AVERAGE WIND SPEED     4.7


SKY COVER
  AVERAGE SKY COVER 0.3


WEATHER CONDITIONS
 THE FOLLOWING WEATHER WAS RECORDED YESTERDAY.
  FOG
  FOG W/VISIBILITY <= 1/4 MILE


RELATIVE HUMIDITY (PERCENT)
 HIGHEST   100           400 AM
 LOWEST     24          1200 PM
 AVERAGE    62

..........................................................


THE SPRINGFIELD VT CLIMATE NORMALS FOR TODAY
                         NORMAL    RECORD    YEAR
 MAXIMUM TEMPERATURE (F)   62        89      2009
 MINIMUM TEMPERATURE (F)   37        26      2006


SUNRISE AND SUNSET
APRIL 28 2016.........SUNRISE   547 AM EDT   SUNSET   749 PM EDT
APRIL 29 2016.........SUNRISE   545 AM EDT   SUNSET   750 PM EDT


-  INDICATES NEGATIVE NUMBERS.
R  INDICATES RECORD WAS SET OR TIED.
MM INDICATES DATA IS MISSING.
T  INDICATES TRACE AMOUNT.




$$
