000
CDUS41 KBTV 280541
CLIVSF


CLIMATE REPORT
NATIONAL WEATHER SERVICE BURLINGTON VT
140 AM EDT THU MAY 28 2015


...................................

...THE SPRINGFIELD VT CLIMATE SUMMARY FOR MAY 27 2015...

CLIMATE NORMAL PERIOD 1981 TO 2010
CLIMATE RECORD PERIOD 9999 TO 9999


WEATHER ITEM   OBSERVED TIME   NORMAL DEPARTURE LAST
                VALUE   (LST)  VALUE  FROM      YEAR
                                      NORMAL
......................................................
TEMPERATURE (F)
 YESTERDAY
  MAXIMUM         87   1226 PM  70     17       78
  MINIMUM         61   1147 PM  46     15       46
  AVERAGE         74            58     16       62

PRECIPITATION (IN)
  YESTERDAY        0.04          0.14  -0.10     0.53
  MONTH TO DATE    0.64          3.09  -2.45     3.48
  SINCE MAR 1      3.73         10.01  -6.28     9.20
  SINCE JAN 1      7.88         15.62  -7.74    12.89

DEGREE DAYS
 HEATING
  YESTERDAY        0             7     -7        3
  MONTH TO DATE  170           289   -119      240
  SINCE MAR 1   2029          1950     79     2157
  SINCE JUL 1   7581          7395    186     7868

 COOLING
  YESTERDAY        9             1      8        0
  MONTH TO DATE   33             1     32        5
  SINCE MAR 1     33             3     30        5
  SINCE JAN 1     33             3     30        5
......................................................


WIND (MPH)
  HIGHEST WIND SPEED    20   HIGHEST WIND DIRECTION     W (260)
  HIGHEST GUST SPEED    28   HIGHEST GUST DIRECTION    SE (150)
  AVERAGE WIND SPEED     5.4


SKY COVER
  AVERAGE SKY COVER 0.2


WEATHER CONDITIONS
 THE FOLLOWING WEATHER WAS RECORDED YESTERDAY.
  LIGHT RAIN
  FOG


RELATIVE HUMIDITY (PERCENT)
 HIGHEST   100          1000 PM
 LOWEST     55          1100 AM
 AVERAGE    78

..........................................................


THE SPRINGFIELD VT CLIMATE NORMALS FOR TODAY
                         NORMAL    RECORD    YEAR
 MAXIMUM TEMPERATURE (F)   71        85      2012
 MINIMUM TEMPERATURE (F)   46        32      1997


SUNRISE AND SUNSET
MAY 28 2015...........SUNRISE   515 AM EDT   SUNSET   820 PM EDT
MAY 29 2015...........SUNRISE   514 AM EDT   SUNSET   821 PM EDT


-  INDICATES NEGATIVE NUMBERS.
R  INDICATES RECORD WAS SET OR TIED.
MM INDICATES DATA IS MISSING.
T  INDICATES TRACE AMOUNT.




$$
