000
CDUS43 KLBF 072228
CLIVTN

CLIMATE REPORT
NATIONAL WEATHER SERVICE NORTH PLATTE
526 PM CDT TUE JUL 7 2015


...................................

...THE VALENTINE NE CLIMATE SUMMARY FOR JULY 7 2015...
VALID TODAY AS OF 0500 PM LOCAL TIME.

CLIMATE NORMAL PERIOD 1981 TO 2010
CLIMATE RECORD PERIOD 1885 TO 2015


WEATHER ITEM   OBSERVED TIME   RECORD YEAR NORMAL DEPARTURE LAST
                VALUE   (LST)  VALUE       VALUE  FROM      YEAR
                                                  NORMAL
..................................................................
TEMPERATURE (F)
 TODAY
  MAXIMUM         76    306 PM 105    1985  88    -12       87
  MINIMUM         51    543 AM  47    1895  60     -9       57
  AVERAGE         64                        74    -10       72

PRECIPITATION (IN)
  TODAY            0.00          1.90 1904   0.10  -0.10     0.34
  MONTH TO DATE    2.10                      0.76   1.34     0.34
  SINCE JUN 1      5.52                      4.32   1.20     8.97
  SINCE JAN 1     14.91                     11.48   3.43    16.18

SNOWFALL (IN)
  TODAY            0.0           0.0    MM   0.0    0.0      0.0
  MONTH TO DATE    0.0                       0.0    0.0      0.0
  SINCE JUN 1      0.0                       0.0    0.0      0.0
  SINCE JUL 1      0.0                       0.0    0.0      0.0
  SNOW DEPTH       0

DEGREE DAYS
 HEATING
  TODAY            1                         0      1        0
  MONTH TO DATE    1                         2     -1        6
  SINCE JUN 1      9                        63    -54       60
  SINCE JUL 1      1                         2     -1        6

 COOLING
  TODAY            0                         9     -9        7
  MONTH TO DATE   49                        60    -11       52
  SINCE JUN 1    189                       197     -8      163
  SINCE JAN 1    195                       231    -36      224
..................................................................


WIND (MPH)
  HIGHEST WIND SPEED    17   HIGHEST WIND DIRECTION    SE (130)
  HIGHEST GUST SPEED    21   HIGHEST GUST DIRECTION    SE (140)
  AVERAGE WIND SPEED     4.7


SKY COVER
  POSSIBLE SUNSHINE  MM
  AVERAGE SKY COVER 0.3


WEATHER CONDITIONS
 THE FOLLOWING WEATHER WAS RECORDED TODAY.
  FOG


RELATIVE HUMIDITY (PERCENT)
 HIGHEST   100           400 AM
 LOWEST     49           100 PM
 AVERAGE    75

..........................................................


THE VALENTINE NE CLIMATE NORMALS FOR TOMORROW
                         NORMAL    RECORD    YEAR
 MAXIMUM TEMPERATURE (F)   88       108      1989
 MINIMUM TEMPERATURE (F)   60        42      1952


SUNRISE AND SUNSET
JULY  7 2015..........SUNRISE   611 AM CDT   SUNSET   923 PM CDT
JULY  8 2015..........SUNRISE   612 AM CDT   SUNSET   923 PM CDT


-  INDICATES NEGATIVE NUMBERS.
R  INDICATES RECORD WAS SET OR TIED.
MM INDICATES DATA IS MISSING.
T  INDICATES TRACE AMOUNT.




$$
