000
CDUS43 KLBF 210829
CLIVTN


CLIMATE REPORT
NATIONAL WEATHER SERVICE NORTH PLATTE
328 AM CDT MON AUG 21 2017


...................................

...THE VALENTINE NE CLIMATE SUMMARY FOR AUGUST 20 2017...

CLIMATE NORMAL PERIOD 1981 TO 2010
CLIMATE RECORD PERIOD 1885 TO 2017


WEATHER ITEM   OBSERVED TIME   RECORD YEAR NORMAL DEPARTURE LAST
                VALUE   (LST)  VALUE       VALUE  FROM      YEAR
                                                  NORMAL
..................................................................
TEMPERATURE (F)
 YESTERDAY
  MAXIMUM         88    328 PM 101    2003  87      1       73
  MINIMUM         63    256 AM  38    1907  58      5       48
  AVERAGE         76                        72      4       61

PRECIPITATION (IN)
  YESTERDAY        0.00          2.73 1916   0.06  -0.06     0.00
  MONTH TO DATE    2.10                      1.60   0.50     0.72
  SINCE JUN 1      3.36                      8.37  -5.01     7.99
  SINCE JAN 1     12.96                     15.53  -2.57    21.31

SNOWFALL (IN)
  YESTERDAY        0.0           0.0    MM   0.0    0.0      0.0
  MONTH TO DATE    0.0                       0.0    0.0      0.0
  SINCE JUN 1      0.0                       0.0    0.0      0.0
  SINCE JUL 1      0.0                       0.0    0.0      0.0
  SNOW DEPTH       0

DEGREE DAYS
 HEATING
  YESTERDAY        0                         1     -1        4
  MONTH TO DATE    7                         1      6        6
  SINCE JUN 1     23                        70    -47       22
  SINCE JUL 1      7                         9     -2       11

 COOLING
  YESTERDAY       11                         8      3        0
  MONTH TO DATE  114                       184    -70      181
  SINCE JUN 1    822                       625    197      712
  SINCE JAN 1    845                       659    186      730
..................................................................


WIND (MPH)
  HIGHEST WIND SPEED    24   HIGHEST WIND DIRECTION     E (70)
  HIGHEST GUST SPEED    30   HIGHEST GUST DIRECTION    NE (60)
  AVERAGE WIND SPEED    12.7


SKY COVER
  POSSIBLE SUNSHINE  MM
  AVERAGE SKY COVER 0.1


WEATHER CONDITIONS
 THE FOLLOWING WEATHER WAS RECORDED YESTERDAY.
  NO SIGNIFICANT WEATHER WAS OBSERVED.


RELATIVE HUMIDITY (PERCENT)
 HIGHEST    87           600 AM
 LOWEST     22           400 PM
 AVERAGE    55

..........................................................


THE VALENTINE NE CLIMATE NORMALS FOR TODAY
                         NORMAL    RECORD    YEAR
 MAXIMUM TEMPERATURE (F)   87       103      2010
 MINIMUM TEMPERATURE (F)   58        40      1986


SUNRISE AND SUNSET
AUGUST 21 2017........SUNRISE   655 AM CDT   SUNSET   834 PM CDT
AUGUST 22 2017........SUNRISE   656 AM CDT   SUNSET   833 PM CDT


-  INDICATES NEGATIVE NUMBERS.
R  INDICATES RECORD WAS SET OR TIED.
MM INDICATES DATA IS MISSING.
T  INDICATES TRACE AMOUNT.




$$
