000
CDUS43 KLBF 030931 RRA
CLIVTN

CLIMATE REPORT
NATIONAL WEATHER SERVICE NORTH PLATTE
428 AM CDT THU SEP 3 2015

...................................

...THE VALENTINE NE CLIMATE SUMMARY FOR SEPTEMBER 2 2015...

CLIMATE NORMAL PERIOD 1981 TO 2010
CLIMATE RECORD PERIOD 1885 TO 2015


WEATHER ITEM   OBSERVED TIME   RECORD YEAR NORMAL DEPARTURE LAST
                VALUE   (LST)  VALUE       VALUE  FROM      YEAR
                                                  NORMAL
..................................................................
TEMPERATURE (F)
 YESTERDAY
  MAXIMUM        102    313 PM 103    1983  83     19       83
  MINIMUM         54    625 AM  35    1974  54      0       45
  AVERAGE         78                        69      9       64

PRECIPITATION (IN)
  YESTERDAY        0.00          0.66 1896   0.05  -0.05     0.00
  MONTH TO DATE    T                         0.10  -0.10     0.09
  SINCE SEP 1      T                         0.10  -0.10     0.09
  SINCE JAN 1     17.95                     16.21   1.74    19.13

SNOWFALL (IN)
  YESTERDAY        0.0           0.0    MM   0.0    0.0      0.0
  MONTH TO DATE    0.0                       0.0    0.0      0.0
  SINCE SEP 1      0.0                       0.0    0.0      0.0
  SINCE JUL 1      0.0                       0.0    0.0      0.0
  SNOW DEPTH       0

DEGREE DAYS
 HEATING
  YESTERDAY        0                         2     -2        1
  MONTH TO DATE    0                         4     -4        1
  SINCE SEP 1      0                         4     -4        1
  SINCE JUL 1     31                        29      2       22

 COOLING
  YESTERDAY       13                         5      8        0
  MONTH TO DATE   24                        11     13        0
  SINCE SEP 1     24                        11     13        0
  SINCE JAN 1    684                       747    -63      635
..................................................................


WIND (MPH)
  HIGHEST WIND SPEED    21   HIGHEST WIND DIRECTION     S (190)
  HIGHEST GUST SPEED    29   HIGHEST GUST DIRECTION     S (190)
  AVERAGE WIND SPEED     7.1


SKY COVER
  POSSIBLE SUNSHINE  MM
  AVERAGE SKY COVER 0.0


WEATHER CONDITIONS
 THE FOLLOWING WEATHER WAS RECORDED YESTERDAY.
  NO SIGNIFICANT WEATHER WAS OBSERVED.


RELATIVE HUMIDITY (PERCENT)
 HIGHEST    93           500 AM
 LOWEST     15           200 PM
 AVERAGE    54

..........................................................


THE VALENTINE NE CLIMATE NORMALS FOR TODAY
                         NORMAL    RECORD    YEAR
 MAXIMUM TEMPERATURE (F)   83       102      1990
 MINIMUM TEMPERATURE (F)   53        30      1974


SUNRISE AND SUNSET
SEPTEMBER  3 2015.....SUNRISE   709 AM CDT   SUNSET   814 PM CDT
SEPTEMBER  4 2015.....SUNRISE   710 AM CDT   SUNSET   812 PM CDT


-  INDICATES NEGATIVE NUMBERS.
R  INDICATES RECORD WAS SET OR TIED.
MM INDICATES DATA IS MISSING.
T  INDICATES TRACE AMOUNT.

$$
