453
CDUS43 KLBF 091027
CLIVTN


CLIMATE REPORT
NATIONAL WEATHER SERVICE NORTH PLATTE
426 AM CST TUE FEB 9 2016


...................................

...THE VALENTINE NE CLIMATE SUMMARY FOR FEBRUARY 8 2016...

CLIMATE NORMAL PERIOD 1981 TO 2010
CLIMATE RECORD PERIOD 1885 TO 2016


WEATHER ITEM   OBSERVED TIME   RECORD YEAR NORMAL DEPARTURE LAST
                VALUE   (LST)  VALUE       VALUE  FROM      YEAR
                                                  NORMAL
..................................................................
TEMPERATURE (F)
 YESTERDAY
  MAXIMUM         36    427 PM  72    1954  38     -2       63
  MINIMUM         23    747 AM -28    1936  13     10       31
  AVERAGE         30                        26      4       47

PRECIPITATION (IN)
  YESTERDAY        0.00          0.64 1891   0.01  -0.01     0.00
  MONTH TO DATE    0.05                      0.10  -0.05     0.16
  SINCE DEC 1      1.61                      0.73   0.88     1.37
  SINCE JAN 1      0.57                      0.36   0.21     0.47

SNOWFALL (IN)
  YESTERDAY        0.0           6.4  1891   0.1   -0.1      0.0
  MONTH TO DATE    1.0                       1.3   -0.3      1.5
  SINCE DEC 1     21.1                      10.2   10.9     13.7
  SINCE JUL 1     31.2                      17.8   13.4     20.1
  SNOW DEPTH       T

DEGREE DAYS
 HEATING
  YESTERDAY       35                        39     -4       18
  MONTH TO DATE  296                       319    -23      288
  SINCE DEC 1   2833                      2879    -46     2721
  SINCE JUL 1   4126                      4497   -371     4325

 COOLING
  YESTERDAY        0                         0      0        0
  MONTH TO DATE    0                         0      0        0
  SINCE DEC 1      0                         0      0        0
  SINCE JAN 1      0                         0      0        0
..................................................................


WIND (MPH)
  HIGHEST WIND SPEED    30   HIGHEST WIND DIRECTION    NW (320)
  HIGHEST GUST SPEED    39   HIGHEST GUST DIRECTION    NW (320)
  AVERAGE WIND SPEED    18.3


SKY COVER
  POSSIBLE SUNSHINE  MM
  AVERAGE SKY COVER 0.3


WEATHER CONDITIONS
 THE FOLLOWING WEATHER WAS RECORDED YESTERDAY.
  NO SIGNIFICANT WEATHER WAS OBSERVED.


RELATIVE HUMIDITY (PERCENT)
 HIGHEST    68           600 AM
 LOWEST     44           300 PM
 AVERAGE    56

..........................................................


THE VALENTINE NE CLIMATE NORMALS FOR TODAY
                         NORMAL    RECORD    YEAR
 MAXIMUM TEMPERATURE (F)   38        70      1996
 MINIMUM TEMPERATURE (F)   13       -31      1994


SUNRISE AND SUNSET
FEBRUARY  9 2016......SUNRISE   748 AM CST   SUNSET   605 PM CST
FEBRUARY 10 2016......SUNRISE   747 AM CST   SUNSET   607 PM CST


-  INDICATES NEGATIVE NUMBERS.
R  INDICATES RECORD WAS SET OR TIED.
MM INDICATES DATA IS MISSING.
T  INDICATES TRACE AMOUNT.

$$
