000
CDUS43 KLBF 172233
CLIVTN

CLIMATE REPORT
NATIONAL WEATHER SERVICE NORTH PLATTE
532 PM CDT WED SEP 17 2014

...................................

...THE VALENTINE NE CLIMATE SUMMARY FOR SEPTEMBER 17 2014...
VALID TODAY AS OF 0500 PM LOCAL TIME.

CLIMATE NORMAL PERIOD 1981 TO 2010
CLIMATE RECORD PERIOD 1885 TO 2014


WEATHER ITEM   OBSERVED TIME   RECORD YEAR NORMAL DEPARTURE LAST
                VALUE   (LST)  VALUE       VALUE  FROM      YEAR
                                                  NORMAL
..................................................................
TEMPERATURE (F)
 TODAY
  MAXIMUM         84    329 PM 101    1895  77      7       85
  MINIMUM         45    531 AM  26    1981  47     -2       57
  AVERAGE         65                        62      3       71

PRECIPITATION (IN)
  TODAY            0.00          0.83 1917   0.05  -0.05     0.00
  MONTH TO DATE    0.65                      0.92  -0.27     0.51
  SINCE SEP 1      0.65                      0.92  -0.27     0.51
  SINCE JAN 1     19.69                     17.03   2.66    18.15

SNOWFALL (IN)
  TODAY            0.0           0.0    MM   0.1   -0.1      0.0
  MONTH TO DATE    0.0                       0.2   -0.2      0.0
  SINCE SEP 1      0.0                       0.2   -0.2      0.0
  SINCE JUL 1      0.0                       0.2   -0.2      0.0
  SNOW DEPTH       0

DEGREE DAYS
 HEATING
  TODAY            0                         5     -5        0
  MONTH TO DATE  114                        57     57       15
  SINCE SEP 1    114                        57     57       15
  SINCE JUL 1    135                        82     53       18

 COOLING
  TODAY            0                         2     -2        6
  MONTH TO DATE   42                        66    -24      141
  SINCE SEP 1     42                        66    -24      141
  SINCE JAN 1    677                       802   -125      934
..................................................................


WIND (MPH)
  HIGHEST WIND SPEED    17   HIGHEST WIND DIRECTION    NE (60)
  HIGHEST GUST SPEED    22   HIGHEST GUST DIRECTION     E (90)
  AVERAGE WIND SPEED     5.1


SKY COVER
  POSSIBLE SUNSHINE  MM
  AVERAGE SKY COVER 0.0


WEATHER CONDITIONS
 THE FOLLOWING WEATHER WAS RECORDED TODAY.
  FOG


RELATIVE HUMIDITY (PERCENT)
 HIGHEST   100          1200 AM
 LOWEST     34           400 PM
 AVERAGE    67

..........................................................


THE VALENTINE NE CLIMATE NORMALS FOR TOMORROW
                         NORMAL    RECORD    YEAR
 MAXIMUM TEMPERATURE (F)   76        98      1984
                                             1972
                                             1895
 MINIMUM TEMPERATURE (F)   46        24      1991


SUNRISE AND SUNSET
SEPTEMBER 17 2014.....SUNRISE   724 AM CDT   SUNSET   748 PM CDT
SEPTEMBER 18 2014.....SUNRISE   725 AM CDT   SUNSET   747 PM CDT


-  INDICATES NEGATIVE NUMBERS.
R  INDICATES RECORD WAS SET OR TIED.
MM INDICATES DATA IS MISSING.
T  INDICATES TRACE AMOUNT.

$$
