000
CDUS43 KLBF 262230
CLIVTN

CLIMATE REPORT
NATIONAL WEATHER SERVICE NORTH PLATTE
528 PM CDT TUE MAY 26 2015


...................................

...THE VALENTINE NE CLIMATE SUMMARY FOR MAY 26 2015...
VALID TODAY AS OF 0500 PM LOCAL TIME.

CLIMATE NORMAL PERIOD 1981 TO 2010
CLIMATE RECORD PERIOD 1885 TO 2015


WEATHER ITEM   OBSERVED TIME   RECORD YEAR NORMAL DEPARTURE LAST
                VALUE   (LST)  VALUE       VALUE  FROM      YEAR
                                                  NORMAL
..................................................................
TEMPERATURE (F)
 TODAY
  MAXIMUM         75    407 PM  98    1969  74      1       83
  MINIMUM         51    338 AM  28    1992  48      3       52
  AVERAGE         63                        61      2       68

PRECIPITATION (IN)
  TODAY            0.00          1.41 1955   0.10  -0.10     0.00
  MONTH TO DATE    7.07                      2.55   4.52     1.88
  SINCE MAR 1      8.72                      5.84   2.88     5.42
  SINCE JAN 1      9.34                      6.58   2.76     6.08

SNOWFALL (IN)
  TODAY            0.0           0.0    MM   0.0    0.0      0.0
  MONTH TO DATE    0.0                       0.1   -0.1      1.0
  SINCE MAR 1      0.8                      11.2  -10.4      9.3
  SINCE JUL 1     22.5                      33.3  -10.8     35.8
  SNOW DEPTH       0

DEGREE DAYS
 HEATING
  TODAY            2                         6     -4        0
  MONTH TO DATE  274                       237     37      271
  SINCE MAR 1   1409                      1684   -275     1766
  SINCE JUL 1   6535                      6920   -385     7244

 COOLING
  TODAY            0                         1     -1        3
  MONTH TO DATE    3                        23    -20       20
  SINCE MAR 1      5                        27    -22       20
  SINCE JAN 1      5                        27    -22       20
..................................................................


WIND (MPH)
  HIGHEST WIND SPEED    17   HIGHEST WIND DIRECTION     N (20)
  HIGHEST GUST SPEED    22   HIGHEST GUST DIRECTION     N (20)
  AVERAGE WIND SPEED     8.9


SKY COVER
  POSSIBLE SUNSHINE  MM
  AVERAGE SKY COVER 0.5


WEATHER CONDITIONS
 THE FOLLOWING WEATHER WAS RECORDED TODAY.
  NO SIGNIFICANT WEATHER WAS OBSERVED.


RELATIVE HUMIDITY (PERCENT)
 HIGHEST    93          1200 AM
 LOWEST     41           200 PM
 AVERAGE    67

..........................................................


THE VALENTINE NE CLIMATE NORMALS FOR TOMORROW
                         NORMAL    RECORD    YEAR
 MAXIMUM TEMPERATURE (F)   74        98      1969
 MINIMUM TEMPERATURE (F)   48        30      1907


SUNRISE AND SUNSET
MAY 26 2015...........SUNRISE   610 AM CDT   SUNSET   909 PM CDT
MAY 27 2015...........SUNRISE   609 AM CDT   SUNSET   910 PM CDT


-  INDICATES NEGATIVE NUMBERS.
R  INDICATES RECORD WAS SET OR TIED.
MM INDICATES DATA IS MISSING.
T  INDICATES TRACE AMOUNT.




$$
