000
CDUS43 KLBF 230931
CLIVTN

CLIMATE REPORT
NATIONAL WEATHER SERVICE NORTH PLATTE
431 AM CDT THU OCT 23 2014

...................................

...THE VALENTINE NE CLIMATE SUMMARY FOR OCTOBER 22 2014...

CLIMATE NORMAL PERIOD 1981 TO 2010
CLIMATE RECORD PERIOD 1885 TO 2014


WEATHER ITEM   OBSERVED TIME   RECORD YEAR NORMAL DEPARTURE LAST
                VALUE   (LST)  VALUE       VALUE  FROM      YEAR
                                                  NORMAL
..................................................................
TEMPERATURE (F)
 YESTERDAY
  MAXIMUM         66    404 PM  87    2003  61      5       53
  MINIMUM         39   1134 PM  10    1917  32      7       38
  AVERAGE         53                        46      7       46

PRECIPITATION (IN)
  YESTERDAY        0.10          0.70 1986   0.04   0.06     0.02
  MONTH TO DATE    0.42                      0.97  -0.55     3.19
  SINCE SEP 1      1.16                      2.61  -1.45     4.74
  SINCE JAN 1     20.20                     18.72   1.48    22.38

SNOWFALL (IN)
  YESTERDAY        0.0           2.8  1906   0.1   -0.1      0.0
  MONTH TO DATE    0.0                       0.8   -0.8      1.0
  SINCE SEP 1      0.0                       1.5   -1.5      1.0
  SINCE JUL 1      0.0                       1.5   -1.5      1.0
  SNOW DEPTH       0

DEGREE DAYS
 HEATING
  YESTERDAY       12                        19     -7       19
  MONTH TO DATE  251                       329    -78      378
  SINCE SEP 1    384                       489   -105      441
  SINCE JUL 1    405                       514   -109      444

 COOLING
  YESTERDAY        0                         0      0        0
  MONTH TO DATE    0                         1     -1        0
  SINCE SEP 1     89                        82      7      171
  SINCE JAN 1    724                       818    -94      964
..................................................................


WIND (MPH)
  HIGHEST WIND SPEED    18   HIGHEST WIND DIRECTION     S (180)
  HIGHEST GUST SPEED    23   HIGHEST GUST DIRECTION     S (170)
  AVERAGE WIND SPEED     8.1


SKY COVER
  POSSIBLE SUNSHINE  MM
  AVERAGE SKY COVER 0.3


WEATHER CONDITIONS
 THE FOLLOWING WEATHER WAS RECORDED YESTERDAY.
  RAIN
  LIGHT RAIN
  FOG


RELATIVE HUMIDITY (PERCENT)
 HIGHEST    82          1100 PM
 LOWEST     40           400 PM
 AVERAGE    61

..........................................................


THE VALENTINE NE CLIMATE NORMALS FOR TODAY
                         NORMAL    RECORD    YEAR
 MAXIMUM TEMPERATURE (F)   60        84      1973
 MINIMUM TEMPERATURE (F)   31         5      1917


SUNRISE AND SUNSET
OCTOBER 23 2014.......SUNRISE   805 AM CDT   SUNSET   647 PM CDT
OCTOBER 24 2014.......SUNRISE   806 AM CDT   SUNSET   646 PM CDT


-  INDICATES NEGATIVE NUMBERS.
R  INDICATES RECORD WAS SET OR TIED.
MM INDICATES DATA IS MISSING.
T  INDICATES TRACE AMOUNT.

$$
