000
CDUS43 KLBF 290953
CLIVTN


CLIMATE REPORT
NATIONAL WEATHER SERVICE NORTH PLATTE
452 AM CDT FRI APR 29 2016


...................................

...THE VALENTINE NE CLIMATE SUMMARY FOR APRIL 28 2016...

CLIMATE NORMAL PERIOD 1981 TO 2010
CLIMATE RECORD PERIOD 1885 TO 2016


WEATHER ITEM   OBSERVED TIME   RECORD YEAR NORMAL DEPARTURE LAST
                VALUE   (LST)  VALUE       VALUE  FROM      YEAR
                                                  NORMAL
..................................................................
TEMPERATURE (F)
 YESTERDAY
  MAXIMUM         44    303 PM  94    1910  65    -21       65
  MINIMUM         33    632 AM  20    2008  38     -5       37
                                      1961
  AVERAGE         39                        51    -12       51

PRECIPITATION (IN)
  YESTERDAY        0.02          0.86 1954   0.09  -0.07     0.00
  MONTH TO DATE    3.16                      2.03   1.13     1.60
  SINCE MAR 1      4.09                      3.10   0.99     1.63
  SINCE JAN 1      4.77                      3.84   0.93     2.25

SNOWFALL (IN)
  YESTERDAY        0.0           5.0  1950   0.0    0.0      0.0
  MONTH TO DATE    1.5                       4.4   -2.9      0.3
  SINCE MAR 1      7.0                      10.9   -3.9      0.8
  SINCE JUL 1     38.2                      33.0    5.2     22.5
  SNOW DEPTH       0

DEGREE DAYS
 HEATING
  YESTERDAY       26                        14     12       14
  MONTH TO DATE  452                       528    -76      433
  SINCE MAR 1   1164                      1421   -257     1120
  SINCE JUL 1   5850                      6657   -807     6246

 COOLING
  YESTERDAY        0                         0      0        0
  MONTH TO DATE    3                         0      3        0
  SINCE MAR 1      3                         0      3        2
  SINCE JAN 1      3                         0      3        2
..................................................................


WIND (MPH)
  HIGHEST WIND SPEED    17   HIGHEST WIND DIRECTION     N (340)
  HIGHEST GUST SPEED    22   HIGHEST GUST DIRECTION     N (340)
  AVERAGE WIND SPEED    10.8


SKY COVER
  POSSIBLE SUNSHINE  MM
  AVERAGE SKY COVER 1.0


WEATHER CONDITIONS
 THE FOLLOWING WEATHER WAS RECORDED YESTERDAY.
  LIGHT RAIN
  FOG


RELATIVE HUMIDITY (PERCENT)
 HIGHEST   100          1200 AM
 LOWEST     70          1200 PM
 AVERAGE    85

..........................................................


THE VALENTINE NE CLIMATE NORMALS FOR TODAY
                         NORMAL    RECORD    YEAR
 MAXIMUM TEMPERATURE (F)   66        87      1934
                                             1926
 MINIMUM TEMPERATURE (F)   38        15      1994


SUNRISE AND SUNSET
APRIL 29 2016.........SUNRISE   638 AM CDT   SUNSET   841 PM CDT
APRIL 30 2016.........SUNRISE   637 AM CDT   SUNSET   842 PM CDT


-  INDICATES NEGATIVE NUMBERS.
R  INDICATES RECORD WAS SET OR TIED.
MM INDICATES DATA IS MISSING.
T  INDICATES TRACE AMOUNT.

$$
