000
CDUS46 KPQR 121141
CLIVUO


CLIMATE REPORT
NATIONAL WEATHER SERVICE PORTLAND OREGON
341 AM PST TUE DEC 12 2017


...................................

...THE VANCOUVER WA CLIMATE SUMMARY FOR DECEMBER 11 2017...

CLIMATE NORMAL PERIOD 1981 TO 2010
CLIMATE RECORD PERIOD 1891 TO 2017


WEATHER ITEM   OBSERVED TIME   RECORD YEAR NORMAL DEPARTURE LAST
                VALUE   (LST)  VALUE       VALUE  FROM      YEAR
                                                  NORMAL
..................................................................
TEMPERATURE (F)
 YESTERDAY
  MAXIMUM         45    133 PM  64    2014  47     -2       48
  MINIMUM         23    755 AM   1    1919  35    -12       41
  AVERAGE         34                        41     -7       45

PRECIPITATION (IN)
  YESTERDAY        0.00                      0.22  -0.22     0.41
  MONTH TO DATE    0.38                      2.24  -1.86     2.68
  SINCE OCT 1     11.43                     11.22   0.21    17.78
  SINCE JAN 1     43.11                     34.61   8.50    40.51

DEGREE DAYS
 HEATING
  YESTERDAY       31                                        20
  MONTH TO DATE  275                                       286
  SINCE JUL 1   1236                                      1074

 COOLING
  YESTERDAY        0                                         0
  MONTH TO DATE    0                                         0
  SINCE JAN 1    639                                       407
..................................................................


WIND (MPH)
  HIGHEST WIND SPEED    15   HIGHEST WIND DIRECTION    SE (120)
  HIGHEST GUST SPEED    20   HIGHEST GUST DIRECTION    SE (130)
  AVERAGE WIND SPEED     3.4


SKY COVER
  POSSIBLE SUNSHINE  MM
  AVERAGE SKY COVER 0.0


WEATHER CONDITIONS
 THE FOLLOWING WEATHER WAS RECORDED YESTERDAY.
  NO SIGNIFICANT WEATHER WAS OBSERVED.


RELATIVE HUMIDITY (PERCENT)
 HIGHEST    96           800 AM
 LOWEST     53          1100 AM
 AVERAGE    75

..........................................................




SUNRISE AND SUNSET
DECEMBER 12 2017......SUNRISE   742 AM PST   SUNSET   427 PM PST
DECEMBER 13 2017......SUNRISE   743 AM PST   SUNSET   427 PM PST


-  INDICATES NEGATIVE NUMBERS.
R  INDICATES RECORD WAS SET OR TIED.
MM INDICATES DATA IS MISSING.
T  INDICATES TRACE AMOUNT.




$$
