000
CDUS46 KPQR 181145
CLIVUO


CLIMATE REPORT
NATIONAL WEATHER SERVICE PORTLAND OREGON
445 AM PDT WED OCT 18 2017


...................................

...THE VANCOUVER WA CLIMATE SUMMARY FOR OCTOBER 17 2017...

CLIMATE NORMAL PERIOD 1981 TO 2010
CLIMATE RECORD PERIOD 1891 TO 2017


WEATHER ITEM   OBSERVED TIME   RECORD YEAR NORMAL DEPARTURE LAST
                VALUE   (LST)  VALUE       VALUE  FROM      YEAR
                                                  NORMAL
..................................................................
TEMPERATURE (F)
 YESTERDAY
  MAXIMUM         58   1219 PM  80    1936  63     -5       61
  MINIMUM         41    222 AM  26    1971  44     -3       50
  AVERAGE         50                        53     -3       56

PRECIPITATION (IN)
  YESTERDAY        0.05                      0.09  -0.04     0.47
  MONTH TO DATE    1.00                      1.51  -0.51     6.02
  SINCE OCT 1      1.00                      1.51  -0.51     6.02
  SINCE JAN 1     32.68                     24.90   7.78    28.75

DEGREE DAYS
 HEATING
  YESTERDAY       15                                         9
  MONTH TO DATE  202                                       134
  SINCE JUL 1    284                                       261

 COOLING
  YESTERDAY        0                                         0
  MONTH TO DATE    0                                         0
  SINCE JAN 1    639                                       407
..................................................................


WIND (MPH)
  HIGHEST WIND SPEED    12   HIGHEST WIND DIRECTION     E (110)
  HIGHEST GUST SPEED    14   HIGHEST GUST DIRECTION     E (110)
  AVERAGE WIND SPEED     1.9


SKY COVER
  POSSIBLE SUNSHINE  MM
  AVERAGE SKY COVER 0.8


WEATHER CONDITIONS
 THE FOLLOWING WEATHER WAS RECORDED YESTERDAY.
  LIGHT RAIN
  FOG
  FOG W/VISIBILITY <= 1/4 MILE


RELATIVE HUMIDITY (PERCENT)
 HIGHEST   100           100 AM
 LOWEST     80          1200 PM
 AVERAGE    90

..........................................................




SUNRISE AND SUNSET
OCTOBER 18 2017.......SUNRISE   732 AM PDT   SUNSET   619 PM PDT
OCTOBER 19 2017.......SUNRISE   733 AM PDT   SUNSET   617 PM PDT


-  INDICATES NEGATIVE NUMBERS.
R  INDICATES RECORD WAS SET OR TIED.
MM INDICATES DATA IS MISSING.
T  INDICATES TRACE AMOUNT.




$$
