000
CDUS46 KPQR 262320
CLIVUO


CLIMATE REPORT
NATIONAL WEATHER SERVICE PORTLAND OREGON
420 PM PDT MON SEP 26 2016


...................................

...THE VANCOUVER WA CLIMATE SUMMARY FOR SEPTEMBER 26 2016...
VALID TODAY AS OF 0400 PM LOCAL TIME.

CLIMATE NORMAL PERIOD 1981 TO 2010
CLIMATE RECORD PERIOD 1891 TO 2016


WEATHER ITEM   OBSERVED TIME   RECORD YEAR NORMAL DEPARTURE LAST
                VALUE   (LST)  VALUE       VALUE  FROM      YEAR
                                                  NORMAL
..................................................................
TEMPERATURE (F)
 TODAY
  MAXIMUM         86    259 PM  92    1949  72     14       69
  MINIMUM         52    622 AM  30    1908  49      3       52
  AVERAGE         69                        60      9       61

PRECIPITATION (IN)
  TODAY            0.00                      0.09  -0.09      T
  MONTH TO DATE    1.15                      1.22  -0.07     1.23
  SINCE OCT 1     46.58                     38.80   7.78    32.00
  SINCE JAN 1     22.73                     23.05  -0.32    17.11

DEGREE DAYS
 HEATING
  TODAY            0                                         4
  MONTH TO DATE   86                                        87
  SINCE SEP 1     86                                        87
  SINCE JUL 1    108                                        91

 COOLING
  TODAY            4                                         0
  MONTH TO DATE   15                                        33
  SINCE SEP 1     15                                        33
  SINCE JAN 1    404                                       660
..................................................................


WIND (MPH)
  HIGHEST WIND SPEED     8   HIGHEST WIND DIRECTION     W (260)
  HIGHEST GUST SPEED    15   HIGHEST GUST DIRECTION    NW (300)
  AVERAGE WIND SPEED     2.2


SKY COVER
  POSSIBLE SUNSHINE  MM
  AVERAGE SKY COVER 0.0


WEATHER CONDITIONS
 THE FOLLOWING WEATHER WAS RECORDED TODAY.
  FOG


RELATIVE HUMIDITY (PERCENT)
 HIGHEST    89           400 AM
 LOWEST     30           300 PM
 AVERAGE    60

..........................................................


THE VANCOUVER WA CLIMATE NORMALS FOR TOMORROW
                         NORMAL    RECORD    YEAR
 MAXIMUM TEMPERATURE (F)   72        95      2003
 MINIMUM TEMPERATURE (F)   49        30      1940


SUNRISE AND SUNSET
SEPTEMBER 26 2016.....SUNRISE   703 AM PDT   SUNSET   659 PM PDT
SEPTEMBER 27 2016.....SUNRISE   705 AM PDT   SUNSET   657 PM PDT


-  INDICATES NEGATIVE NUMBERS.
R  INDICATES RECORD WAS SET OR TIED.
MM INDICATES DATA IS MISSING.
T  INDICATES TRACE AMOUNT.




$$
