000
CDUS46 KPQR 191144
CLIVUO


CLIMATE REPORT
NATIONAL WEATHER SERVICE PORTLAND OREGON
443 AM PDT SAT AUG 19 2017


...................................

...THE VANCOUVER WA CLIMATE SUMMARY FOR AUGUST 18 2017...

CLIMATE NORMAL PERIOD 1981 TO 2010
CLIMATE RECORD PERIOD 1891 TO 2017


WEATHER ITEM   OBSERVED TIME   RECORD YEAR NORMAL DEPARTURE LAST
                VALUE   (LST)  VALUE       VALUE  FROM      YEAR
                                                  NORMAL
..................................................................
TEMPERATURE (F)
 YESTERDAY
  MAXIMUM         82    255 PM  98    2016  82      0       98
  MINIMUM         57    606 AM  35    1973  57      0       57
  AVERAGE         70                        69      1       78

PRECIPITATION (IN)
  YESTERDAY        0.00                      0.02  -0.02     0.00
  MONTH TO DATE    0.10                      0.34  -0.24     0.13
  SINCE OCT 1     48.98                     37.15  11.83    45.36
  SINCE JAN 1     29.12                     21.40   7.72    21.51

DEGREE DAYS
 HEATING
  YESTERDAY        0                                         0
  MONTH TO DATE    2                                         5
  SINCE JUL 1      3                                        16

 COOLING
  YESTERDAY        5                                        13
  MONTH TO DATE  159                                        98
  SINCE JAN 1    427                                       307
..................................................................


WIND (MPH)
  HIGHEST WIND SPEED    15   HIGHEST WIND DIRECTION    NW (310)
  HIGHEST GUST SPEED    21   HIGHEST GUST DIRECTION    NW (310)
  AVERAGE WIND SPEED     5.8


SKY COVER
  POSSIBLE SUNSHINE  MM
  AVERAGE SKY COVER 0.0


WEATHER CONDITIONS
 THE FOLLOWING WEATHER WAS RECORDED YESTERDAY.
  HAZE


RELATIVE HUMIDITY (PERCENT)
 HIGHEST    86           400 AM
 LOWEST     43           300 PM
 AVERAGE    65

..........................................................




SUNRISE AND SUNSET
AUGUST 19 2017........SUNRISE   616 AM PDT   SUNSET   811 PM PDT
AUGUST 20 2017........SUNRISE   618 AM PDT   SUNSET   809 PM PDT


-  INDICATES NEGATIVE NUMBERS.
R  INDICATES RECORD WAS SET OR TIED.
MM INDICATES DATA IS MISSING.
T  INDICATES TRACE AMOUNT.




$$
