000
CDUS46 KPQR 261150
CLIVUO


CLIMATE REPORT
NATIONAL WEATHER SERVICE PORTLAND OREGON
450 AM PDT SUN MAR 26 2017


...................................

...THE VANCOUVER WA CLIMATE SUMMARY FOR MARCH 25 2017...

CLIMATE NORMAL PERIOD 1981 TO 2010
CLIMATE RECORD PERIOD 1891 TO 2017


WEATHER ITEM   OBSERVED TIME   RECORD YEAR NORMAL DEPARTURE LAST
                VALUE   (LST)  VALUE       VALUE  FROM      YEAR
                                                  NORMAL
..................................................................
TEMPERATURE (F)
 YESTERDAY
  MAXIMUM         56    219 PM  72    1997  58     -2       57
  MINIMUM         43    506 AM  22    1913  41      2       43
  AVERAGE         50                        50      0       50

PRECIPITATION (IN)
  YESTERDAY        0.01                      0.11  -0.10     0.01
  MONTH TO DATE    6.10                      2.96   3.14     5.10
  SINCE OCT 1     40.65                     28.24  12.41    39.86
  SINCE JAN 1     20.79                     12.49   8.30    16.01

DEGREE DAYS
 HEATING
  YESTERDAY       15                                        15
  MONTH TO DATE  434                                       399
  SINCE JUL 1   3734                                      3229

 COOLING
  YESTERDAY        0                                         0
  MONTH TO DATE    0                                         0
  SINCE JAN 1      0                                         0
..................................................................


WIND (MPH)
  HIGHEST WIND SPEED    13   HIGHEST WIND DIRECTION     W (280)
  HIGHEST GUST SPEED    15   HIGHEST GUST DIRECTION     W (280)
  AVERAGE WIND SPEED     3.6


SKY COVER
  POSSIBLE SUNSHINE  MM
  AVERAGE SKY COVER 0.7


WEATHER CONDITIONS
 THE FOLLOWING WEATHER WAS RECORDED YESTERDAY.
  FOG


RELATIVE HUMIDITY (PERCENT)
 HIGHEST   100          1000 PM
 LOWEST     54           100 PM
 AVERAGE    77

..........................................................




SUNRISE AND SUNSET
MARCH 26 2017.........SUNRISE   701 AM PDT   SUNSET   732 PM PDT
MARCH 27 2017.........SUNRISE   700 AM PDT   SUNSET   733 PM PDT


-  INDICATES NEGATIVE NUMBERS.
R  INDICATES RECORD WAS SET OR TIED.
MM INDICATES DATA IS MISSING.
T  INDICATES TRACE AMOUNT.




$$
