000
CDUS46 KPQR 201142
CLIVUO


CLIMATE REPORT
NATIONAL WEATHER SERVICE PORTLAND OREGON
441 AM PDT SUN APR 20 2014


...................................

...THE VANCOUVER WA CLIMATE SUMMARY FOR APRIL 19 2014...

CLIMATE NORMAL PERIOD 1981 TO 2010
CLIMATE RECORD PERIOD 1891 TO 2014


WEATHER ITEM   OBSERVED TIME   RECORD YEAR NORMAL DEPARTURE LAST
                VALUE   (LST)  VALUE       VALUE  FROM      YEAR
                                                  NORMAL
..................................................................
TEMPERATURE (F)
 YESTERDAY
  MAXIMUM         58    440 PM  87    1934  62     -4       58
  MINIMUM         39    314 AM  32    1898  43     -4       50
  AVERAGE         49                        52     -3       54

PRECIPITATION (IN)
  YESTERDAY        0.07                      0.11  -0.04     0.36
  MONTH TO DATE    1.31                      1.96  -0.65     2.05
  SINCE OCT 1     20.19                     30.81 -10.62    27.45
  SINCE JAN 1     14.72                     15.06  -0.34     8.19

DEGREE DAYS
 HEATING
  YESTERDAY       16                                        11
  MONTH TO DATE  233                                       274
  SINCE JUL 1   4215                                      3837

 COOLING
  YESTERDAY        0                                         0
  MONTH TO DATE    0                                         0
  SINCE JAN 1      0                                         0
..................................................................


WIND (MPH)
  HIGHEST WIND SPEED    18   HIGHEST WIND DIRECTION     W (260)
  HIGHEST GUST SPEED    26   HIGHEST GUST DIRECTION     W (270)
  AVERAGE WIND SPEED     5.6


SKY COVER
  POSSIBLE SUNSHINE  MM
  AVERAGE SKY COVER 0.5


WEATHER CONDITIONS
 THE FOLLOWING WEATHER WAS RECORDED YESTERDAY.
  LIGHT RAIN


RELATIVE HUMIDITY (PERCENT)
 HIGHEST    86           100 AM
 LOWEST     57           500 PM
 AVERAGE    72

..........................................................




SUNRISE AND SUNSET
APRIL 20 2014.........SUNRISE   616 AM PDT   SUNSET   804 PM PDT
APRIL 21 2014.........SUNRISE   614 AM PDT   SUNSET   805 PM PDT


-  INDICATES NEGATIVE NUMBERS.
R  INDICATES RECORD WAS SET OR TIED.
MM INDICATES DATA IS MISSING.
T  INDICATES TRACE AMOUNT.




$$
