000
CDUS46 KPQR 040236
CLIVUO


CLIMATE REPORT
NATIONAL WEATHER SERVICE PORTLAND OREGON
736 PM PDT MON AUG 3 2015


...................................

...THE VANCOUVER WA CLIMATE SUMMARY FOR AUGUST 3 2015...
VALID TODAY AS OF 0700 PM LOCAL TIME.

CLIMATE NORMAL PERIOD 1981 TO 2010
CLIMATE RECORD PERIOD 1891 TO 2015


WEATHER ITEM   OBSERVED TIME   RECORD YEAR NORMAL DEPARTURE LAST
                VALUE   (LST)  VALUE       VALUE  FROM      YEAR
                                                  NORMAL
..................................................................
TEMPERATURE (F)
 TODAY
  MAXIMUM         84    304 PM 100    1952  82      2       90
  MINIMUM         65    504 AM  44    1969  58      7       60
  AVERAGE         75                        70      5       75

PRECIPITATION (IN)
  TODAY            T                         0.01  -0.01     0.00
  MONTH TO DATE    T                         0.03  -0.03      T
  SINCE OCT 1     30.22                     36.84  -6.62    27.72
  SINCE JAN 1     15.33                     21.09  -5.76    22.25

DEGREE DAYS
 HEATING
  TODAY            0                                         0
  MONTH TO DATE    0                                         0
  SINCE JUN 1     28                                        81
  SINCE JUL 1      4                                         3

 COOLING
  TODAY           10                                        10
  MONTH TO DATE   29                                        32
  SINCE JUN 1    441                                       249
  SINCE JAN 1    457                                       264
..................................................................


WIND (MPH)
  HIGHEST WIND SPEED    12   HIGHEST WIND DIRECTION    NW (310)
  HIGHEST GUST SPEED    16   HIGHEST GUST DIRECTION     W (290)
  AVERAGE WIND SPEED     4.1


SKY COVER
  POSSIBLE SUNSHINE  MM
  AVERAGE SKY COVER 0.0


WEATHER CONDITIONS
 THE FOLLOWING WEATHER WAS RECORDED TODAY.
  NO SIGNIFICANT WEATHER WAS OBSERVED.


RELATIVE HUMIDITY (PERCENT)
 HIGHEST    73           300 AM
 LOWEST     34           300 PM
 AVERAGE    54

..........................................................


THE VANCOUVER WA CLIMATE NORMALS FOR TOMORROW
                         NORMAL    RECORD    YEAR
 MAXIMUM TEMPERATURE (F)   82       103      2012
 MINIMUM TEMPERATURE (F)   58        45      1984
                                             1921


SUNRISE AND SUNSET
AUGUST  3 2015........SUNRISE   556 AM PDT   SUNSET   836 PM PDT
AUGUST  4 2015........SUNRISE   558 AM PDT   SUNSET   835 PM PDT


-  INDICATES NEGATIVE NUMBERS.
R  INDICATES RECORD WAS SET OR TIED.
MM INDICATES DATA IS MISSING.
T  INDICATES TRACE AMOUNT.




$$
