000
CDUS46 KPQR 091149
CLIVUO


CLIMATE REPORT
NATIONAL WEATHER SERVICE PORTLAND OREGON
348 AM PST TUE FEB 9 2016


...................................

...THE VANCOUVER WA CLIMATE SUMMARY FOR FEBRUARY 8 2016...

CLIMATE NORMAL PERIOD 1981 TO 2010
CLIMATE RECORD PERIOD 1891 TO 2016


WEATHER ITEM   OBSERVED TIME   RECORD YEAR NORMAL DEPARTURE LAST
                VALUE   (LST)  VALUE       VALUE  FROM      YEAR
                                                  NORMAL
..................................................................
TEMPERATURE (F)
 YESTERDAY
  MAXIMUM         61    343 PM  63    1970  51     10       55
  MINIMUM         34    744 AM  11    1929  35     -1       44
  AVERAGE         48                        43      5       50

PRECIPITATION (IN)
  YESTERDAY        0.00                      0.16  -0.16     0.09
  MONTH TO DATE    0.81                      1.40  -0.59     3.22
  SINCE OCT 1     31.76                     22.65   9.11    21.46
  SINCE JAN 1      7.91                      6.90   1.01     6.57

DEGREE DAYS
 HEATING
  YESTERDAY       17                                        15
  MONTH TO DATE  153                                       136
  SINCE JUL 1   2486                                      2315

 COOLING
  YESTERDAY        0                                         0
  MONTH TO DATE    0                                         0
  SINCE JAN 1      0                                         0
..................................................................


WIND (MPH)
  HIGHEST WIND SPEED     6   HIGHEST WIND DIRECTION    SE (140)
  HIGHEST GUST SPEED     7   HIGHEST GUST DIRECTION    SE (130)
  AVERAGE WIND SPEED     1.1


SKY COVER
  POSSIBLE SUNSHINE  MM
  AVERAGE SKY COVER 0.0


WEATHER CONDITIONS
 THE FOLLOWING WEATHER WAS RECORDED YESTERDAY.
  FOG


RELATIVE HUMIDITY (PERCENT)
 HIGHEST   100           300 AM
 LOWEST     46           400 PM
 AVERAGE    73

..........................................................




SUNRISE AND SUNSET
FEBRUARY  9 2016......SUNRISE   722 AM PST   SUNSET   528 PM PST
FEBRUARY 10 2016......SUNRISE   721 AM PST   SUNSET   530 PM PST


-  INDICATES NEGATIVE NUMBERS.
R  INDICATES RECORD WAS SET OR TIED.
MM INDICATES DATA IS MISSING.
T  INDICATES TRACE AMOUNT.




$$
