000
CDUS46 KPQR 221141
CLIVUO


CLIMATE REPORT
NATIONAL WEATHER SERVICE PORTLAND OREGON
340 AM PST MON DEC 22 2014


...................................

...THE VANCOUVER WA CLIMATE SUMMARY FOR DECEMBER 21 2014...

CLIMATE NORMAL PERIOD 1981 TO 2010
CLIMATE RECORD PERIOD 1891 TO 2014


WEATHER ITEM   OBSERVED TIME   RECORD YEAR NORMAL DEPARTURE LAST
                VALUE   (LST)  VALUE       VALUE  FROM      YEAR
                                                  NORMAL
..................................................................
TEMPERATURE (F)
 YESTERDAY
  MAXIMUM         58    125 AM  61    1906  46     12       52
  MINIMUM         50   1157 PM  11    1998  34     16       41
  AVERAGE         54                        40     14       47

PRECIPITATION (IN)
  YESTERDAY        0.11                      0.23  -0.12     0.06
  MONTH TO DATE    4.68                      4.49   0.19     1.21
  SINCE OCT 1     13.63                     13.47   0.16     5.16
  SINCE JAN 1     37.07                     36.86   0.21    26.23

DEGREE DAYS
 HEATING
  YESTERDAY       11                                        18
  MONTH TO DATE  427                                       647
  SINCE JUL 1   1235                                      1748

 COOLING
  YESTERDAY        0                                         0
  MONTH TO DATE    0                                         0
  SINCE JAN 1    531                                       450
..................................................................


WIND (MPH)
  HIGHEST WIND SPEED    12   HIGHEST WIND DIRECTION     W (280)
  HIGHEST GUST SPEED    16   HIGHEST GUST DIRECTION    SW (220)
  AVERAGE WIND SPEED     2.4


SKY COVER
  POSSIBLE SUNSHINE  MM
  AVERAGE SKY COVER 0.9


WEATHER CONDITIONS
 THE FOLLOWING WEATHER WAS RECORDED YESTERDAY.
  LIGHT RAIN
  FOG


RELATIVE HUMIDITY (PERCENT)
 HIGHEST    89           800 PM
 LOWEST     72           200 AM
 AVERAGE    81

..........................................................




SUNRISE AND SUNSET
DECEMBER 22 2014......SUNRISE   749 AM PST   SUNSET   430 PM PST
DECEMBER 23 2014......SUNRISE   749 AM PST   SUNSET   431 PM PST


-  INDICATES NEGATIVE NUMBERS.
R  INDICATES RECORD WAS SET OR TIED.
MM INDICATES DATA IS MISSING.
T  INDICATES TRACE AMOUNT.




$$
