000
CDUS41 KAKQ 162230
CLIWAL


CLIMATE REPORT
NATIONAL WEATHER SERVICE WAKEFIELD, VA
529 PM EST MON JAN 16 2017


...................................

...THE WALLOPS ISLAND VA CLIMATE SUMMARY FOR JANUARY 16 2017...
VALID TODAY AS OF 0500 PM LOCAL TIME.

CLIMATE NORMAL PERIOD 1981 TO 2010
CLIMATE RECORD PERIOD 1963 TO 2017


WEATHER ITEM   OBSERVED TIME   RECORD YEAR NORMAL DEPARTURE
                VALUE   (LST)  VALUE       VALUE  FROM
                                                  NORMAL
...............................................................
TEMPERATURE (F)
 TODAY
  MAXIMUM         43    141 PM  67    2007  45     -2
  MINIMUM         37    840 AM   6    1994  28      9
  AVERAGE         40

PRECIPITATION (IN)
  TODAY            0.00          0.49 1997   0.10  -0.10
  MONTH TO DATE    2.16                      1.59   0.57
  SINCE DEC 1      6.13                      5.02   1.11
  SINCE JAN 1      2.16                      1.59   0.57

SNOWFALL (IN)
  TODAY            0.0           6.0  1965
  MONTH TO DATE   10.1
  SINCE NOV 1     10.1
  SINCE JUL 1     10.1
  SNOW DEPTH       0

DEGREE DAYS
 HEATING
  TODAY           25

 COOLING
  TODAY            0
...............................................................


WIND (MPH)
  HIGHEST WIND SPEED    10   HIGHEST WIND DIRECTION    NE (50)
  HIGHEST GUST SPEED    12   HIGHEST GUST DIRECTION    NE (50)




RELATIVE HUMIDITY (PERCENT)
 HIGHEST    82
 LOWEST     70
 AVERAGE    76

..........................................................


THE WALLOPS ISLAND VA CLIMATE NORMALS FOR TOMORROW
                         NORMAL    RECORD    YEAR
 MAXIMUM TEMPERATURE (F)   45        64      2012
 MINIMUM TEMPERATURE (F)   28         0      1982


SUNRISE AND SUNSET
JANUARY 16 2017.......SUNRISE   716 AM EST   SUNSET   508 PM EST
JANUARY 17 2017.......SUNRISE   716 AM EST   SUNSET   509 PM EST


-  INDICATES NEGATIVE NUMBERS.
R  INDICATES RECORD WAS SET OR TIED.
MM INDICATES DATA IS MISSING.
T  INDICATES TRACE AMOUNT.




$$
