000
CDUS41 KAKQ 160645
CLIWAL


CLIMATE REPORT
NATIONAL WEATHER SERVICE WAKEFIELD, VA
145 AM EST TUE JAN 16 2018


...................................

...THE WALLOPS ISLAND VA CLIMATE SUMMARY FOR JANUARY 15 2018...

CLIMATE NORMAL PERIOD 1981 TO 2010
CLIMATE RECORD PERIOD 1963 TO 2018


WEATHER ITEM   OBSERVED TIME   RECORD YEAR NORMAL DEPARTURE
                VALUE   (LST)  VALUE       VALUE  FROM
                                                  NORMAL
...............................................................
TEMPERATURE (F)
 YESTERDAY
  MAXIMUM         40    124 PM  70    2007  45     -5
  MINIMUM         21    330 AM   8    1994  28     -7
  AVERAGE         31                        36     -5

PRECIPITATION (IN)
  YESTERDAY        T             1.20        0.11  -0.11
  MONTH TO DATE    1.32                      1.49  -0.17
  SINCE DEC 1      3.21                      4.92  -1.71
  SINCE JAN 1      1.32                      1.49  -0.17

SNOWFALL (IN)
  YESTERDAY       MM             3.4  1966   0.1   MM
  MONTH TO DATE    9.5                       0.8    8.7
  SINCE NOV 1     10.8                       2.8    8.0
  SINCE JUL 1     10.8                       2.8    8.0

DEGREE DAYS
 HEATING
  YESTERDAY       34                                5
  MONTH TO DATE  531                              105
  SINCE DEC 1   1322                              138
  SINCE JUL 1   1925                               37

 COOLING
  YESTERDAY        0                                0
  MONTH TO DATE    0                                0
  SINCE DEC 1      0                                0
  SINCE JAN 1      0                                0
...............................................................


WIND (MPH)
  HIGHEST WIND SPEED    15   HIGHEST WIND DIRECTION    NE (30)
  HIGHEST GUST SPEED    19   HIGHEST GUST DIRECTION     N (340)
  AVERAGE WIND SPEED     9.2




RELATIVE HUMIDITY (PERCENT)
 HIGHEST   100
 LOWEST     57
 AVERAGE    79

..........................................................


THE WALLOPS ISLAND VA CLIMATE NORMALS FOR TODAY
                         NORMAL    RECORD    YEAR
 MAXIMUM TEMPERATURE (F)   45        67      2007
 MINIMUM TEMPERATURE (F)   28         6      1994


SUNRISE AND SUNSET
JANUARY 16 2018.......SUNRISE   716 AM EST   SUNSET   508 PM EST
JANUARY 17 2018.......SUNRISE   716 AM EST   SUNSET   509 PM EST


-  INDICATES NEGATIVE NUMBERS.
R  INDICATES RECORD WAS SET OR TIED.
MM INDICATES DATA IS MISSING.
T  INDICATES TRACE AMOUNT.




$$
