000
CDUS41 KAKQ 230826
CLIWAL


CLIMATE REPORT
NATIONAL WEATHER SERVICE WAKEFIELD, VA
325 AM EST SUN NOV 23 2014


...................................

...THE WALLOPS ISLAND VA CLIMATE SUMMARY FOR NOVEMBER 22 2014...

CLIMATE NORMAL PERIOD 1981 TO 2010
CLIMATE RECORD PERIOD 1963 TO 2014


WEATHER ITEM   OBSERVED TIME   RECORD YEAR NORMAL DEPARTURE
                VALUE   (LST)  VALUE       VALUE  FROM
                                                  NORMAL
...............................................................
TEMPERATURE (F)
 YESTERDAY
  MAXIMUM         48   1252 PM  74    2007  56     -8
  MINIMUM         19R  1240 AM  24    1995  39    -20
                                      1987
                                      1969
  AVERAGE         34                        48    -14

PRECIPITATION (IN)
  YESTERDAY        0.00          1.48        0.10  -0.10
  MONTH TO DATE    0.95                      2.08  -1.13
  SINCE SEP 1      6.99                      9.23  -2.24
  SINCE JAN 1     32.58                     36.62  -4.04

SNOWFALL (IN)
  YESTERDAY        0.0           T    1972   0.0    0.0
  MONTH TO DATE    0.0                       0.0    0.0
  SINCE NOV 1      0.0                       0.0    0.0
  SINCE JUL 1      0.0                       0.0    0.0

DEGREE DAYS
 HEATING
  YESTERDAY       31                               14
  MONTH TO DATE  428                              118
  SINCE SEP 1    547                               -5
  SINCE JUL 1    547                               -6

 COOLING
  YESTERDAY        0                                0
  MONTH TO DATE    0                                0
  SINCE SEP 1    255                               60
  SINCE JAN 1   1352                              157
...............................................................


WIND (MPH)
  HIGHEST WIND SPEED    18   HIGHEST WIND DIRECTION    SW (210)
  HIGHEST GUST SPEED    27   HIGHEST GUST DIRECTION    NW (310)
  AVERAGE WIND SPEED     6.9




RELATIVE HUMIDITY (PERCENT)
 HIGHEST    77
 LOWEST     31
 AVERAGE    54

..........................................................


THE WALLOPS ISLAND VA CLIMATE NORMALS FOR TODAY
                         NORMAL    RECORD    YEAR
 MAXIMUM TEMPERATURE (F)   56        77      1992
 MINIMUM TEMPERATURE (F)   39        22      2008


SUNRISE AND SUNSET
NOVEMBER 23 2014......SUNRISE   651 AM EST   SUNSET   445 PM EST
NOVEMBER 24 2014......SUNRISE   652 AM EST   SUNSET   445 PM EST


-  INDICATES NEGATIVE NUMBERS.
R  INDICATES RECORD WAS SET OR TIED.
MM INDICATES DATA IS MISSING.
T  INDICATES TRACE AMOUNT.




$$
