000
CDUS41 KAKQ 300545
CLIWAL


CLIMATE REPORT
NATIONAL WEATHER SERVICE WAKEFIELD, VA
145 AM EDT THU MAR 30 2017


...................................

...THE WALLOPS ISLAND VA CLIMATE SUMMARY FOR MARCH 29 2017...

CLIMATE NORMAL PERIOD 1981 TO 2010
CLIMATE RECORD PERIOD 1963 TO 2017


WEATHER ITEM   OBSERVED TIME   RECORD YEAR NORMAL DEPARTURE
                VALUE   (LST)  VALUE       VALUE  FROM
                                                  NORMAL
...............................................................
TEMPERATURE (F)
 YESTERDAY
  MAXIMUM         63    134 PM  84    1989  58      5
  MINIMUM         41   1135 PM  26    2015  40      1
  AVERAGE         52                        49      3

PRECIPITATION (IN)
  YESTERDAY        0.00          2.32        0.13  -0.13
  MONTH TO DATE    1.79                      3.74  -1.95
  SINCE MAR 1      1.79                      3.74  -1.95
  SINCE JAN 1      7.99                      9.54  -1.55

SNOWFALL (IN)
  YESTERDAY        0.0           0.0    MM   0.0    0.0
  MONTH TO DATE    T                         0.4   -0.4
  SINCE NOV 1     10.1                       7.8    2.3
  SINCE JUL 1     10.1                       7.8    2.3

DEGREE DAYS
 HEATING
  YESTERDAY       13                               -3
  MONTH TO DATE  585                               -3
  SINCE MAR 1    585                               -3
  SINCE JUL 1   3161                             -507

 COOLING
  YESTERDAY        0                                0
  MONTH TO DATE    2                                2
  SINCE MAR 1      2                                2
  SINCE JAN 1      2                                2
...............................................................


WIND (MPH)
  HIGHEST WIND SPEED    17   HIGHEST WIND DIRECTION     N (360)
  HIGHEST GUST SPEED    21   HIGHEST GUST DIRECTION     N (10)
  AVERAGE WIND SPEED     8.1




RELATIVE HUMIDITY (PERCENT)
 HIGHEST   100
 LOWEST     57
 AVERAGE    79

..........................................................


THE WALLOPS ISLAND VA CLIMATE NORMALS FOR TODAY
                         NORMAL    RECORD    YEAR
 MAXIMUM TEMPERATURE (F)   58        81      1998
 MINIMUM TEMPERATURE (F)   40        30      1983


SUNRISE AND SUNSET
MARCH 30 2017.........SUNRISE   650 AM EDT   SUNSET   723 PM EDT
MARCH 31 2017.........SUNRISE   648 AM EDT   SUNSET   724 PM EDT


-  INDICATES NEGATIVE NUMBERS.
R  INDICATES RECORD WAS SET OR TIED.
MM INDICATES DATA IS MISSING.
T  INDICATES TRACE AMOUNT.




$$
