000
CDUS41 KAKQ 242146
CLIWAL


CLIMATE REPORT
NATIONAL WEATHER SERVICE WAKEFIELD, VA
546 PM EDT THU APR 24 2014


...................................

...THE WALLOPS ISLAND VA CLIMATE SUMMARY FOR APRIL 24 2014...
VALID TODAY AS OF 0500 PM LOCAL TIME.

CLIMATE NORMAL PERIOD 1981 TO 2010
CLIMATE RECORD PERIOD 1963 TO 2014


WEATHER ITEM   OBSERVED TIME   RECORD YEAR NORMAL DEPARTURE
                VALUE   (LST)  VALUE       VALUE  FROM
                                                  NORMAL
...............................................................
TEMPERATURE (F)
 TODAY
  MAXIMUM         64    203 PM  85    2011  65     -1
  MINIMUM         43    515 AM  36    2003  47     -4
  AVERAGE         54

PRECIPITATION (IN)
  TODAY            0.00          1.44 1983   0.09  -0.09
  MONTH TO DATE    2.20                      2.54  -0.34
  SINCE MAR 1      5.35                      6.54  -1.19
  SINCE JAN 1     10.92                     12.34  -1.42

SNOWFALL (IN)
  TODAY            0.0           0.0    MM
  MONTH TO DATE    0.0
  SINCE NOV 1     13.1
  SINCE JUL 1     13.1
  SNOW DEPTH       0

DEGREE DAYS
 HEATING
  TODAY           11

 COOLING
  TODAY            0
...............................................................


WIND (MPH)
  HIGHEST WIND SPEED    20   HIGHEST WIND DIRECTION    NW (310)
  HIGHEST GUST SPEED    28   HIGHEST GUST DIRECTION    NW (320)




RELATIVE HUMIDITY (PERCENT)
 HIGHEST    62
 LOWEST     25
 AVERAGE    44

..........................................................


THE WALLOPS ISLAND VA CLIMATE NORMALS FOR TOMORROW
                         NORMAL    RECORD    YEAR
 MAXIMUM TEMPERATURE (F)   66        85      2009
 MINIMUM TEMPERATURE (F)   48        37      1999


SUNRISE AND SUNSET
APRIL 24 2014.........SUNRISE   614 AM EDT   SUNSET   746 PM EDT
APRIL 25 2014.........SUNRISE   613 AM EDT   SUNSET   747 PM EDT


-  INDICATES NEGATIVE NUMBERS.
R  INDICATES RECORD WAS SET OR TIED.
MM INDICATES DATA IS MISSING.
T  INDICATES TRACE AMOUNT.




$$
