000
CDUS41 KAKQ 230645
CLIWAL


CLIMATE REPORT
NATIONAL WEATHER SERVICE WAKEFIELD, VA
145 AM EST THU FEB 23 2017


...................................

...THE WALLOPS ISLAND VA CLIMATE SUMMARY FOR FEBRUARY 22 2017...

CLIMATE NORMAL PERIOD 1981 TO 2010
CLIMATE RECORD PERIOD 1963 TO 2017


WEATHER ITEM   OBSERVED TIME   RECORD YEAR NORMAL DEPARTURE
                VALUE   (LST)  VALUE       VALUE  FROM
                                                  NORMAL
...............................................................
TEMPERATURE (F)
 YESTERDAY
  MAXIMUM         58        MM  70    1997  48     10
                                      1991
  MINIMUM         39        MM  13    1968  31      8
  AVERAGE         49                        40      9

PRECIPITATION (IN)
  YESTERDAY        0.02          0.73        0.10  -0.08
  MONTH TO DATE    1.21                      2.12  -0.91
  SINCE DEC 1      9.97                      8.59   1.38
  SINCE JAN 1      6.00                      5.16   0.84

SNOWFALL (IN)
  YESTERDAY       MM             0.0    MM   0.2   MM
  MONTH TO DATE    T                         2.8   -2.8
  SINCE NOV 1     10.1                       6.8    3.3
  SINCE JUL 1     10.1                       6.8    3.3

DEGREE DAYS
 HEATING
  YESTERDAY       16                               -9
  MONTH TO DATE  473                             -117
  SINCE DEC 1   1916                             -314
  SINCE JUL 1   2502                             -432

 COOLING
  YESTERDAY        0                                0
  MONTH TO DATE    0                                0
  SINCE DEC 1      0                                0
  SINCE JAN 1      0                                0
...............................................................


WIND (MPH)
  HIGHEST WIND SPEED    10   HIGHEST WIND DIRECTION     S (200)
  HIGHEST GUST SPEED    MM   HIGHEST GUST DIRECTION    MM
  AVERAGE WIND SPEED     4.1




RELATIVE HUMIDITY (PERCENT)
 HIGHEST   100
 LOWEST     80
 AVERAGE    90

..........................................................


THE WALLOPS ISLAND VA CLIMATE NORMALS FOR TODAY
                         NORMAL    RECORD    YEAR
 MAXIMUM TEMPERATURE (F)   48        67      2012
 MINIMUM TEMPERATURE (F)   32        18      1999


SUNRISE AND SUNSET
FEBRUARY 23 2017......SUNRISE   641 AM EST   SUNSET   549 PM EST
FEBRUARY 24 2017......SUNRISE   640 AM EST   SUNSET   551 PM EST


-  INDICATES NEGATIVE NUMBERS.
R  INDICATES RECORD WAS SET OR TIED.
MM INDICATES DATA IS MISSING.
T  INDICATES TRACE AMOUNT.




$$
