000
CDUS46 KLOX 280116
CLIWJF


CLIMATE REPORT
NATIONAL WEATHER SERVICE LOS ANGELES/OXNARD CA
616 PM PDT FRI MAR 27 2015


...................................

...THE LANCASTER CLIMATE SUMMARY FOR MARCH 27 2015...
VALID TODAY AS OF 0600 PM LOCAL TIME.

CLIMATE NORMAL PERIOD 1981 TO 2010
CLIMATE RECORD PERIOD 1948 TO 2015


WEATHER ITEM   OBSERVED TIME   RECORD YEAR NORMAL DEPARTURE LAST
                VALUE   (LST)  VALUE       VALUE  FROM      YEAR
                                                  NORMAL
..................................................................
TEMPERATURE (F)
 TODAY
  MAXIMUM         87R   328 PM  84    1986  69     18       61
  MINIMUM         41    523 AM  30    1995  41      0       45
  AVERAGE         64                        55      9       53

PRECIPITATION (IN)
  TODAY            0.00          0.44 1979   0.03  -0.03     0.00
  MONTH TO DATE    0.04                      1.04  -1.00     0.22
  SINCE OCT 1      4.32                      6.45  -2.13     3.68
  SINCE JAN 1      1.40                      4.32  -2.92     2.09

SNOWFALL (IN)
  TODAY            0.0           T    1991   0.0             0.0
  MONTH TO DATE    0.0                       0.0             0.0
  SINCE MAR 1      0.0                       0.0             0.0
  SINCE JUL 1      0.0                       2.3             0.0
  SNOW DEPTH       0

DEGREE DAYS
 HEATING
  TODAY            1                        10     -9       12
  MONTH TO DATE  216                       327   -111      252
  SINCE MAR 1    216                       327   -111      252
  SINCE JUL 1   2085                      2620   -535     2489

 COOLING
  TODAY            0                         0      0        0
  MONTH TO DATE    0                         0      0        0
  SINCE MAR 1      0                         0      0        0
  SINCE JAN 1      0                         0      0        6
..................................................................


WIND (MPH)
  HIGHEST WIND SPEED    21   HIGHEST WIND DIRECTION    SW (240)
  HIGHEST GUST SPEED    24   HIGHEST GUST DIRECTION    SW (240)
  AVERAGE WIND SPEED     3.9


SKY COVER
  POSSIBLE SUNSHINE  MM
  AVERAGE SKY COVER 0.0


WEATHER CONDITIONS
 THE FOLLOWING WEATHER WAS RECORDED TODAY.
  NO SIGNIFICANT WEATHER WAS OBSERVED.


RELATIVE HUMIDITY (PERCENT)
 HIGHEST    57           400 AM
 LOWEST     10           300 PM
 AVERAGE    34

..........................................................


THE LANCASTER CLIMATE NORMALS FOR TOMORROW
                         NORMAL    RECORD    YEAR
 MAXIMUM TEMPERATURE (F)   69        84      1966
 MINIMUM TEMPERATURE (F)   41        28      1975


SUNRISE AND SUNSET
MARCH 27 2015.........SUNRISE   647 AM PDT   SUNSET   710 PM PDT
MARCH 28 2015.........SUNRISE   646 AM PDT   SUNSET   711 PM PDT


-  INDICATES NEGATIVE NUMBERS.
R  INDICATES RECORD WAS SET OR TIED.
MM INDICATES DATA IS MISSING.
T  INDICATES TRACE AMOUNT.




$$
