000
CDUS46 KLOX 260112
CLIWJF


CLIMATE REPORT
NATIONAL WEATHER SERVICE LOS ANGELES/OXNARD CA
511 PM PST SAT FEB 25 2017


...................................

...THE LANCASTER CLIMATE SUMMARY FOR FEBRUARY 25 2017...
VALID TODAY AS OF 0500 PM LOCAL TIME.

CLIMATE NORMAL PERIOD 1981 TO 2010
CLIMATE RECORD PERIOD 1948 TO 2017


WEATHER ITEM   OBSERVED TIME   RECORD YEAR NORMAL DEPARTURE LAST
                VALUE   (LST)  VALUE       VALUE  FROM      YEAR
                                                  NORMAL
..................................................................
TEMPERATURE (F)
 TODAY
  MAXIMUM         60    117 PM  81    1986  64     -4       74
  MINIMUM         27    647 AM  18    2013  37    -10       28
  AVERAGE         44                        50     -6       51

PRECIPITATION (IN)
  TODAY            0.00          0.64 2001   0.06  -0.06     0.00
  MONTH TO DATE    1.80                      1.62   0.18     0.03
  SINCE OCT 1      6.26                      5.25   1.01     3.05
  SINCE JAN 1      4.27                      3.12   1.15     1.76

SNOWFALL (IN)
  TODAY            0.0           T    1996   0.0             0.0
  MONTH TO DATE    0.0                       0.6             0.0
  SINCE DEC 1      0.0                       2.3             0.0
  SINCE JUL 1      0.0                       2.3             0.0
  SNOW DEPTH       0

DEGREE DAYS
 HEATING
  TODAY           21                        15      6       14
  MONTH TO DATE  326                       424    -98      379
  SINCE DEC 1   1515                      1704   -189     1659
  SINCE JUL 1   1941                      2249   -308     2239

 COOLING
  TODAY            0                         0      0        0
  MONTH TO DATE    0                         0      0        0
  SINCE DEC 1      0                         0      0        0
  SINCE JAN 1      0                         0      0        0
..................................................................


WIND (MPH)
  HIGHEST WIND SPEED    23   HIGHEST WIND DIRECTION    SW (210)
  HIGHEST GUST SPEED    29   HIGHEST GUST DIRECTION    SW (210)
  AVERAGE WIND SPEED     9.0


SKY COVER
  POSSIBLE SUNSHINE  MM
  AVERAGE SKY COVER 0.2


WEATHER CONDITIONS
 THE FOLLOWING WEATHER WAS RECORDED TODAY.
  NO SIGNIFICANT WEATHER WAS OBSERVED.


RELATIVE HUMIDITY (PERCENT)
 HIGHEST    85           700 AM
 LOWEST     24          1200 PM
 AVERAGE    55

..........................................................


THE LANCASTER CLIMATE NORMALS FOR TOMORROW
                         NORMAL    RECORD    YEAR
 MAXIMUM TEMPERATURE (F)   64        81      1986
 MINIMUM TEMPERATURE (F)   37        21      1984


SUNRISE AND SUNSET
FEBRUARY 25 2017......SUNRISE   627 AM PST   SUNSET   546 PM PST
FEBRUARY 26 2017......SUNRISE   625 AM PST   SUNSET   546 PM PST


-  INDICATES NEGATIVE NUMBERS.
R  INDICATES RECORD WAS SET OR TIED.
MM INDICATES DATA IS MISSING.
T  INDICATES TRACE AMOUNT.




$$
