000
CDUS46 KLOX 050112
CLIWJF


CLIMATE REPORT
NATIONAL WEATHER SERVICE LOS ANGELES/OXNARD CA
612 PM PDT TUE AUG 4 2015


...................................

...THE LANCASTER CLIMATE SUMMARY FOR AUGUST 4 2015...
VALID TODAY AS OF 0600 PM LOCAL TIME.

CLIMATE NORMAL PERIOD 1981 TO 2010
CLIMATE RECORD PERIOD 1948 TO 2015


WEATHER ITEM   OBSERVED TIME   RECORD YEAR NORMAL DEPARTURE LAST
                VALUE   (LST)  VALUE       VALUE  FROM      YEAR
                                                  NORMAL
..................................................................
TEMPERATURE (F)
 TODAY
  MAXIMUM         98    104 PM 108    1966  99     -1       90
  MINIMUM         67    530 AM  50    1953  66      1       68
  AVERAGE         83                        82      1       79

PRECIPITATION (IN)
  TODAY            0.00          0.00   MM   0.00   0.00     0.00
  MONTH TO DATE    0.00                      0.01  -0.01     0.03
  SINCE OCT 1      6.99                      7.14  -0.15     3.94
  SINCE JAN 1      4.07                      5.01  -0.94     2.35

SNOWFALL (IN)
  TODAY            0.0           0.0    MM   0.0             0.0
  MONTH TO DATE    0.0                       0.0             0.0
  SINCE JUN 1      0.0                       0.0             0.0
  SINCE JUL 1      0.0                       0.0             0.0
  SNOW DEPTH       0

DEGREE DAYS
 HEATING
  TODAY            0                         0      0        0
  MONTH TO DATE    0                         0      0        0
  SINCE JUN 1      2                         8     -6        0
  SINCE JUL 1      0                         0      0        0

 COOLING
  TODAY           18                        17      1       14
  MONTH TO DATE   73                        71      2       67
  SINCE JUN 1    999                       948     51     1054
  SINCE JAN 1   1097                      1137    -40     1254
..................................................................


WIND (MPH)
  HIGHEST WIND SPEED    30   HIGHEST WIND DIRECTION    SW (210)
  HIGHEST GUST SPEED    34   HIGHEST GUST DIRECTION    SW (210)
  AVERAGE WIND SPEED    13.4


SKY COVER
  POSSIBLE SUNSHINE  MM
  AVERAGE SKY COVER 0.0


WEATHER CONDITIONS
 THE FOLLOWING WEATHER WAS RECORDED TODAY.
  NO SIGNIFICANT WEATHER WAS OBSERVED.


RELATIVE HUMIDITY (PERCENT)
 HIGHEST    52           500 AM
 LOWEST     15          1000 AM
 AVERAGE    34

..........................................................


THE LANCASTER CLIMATE NORMALS FOR TOMORROW
                         NORMAL    RECORD    YEAR
 MAXIMUM TEMPERATURE (F)   99       109      1998
 MINIMUM TEMPERATURE (F)   66        50      1957


SUNRISE AND SUNSET
AUGUST  4 2015........SUNRISE   605 AM PDT   SUNSET   752 PM PDT
AUGUST  5 2015........SUNRISE   606 AM PDT   SUNSET   752 PM PDT


-  INDICATES NEGATIVE NUMBERS.
R  INDICATES RECORD WAS SET OR TIED.
MM INDICATES DATA IS MISSING.
T  INDICATES TRACE AMOUNT.




$$
