000
CDUS46 KLOX 240912
CLIWJF


CLIMATE REPORT
NATIONAL WEATHER SERVICE LOS ANGELES/OXNARD CA
202 AM PDT TUE MAY 24 2016


...................................

...THE LANCASTER FOX FIELD CA CLIMATE SUMMARY FOR MAY 23 2016...

CLIMATE NORMAL PERIOD 1981 TO 2010
CLIMATE RECORD PERIOD 1948 TO 2016


WEATHER ITEM   OBSERVED TIME   RECORD YEAR NORMAL DEPARTURE
                VALUE   (LST)  VALUE       VALUE  FROM
                                                  NORMAL
...............................................................
TEMPERATURE (F)
 YESTERDAY
  MAXIMUM         72    110 PM 102    2001  84    -12
  MINIMUM         51    453 AM  41    2010  56     -5
                                      1980
  AVERAGE         62                        70     -8

PRECIPITATION (IN)
  YESTERDAY        0.00          0.06 2008   0.00   0.00
  MONTH TO DATE    0.00                      0.07  -0.07
  SINCE OCT 1      3.82                      6.97  -3.15
  SINCE JAN 1      2.53                      4.84  -2.31

SNOWFALL (IN)
  YESTERDAY        0.0           0.0    MM
  MONTH TO DATE    0.0
  SINCE MAR 1      0.0
  SINCE JUL 1      0.0
  SNOW DEPTH       0

DEGREE DAYS
 HEATING
  YESTERDAY        3                                2
  MONTH TO DATE   42                              -10
  SINCE MAR 1    412                             -215
  SINCE JUL 1   2663                             -257

 COOLING
  YESTERDAY        0                               -6
  MONTH TO DATE   73                              -28
  SINCE MAR 1     94                              -37
  SINCE JAN 1     97                              -34
...............................................................


WIND (MPH)
  HIGHEST WIND SPEED    29   HIGHEST WIND DIRECTION    SW (220)
  HIGHEST GUST SPEED    41   HIGHEST GUST DIRECTION    SW (210)
  AVERAGE WIND SPEED    20.2




RELATIVE HUMIDITY (PERCENT)
 HIGHEST    64
 LOWEST     31
 AVERAGE    48

..........................................................


THE LANCASTER FOX FIELD CA CLIMATE NORMALS FOR TODAY
                         NORMAL    RECORD    YEAR
 MAXIMUM TEMPERATURE (F)   85        99      2001
 MINIMUM TEMPERATURE (F)   56        39      2008


SUNRISE AND SUNSET
MAY 24 2016...........SUNRISE   544 AM PDT   SUNSET   756 PM PDT
MAY 25 2016...........SUNRISE   543 AM PDT   SUNSET   757 PM PDT


-  INDICATES NEGATIVE NUMBERS.
R  INDICATES RECORD WAS SET OR TIED.
MM INDICATES DATA IS MISSING.
T  INDICATES TRACE AMOUNT.




$$
