000
CDUS46 KLOX 230935
CLIWJF


CLIMATE REPORT
NATIONAL WEATHER SERVICE LOS ANGELES/OXNARD CA
235 AM PDT SAT SEP 23 2017


...................................

...THE LANCASTER FOX FIELD CA CLIMATE SUMMARY FOR SEPTEMBER 22 2017...

CLIMATE NORMAL PERIOD 1981 TO 2010
CLIMATE RECORD PERIOD 1948 TO 2017


WEATHER ITEM   OBSERVED TIME   RECORD YEAR NORMAL DEPARTURE
                VALUE   (LST)  VALUE       VALUE  FROM
                                                  NORMAL
...............................................................
TEMPERATURE (F)
 YESTERDAY
  MAXIMUM         74    152 PM 106    1949  89    -15
  MINIMUM         49    550 AM  39    1986  54     -5
  AVERAGE         62                        72    -10

PRECIPITATION (IN)
  YESTERDAY        0.00          0.17 2007   0.01  -0.01
  MONTH TO DATE    0.07                      0.10  -0.03
  SINCE OCT 1      6.61                      7.33  -0.72
  SINCE JAN 1      4.62                      5.20  -0.58

SNOWFALL (IN)
  YESTERDAY        0.0           0.0    MM
  MONTH TO DATE    0.0
  SINCE SEP 1      0.0
  SINCE JUL 1      0.0
  SNOW DEPTH       0

DEGREE DAYS
 HEATING
  YESTERDAY        3                                2
  MONTH TO DATE    5                                4
  SINCE SEP 1      5                                4
  SINCE JUL 1      5                                4

 COOLING
  YESTERDAY        0                               -7
  MONTH TO DATE  248                               23
  SINCE SEP 1    248                               23
  SINCE JAN 1   2152                              368
...............................................................


WIND (MPH)
  HIGHEST WIND SPEED    23   HIGHEST WIND DIRECTION     W (260)
  HIGHEST GUST SPEED    27   HIGHEST GUST DIRECTION     W (260)
  AVERAGE WIND SPEED    12.9




RELATIVE HUMIDITY (PERCENT)
 HIGHEST    68
 LOWEST     10
 AVERAGE    39

..........................................................


THE LANCASTER FOX FIELD CA CLIMATE NORMALS FOR TODAY
                         NORMAL    RECORD    YEAR
 MAXIMUM TEMPERATURE (F)   88       106      1949
 MINIMUM TEMPERATURE (F)   54        40      2006
                                             1968


SUNRISE AND SUNSET
SEPTEMBER 23 2017.....SUNRISE   642 AM PDT   SUNSET   648 PM PDT
SEPTEMBER 24 2017.....SUNRISE   643 AM PDT   SUNSET   646 PM PDT


-  INDICATES NEGATIVE NUMBERS.
R  INDICATES RECORD WAS SET OR TIED.
MM INDICATES DATA IS MISSING.
T  INDICATES TRACE AMOUNT.




$$
