000
CDUS46 KLOX 261059
CLIWJF


CLIMATE REPORT
NATIONAL WEATHER SERVICE LOS ANGELES/OXNARD CA
358 AM PDT FRI MAY 26 2017


...................................

...THE LANCASTER FOX FIELD CA CLIMATE SUMMARY FOR MAY 25 2017...

CLIMATE NORMAL PERIOD 1981 TO 2010
CLIMATE RECORD PERIOD 1948 TO 2017


WEATHER ITEM   OBSERVED TIME   RECORD YEAR NORMAL DEPARTURE
                VALUE   (LST)  VALUE       VALUE  FROM
                                                  NORMAL
...............................................................
TEMPERATURE (F)
 YESTERDAY
  MAXIMUM         72    251 PM 105    1951  85    -13
  MINIMUM         52   1159 PM  41    2010  56     -4
                                      1953
  AVERAGE         62                        71     -9

PRECIPITATION (IN)
  YESTERDAY        0.00          0.05 1987   0.00   0.00
  MONTH TO DATE    0.00                      0.08  -0.08
  SINCE OCT 1      6.51                      6.98  -0.47
  SINCE JAN 1      4.52                      4.85  -0.33

SNOWFALL (IN)
  YESTERDAY        0.0           0.0    MM
  MONTH TO DATE    0.0
  SINCE MAR 1      0.0
  SINCE JUL 1      0.0
  SNOW DEPTH       0

DEGREE DAYS
 HEATING
  YESTERDAY        3                                2
  MONTH TO DATE   69                               15
  SINCE MAR 1    480                             -149
  SINCE JUL 1   2479                             -443

 COOLING
  YESTERDAY        0                               -7
  MONTH TO DATE  108                               -6
  SINCE MAR 1    118                              -26
  SINCE JAN 1    118                              -26
...............................................................


WIND (MPH)
  HIGHEST WIND SPEED    32   HIGHEST WIND DIRECTION    SW (240)
  HIGHEST GUST SPEED    41   HIGHEST GUST DIRECTION    SW (240)
  AVERAGE WIND SPEED    24.8




RELATIVE HUMIDITY (PERCENT)
 HIGHEST    71
 LOWEST     19
 AVERAGE    45

..........................................................


THE LANCASTER FOX FIELD CA CLIMATE NORMALS FOR TODAY
                         NORMAL    RECORD    YEAR
 MAXIMUM TEMPERATURE (F)   85       104      1974
 MINIMUM TEMPERATURE (F)   57        37      1953


SUNRISE AND SUNSET
MAY 26 2017...........SUNRISE   543 AM PDT   SUNSET   757 PM PDT
MAY 27 2017...........SUNRISE   543 AM PDT   SUNSET   758 PM PDT


-  INDICATES NEGATIVE NUMBERS.
R  INDICATES RECORD WAS SET OR TIED.
MM INDICATES DATA IS MISSING.
T  INDICATES TRACE AMOUNT.




$$
