000
CDUS46 KLOX 250113
CLIWJF


CLIMATE REPORT
NATIONAL WEATHER SERVICE LOS ANGELES/OXNARD CA
612 PM PDT SUN MAY 24 2015


...................................

...THE LANCASTER CLIMATE SUMMARY FOR MAY 24 2015...
VALID TODAY AS OF 0600 PM LOCAL TIME.

CLIMATE NORMAL PERIOD 1981 TO 2010
CLIMATE RECORD PERIOD 1948 TO 2015


WEATHER ITEM   OBSERVED TIME   RECORD YEAR NORMAL DEPARTURE LAST
                VALUE   (LST)  VALUE       VALUE  FROM      YEAR
                                                  NORMAL
..................................................................
TEMPERATURE (F)
 TODAY
  MAXIMUM         81   1254 PM  99    2001  85     -4       90
  MINIMUM         54    530 AM  39    2008  56     -2       65
  AVERAGE         68                        70     -2       78

PRECIPITATION (IN)
  TODAY            0.00          T    1999   0.01  -0.01     0.00
  MONTH TO DATE    0.28                      0.08   0.20      T
  SINCE OCT 1      4.61                      6.98  -2.37     3.91
  SINCE JAN 1      1.69                      4.85  -3.16     2.32

SNOWFALL (IN)
  TODAY            0.0           0.0    MM   0.0             0.0
  MONTH TO DATE    0.0                       0.0             0.0
  SINCE MAR 1      0.0                       0.0             0.0
  SINCE JUL 1      0.0                       2.3             0.0
  SNOW DEPTH       0

DEGREE DAYS
 HEATING
  TODAY            0                         1     -1        0
  MONTH TO DATE  105                        53     52       48
  SINCE MAR 1    507                       628   -121      496
  SINCE JUL 1   2376                      2921   -545     2733

 COOLING
  TODAY            3                         6     -3       13
  MONTH TO DATE   16                       107    -91       88
  SINCE MAR 1     44                       137    -93      110
  SINCE JAN 1     44                       137    -93      116
..................................................................


WIND (MPH)
  HIGHEST WIND SPEED    28   HIGHEST WIND DIRECTION     W (250)
  HIGHEST GUST SPEED    33   HIGHEST GUST DIRECTION    SW (240)
  AVERAGE WIND SPEED    13.6


SKY COVER
  POSSIBLE SUNSHINE  MM
  AVERAGE SKY COVER 0.0


WEATHER CONDITIONS
 THE FOLLOWING WEATHER WAS RECORDED TODAY.
  NO SIGNIFICANT WEATHER WAS OBSERVED.


RELATIVE HUMIDITY (PERCENT)
 HIGHEST    72           600 AM
 LOWEST     28          1200 PM
 AVERAGE    50

..........................................................


THE LANCASTER CLIMATE NORMALS FOR TOMORROW
                         NORMAL    RECORD    YEAR
 MAXIMUM TEMPERATURE (F)   85       105      1951
 MINIMUM TEMPERATURE (F)   56        41      2010
                                             1953


SUNRISE AND SUNSET
MAY 24 2015...........SUNRISE   544 AM PDT   SUNSET   756 PM PDT
MAY 25 2015...........SUNRISE   544 AM PDT   SUNSET   756 PM PDT


-  INDICATES NEGATIVE NUMBERS.
R  INDICATES RECORD WAS SET OR TIED.
MM INDICATES DATA IS MISSING.
T  INDICATES TRACE AMOUNT.




$$
