000
CDUS46 KLOX 080113
CLIWJF


CLIMATE REPORT
NATIONAL WEATHER SERVICE LOS ANGELES/OXNARD CA
512 PM PST SUN FEB 7 2016


...................................

...THE LANCASTER CLIMATE SUMMARY FOR FEBRUARY 7 2016...
VALID TODAY AS OF 0500 PM LOCAL TIME.

CLIMATE NORMAL PERIOD 1981 TO 2010
CLIMATE RECORD PERIOD 1948 TO 2016


WEATHER ITEM   OBSERVED TIME   RECORD YEAR NORMAL DEPARTURE LAST
                VALUE   (LST)  VALUE       VALUE  FROM      YEAR
                                                  NORMAL
..................................................................
TEMPERATURE (F)
 TODAY
  MAXIMUM         71    328 PM  81    1951  61     10       65
  MINIMUM         29    702 AM  16    2003  34     -5       46
  AVERAGE         50                        47      3       56

PRECIPITATION (IN)
  TODAY            0.00          1.04 1993   0.06  -0.06      T
  MONTH TO DATE    T                         0.42  -0.42      T
  SINCE OCT 1      3.02                      4.05  -1.03     3.88
  SINCE JAN 1      1.73                      1.92  -0.19     0.96

SNOWFALL (IN)
  TODAY            0.0           0.0    MM   0.0            MM
  MONTH TO DATE    0.0                       0.2             0.0
  SINCE DEC 1      0.0                       1.9             0.0
  SINCE JUL 1      0.0                       1.9             0.0
  SNOW DEPTH       0

DEGREE DAYS
 HEATING
  TODAY           15                        18     -3        9
  MONTH TO DATE  161                       128     33       80
  SINCE DEC 1   1441                      1408     33     1227
  SINCE JUL 1   2021                      1953     68     1624

 COOLING
  TODAY            0                         0      0        0
  MONTH TO DATE    0                         0      0        0
  SINCE DEC 1      0                         0      0        0
  SINCE JAN 1      0                         0      0        0
..................................................................


WIND (MPH)
  HIGHEST WIND SPEED    22   HIGHEST WIND DIRECTION     E (80)
  HIGHEST GUST SPEED    29   HIGHEST GUST DIRECTION     E (90)
  AVERAGE WIND SPEED     6.4


SKY COVER
  POSSIBLE SUNSHINE  MM
  AVERAGE SKY COVER 0.0


WEATHER CONDITIONS
 THE FOLLOWING WEATHER WAS RECORDED TODAY.
  NO SIGNIFICANT WEATHER WAS OBSERVED.


RELATIVE HUMIDITY (PERCENT)
 HIGHEST    78           400 AM
 LOWEST     14           300 PM
 AVERAGE    46

..........................................................


THE LANCASTER CLIMATE NORMALS FOR TOMORROW
                         NORMAL    RECORD    YEAR
 MAXIMUM TEMPERATURE (F)   61        78      1951
 MINIMUM TEMPERATURE (F)   34        21      2003


SUNRISE AND SUNSET
FEBRUARY  7 2016......SUNRISE   647 AM PST   SUNSET   528 PM PST
FEBRUARY  8 2016......SUNRISE   646 AM PST   SUNSET   529 PM PST


-  INDICATES NEGATIVE NUMBERS.
R  INDICATES RECORD WAS SET OR TIED.
MM INDICATES DATA IS MISSING.
T  INDICATES TRACE AMOUNT.




$$
