910
CDUS46 KLOX 270909
CLIWJF


CLIMATE REPORT
NATIONAL WEATHER SERVICE LOS ANGELES/OXNARD CA
208 AM PDT THU JUL 27 2017


...................................

...THE LANCASTER FOX FIELD CA CLIMATE SUMMARY FOR JULY 26 2017...

CLIMATE NORMAL PERIOD 1981 TO 2010
CLIMATE RECORD PERIOD 1948 TO 2017


WEATHER ITEM   OBSERVED TIME   RECORD YEAR NORMAL DEPARTURE
                VALUE   (LST)  VALUE       VALUE  FROM
                                                  NORMAL
...............................................................
TEMPERATURE (F)
 YESTERDAY
  MAXIMUM        100    204 PM 109    1975  99      1
  MINIMUM         70    503 AM  53    1987  67      3
  AVERAGE         85                        83      2

PRECIPITATION (IN)
  YESTERDAY        0.00          T    2003   0.00   0.00
                                      2003
                                      2013
  MONTH TO DATE    T                         0.08  -0.08
  SINCE OCT 1      6.51                      7.12  -0.61
  SINCE JAN 1      4.52                      4.99  -0.47

SNOWFALL (IN)
  YESTERDAY        0.0           0.0    MM
  MONTH TO DATE    0.0
  SINCE JUN 1      0.0
  SINCE JUL 1      0.0
  SNOW DEPTH       0

DEGREE DAYS
 HEATING
  YESTERDAY        0                                0
  MONTH TO DATE    0                                0
  SINCE JUN 1      9                                1
  SINCE JUL 1      0                                0

 COOLING
  YESTERDAY       20                                2
  MONTH TO DATE  580                              132
  SINCE JUN 1   1055                              266
  SINCE JAN 1   1216                              238
...............................................................


WIND (MPH)
  HIGHEST WIND SPEED    25   HIGHEST WIND DIRECTION    SW (240)
  HIGHEST GUST SPEED    33   HIGHEST GUST DIRECTION    SW (230)
  AVERAGE WIND SPEED    10.1




RELATIVE HUMIDITY (PERCENT)
 HIGHEST    57
 LOWEST     23
 AVERAGE    40

..........................................................


THE LANCASTER FOX FIELD CA CLIMATE NORMALS FOR TODAY
                         NORMAL    RECORD    YEAR
 MAXIMUM TEMPERATURE (F)   99       107      2016
                                             1980
 MINIMUM TEMPERATURE (F)   67        49      1957


SUNRISE AND SUNSET
JULY 27 2017..........SUNRISE   559 AM PDT   SUNSET   759 PM PDT
JULY 28 2017..........SUNRISE   600 AM PDT   SUNSET   758 PM PDT


-  INDICATES NEGATIVE NUMBERS.
R  INDICATES RECORD WAS SET OR TIED.
MM INDICATES DATA IS MISSING.
T  INDICATES TRACE AMOUNT.




$$
