644
CDUS46 KLOX 280113
CLIWJF


CLIMATE REPORT
NATIONAL WEATHER SERVICE LOS ANGELES/OXNARD CA
613 PM PDT WED JUL 27 2016


...................................

...THE LANCASTER CLIMATE SUMMARY FOR JULY 27 2016...
VALID TODAY AS OF 0600 PM LOCAL TIME.

CLIMATE NORMAL PERIOD 1981 TO 2010
CLIMATE RECORD PERIOD 1948 TO 2016


WEATHER ITEM   OBSERVED TIME   RECORD YEAR NORMAL DEPARTURE LAST
                VALUE   (LST)  VALUE       VALUE  FROM      YEAR
                                                  NORMAL
..................................................................
TEMPERATURE (F)
 TODAY
  MAXIMUM        107R  1239 PM 107    1980  99      8       95
  MINIMUM         76    524 AM  49    1957  67      9       68
  AVERAGE         92                        83      9       82

PRECIPITATION (IN)
  TODAY            0.00          0.04 1969   0.00   0.00     0.00
  MONTH TO DATE    0.00                      0.08  -0.08     2.34
  SINCE OCT 1      3.82                      7.12  -3.30     6.99
  SINCE JAN 1      2.53                      4.99  -2.46     4.07

SNOWFALL (IN)
  TODAY            0.0           0.0    MM   0.0             0.0
  MONTH TO DATE    0.0                       0.0             0.0
  SINCE JUN 1      0.0                       0.0             0.0
  SINCE JUL 1      0.0                       0.0             0.0
  SNOW DEPTH       0

DEGREE DAYS
 HEATING
  TODAY            0                         0      0        0
  MONTH TO DATE    0                         0      0        0
  SINCE JUN 1      0                         8     -8        2
  SINCE JUL 1      0                         0      0        0

 COOLING
  TODAY           27                        18      9       17
  MONTH TO DATE  510                       466     44      381
  SINCE JUN 1   1044                       807    237      856
  SINCE JAN 1   1212                       996    216      954
..................................................................


WIND (MPH)
  HIGHEST WIND SPEED    29   HIGHEST WIND DIRECTION     W (250)
  HIGHEST GUST SPEED    36   HIGHEST GUST DIRECTION    SW (240)
  AVERAGE WIND SPEED    13.0


SKY COVER
  POSSIBLE SUNSHINE  MM
  AVERAGE SKY COVER 0.1


WEATHER CONDITIONS
 THE FOLLOWING WEATHER WAS RECORDED TODAY.
  NO SIGNIFICANT WEATHER WAS OBSERVED.


RELATIVE HUMIDITY (PERCENT)
 HIGHEST    25           300 AM
 LOWEST     11          1000 AM
 AVERAGE    18

..........................................................


THE LANCASTER CLIMATE NORMALS FOR TOMORROW
                         NORMAL    RECORD    YEAR
 MAXIMUM TEMPERATURE (F)   99       107      2009
                                             1995
 MINIMUM TEMPERATURE (F)   67        49      1965


SUNRISE AND SUNSET
JULY 27 2016..........SUNRISE   600 AM PDT   SUNSET   759 PM PDT
JULY 28 2016..........SUNRISE   600 AM PDT   SUNSET   758 PM PDT


-  INDICATES NEGATIVE NUMBERS.
R  INDICATES RECORD WAS SET OR TIED.
MM INDICATES DATA IS MISSING.
T  INDICATES TRACE AMOUNT.




$$
