000
CDUS46 KLOX 170913
CLIWJF


CLIMATE REPORT
NATIONAL WEATHER SERVICE LOS ANGELES/OXNARD CA
113 AM PST SUN DEC 17 2017


...................................

...THE LANCASTER FOX FIELD CA CLIMATE SUMMARY FOR DECEMBER 16 2017...

CLIMATE NORMAL PERIOD 1981 TO 2010
CLIMATE RECORD PERIOD 1948 TO 2017


WEATHER ITEM   OBSERVED TIME   RECORD YEAR NORMAL DEPARTURE
                VALUE   (LST)  VALUE       VALUE  FROM
                                                  NORMAL
...............................................................
TEMPERATURE (F)
 YESTERDAY
  MAXIMUM         64    214 PM  75    1998  57      7
  MINIMUM         32   1137 PM  14    1975  29      3
  AVERAGE         48                        43      5

PRECIPITATION (IN)
  YESTERDAY        T             0.76 1988   0.04  -0.04
  MONTH TO DATE    T                         0.49  -0.49
  SINCE OCT 1      0.02                      1.47  -1.45
  SINCE JAN 1      4.64                      6.72  -2.08

SNOWFALL (IN)
  YESTERDAY       MM             3.0  1987
  MONTH TO DATE    0.0
  SINCE DEC 1      0.0
  SINCE JUL 1      0.0
  SNOW DEPTH       0

DEGREE DAYS
 HEATING
  YESTERDAY       17                               -5
  MONTH TO DATE  318                              -13
  SINCE DEC 1    318                              -13
  SINCE JUL 1    680                             -196

 COOLING
  YESTERDAY        0                                0
  MONTH TO DATE    0                                0
  SINCE DEC 1      0                                0
  SINCE JAN 1   2216                              334
...............................................................


WIND (MPH)
  HIGHEST WIND SPEED    33   HIGHEST WIND DIRECTION     W (280)
  HIGHEST GUST SPEED    41   HIGHEST GUST DIRECTION     W (280)
  AVERAGE WIND SPEED    12.6




RELATIVE HUMIDITY (PERCENT)
 HIGHEST    54
 LOWEST     13
 AVERAGE    34

..........................................................


THE LANCASTER FOX FIELD CA CLIMATE NORMALS FOR TODAY
                         NORMAL    RECORD    YEAR
 MAXIMUM TEMPERATURE (F)   57        74      1980
 MINIMUM TEMPERATURE (F)   29        17      1975


SUNRISE AND SUNSET
DECEMBER 17 2017......SUNRISE   654 AM PST   SUNSET   444 PM PST
DECEMBER 18 2017......SUNRISE   655 AM PST   SUNSET   445 PM PST


-  INDICATES NEGATIVE NUMBERS.
R  INDICATES RECORD WAS SET OR TIED.
MM INDICATES DATA IS MISSING.
T  INDICATES TRACE AMOUNT.




$$
