000
CDUS45 KLKN 250935
CLIWMC


CLIMATE REPORT
NATIONAL WEATHER SERVICE ELKO NV
134 AM PST THU DEC 25 2014


...................................

...THE WINNEMUCCA AIRPORT NV CLIMATE SUMMARY FOR DECEMBER 24 2014...

CLIMATE NORMAL PERIOD 1981 TO 2010
CLIMATE RECORD PERIOD 1877 TO 2014


WEATHER ITEM   OBSERVED TIME   RECORD YEAR NORMAL DEPARTURE LAST
                VALUE   (LST)  VALUE       VALUE  FROM      YEAR
                                                  NORMAL
..................................................................
TEMPERATURE (F)
 YESTERDAY
  MAXIMUM         55    132 PM  57    1964  40     15       45
                                      1902
  MINIMUM         29    245 AM -27    1990  17     12       17
                                      1924
  AVERAGE         42                        28     14       31

PRECIPITATION (IN)
  YESTERDAY        0.15          0.46 1880   0.04   0.11     0.00
  MONTH TO DATE    1.16                      0.71   0.45     0.61
  SINCE OCT 1      2.57                      2.26   0.31     2.66
  SINCE JAN 1      8.55                      8.06   0.49     5.72

SNOWFALL (IN)
  YESTERDAY        T             5.8  2008   0.2   -0.2      0.0
  MONTH TO DATE    T                         4.0   -4.0      9.9
  SINCE DEC 1      T                         4.0   -4.0      9.9
  SINCE JUL 1      2.3                       7.5   -5.2     16.5
  SNOW DEPTH       0

DEGREE DAYS
 HEATING
  YESTERDAY       23                        36    -13       34
  MONTH TO DATE  611                       847   -236     1168
  SINCE DEC 1    611                       847   -236     1168
  SINCE JUL 1   1905                      2415   -510     2713

 COOLING
  YESTERDAY        0                         0      0        0
  MONTH TO DATE    0                         0      0        0
  SINCE DEC 1      0                         0      0        0
  SINCE JAN 1    674                       541    133      762
..................................................................


WIND (MPH)
  HIGHEST WIND SPEED    44   HIGHEST WIND DIRECTION     W (280)
  HIGHEST GUST SPEED    59   HIGHEST GUST DIRECTION     W (260)
  AVERAGE WIND SPEED    13.8



WEATHER CONDITIONS
 THE FOLLOWING WEATHER WAS RECORDED YESTERDAY.
  RAIN
  LIGHT RAIN
  LIGHT SNOW
  FOG


RELATIVE HUMIDITY (PERCENT)
 HIGHEST    92           100 AM
 LOWEST     44           300 PM
 AVERAGE    68

..........................................................


THE WINNEMUCCA AIRPORT NV CLIMATE NORMALS FOR TODAY
                         NORMAL    RECORD    YEAR
 MAXIMUM TEMPERATURE (F)   40        62      1902
 MINIMUM TEMPERATURE (F)   17       -24      1924


SUNRISE AND SUNSET
DECEMBER 25 2014......SUNRISE   714 AM PST   SUNSET   429 PM PST
DECEMBER 26 2014......SUNRISE   714 AM PST   SUNSET   429 PM PST


-  INDICATES NEGATIVE NUMBERS.
R  INDICATES RECORD WAS SET OR TIED.
MM INDICATES DATA IS MISSING.
T  INDICATES TRACE AMOUNT.




$$
