000
CDUS45 KLKN 250946
CLIWMC


CLIMATE REPORT
NATIONAL WEATHER SERVICE ELKO NV
141 AM PST SAT FEB 25 2017


...................................

...THE WINNEMUCCA AIRPORT NV CLIMATE SUMMARY FOR FEBRUARY 24 2017...

CLIMATE NORMAL PERIOD 1981 TO 2010
CLIMATE RECORD PERIOD 1877 TO 2017


WEATHER ITEM   OBSERVED TIME   RECORD YEAR NORMAL DEPARTURE LAST
                VALUE   (LST)  VALUE       VALUE  FROM      YEAR
                                                  NORMAL
..................................................................
TEMPERATURE (F)
 YESTERDAY
  MAXIMUM         36        MM  71    1986  50    -14       60
  MINIMUM         13        MM   3    1960  24    -11       25
  AVERAGE         25                        37    -12       43

PRECIPITATION (IN)
  YESTERDAY        0.00          0.39 1972   0.02  -0.02     0.00
  MONTH TO DATE    0.74                      0.56   0.18     0.21
  SINCE OCT 1      7.09                      3.91   3.18     6.39
  SINCE JAN 1      2.55                      1.43   1.12     2.11

SNOWFALL (IN)
  YESTERDAY        0.0           3.7  1972   0.1   -0.1      0.0
  MONTH TO DATE    0.7                       3.0   -2.3      1.2
  SINCE DEC 1     15.2                      12.1    3.1     19.1
  SINCE JUL 1     15.8                      15.6    0.2     19.4
  SNOW DEPTH       0

DEGREE DAYS
 HEATING
  YESTERDAY       40                        28     12       22
  MONTH TO DATE  589                       728   -139      645
  SINCE DEC 1   2964                      2913     51     2732
  SINCE JUL 1   4299                      4481   -182     4081

 COOLING
  YESTERDAY        0                         0      0        0
  MONTH TO DATE    0                         0      0        0
  SINCE DEC 1      0                         0      0        0
  SINCE JAN 1      0                         0      0        0
..................................................................


WIND (MPH)
  HIGHEST WIND SPEED    MM   HIGHEST WIND DIRECTION    MM
  HIGHEST GUST SPEED    MM   HIGHEST GUST DIRECTION    MM
  AVERAGE WIND SPEED    MM



WEATHER CONDITIONS
 THE FOLLOWING WEATHER WAS RECORDED YESTERDAY.
  NO SIGNIFICANT WEATHER WAS OBSERVED.


RELATIVE HUMIDITY (PERCENT)
 HIGHEST    MM
 LOWEST     MM
 AVERAGE    MM

..........................................................


THE WINNEMUCCA AIRPORT NV CLIMATE NORMALS FOR TODAY
                         NORMAL    RECORD    YEAR
 MAXIMUM TEMPERATURE (F)   51        69      1986
 MINIMUM TEMPERATURE (F)   24        -3      1987


SUNRISE AND SUNSET
FEBRUARY 25 2017......SUNRISE   631 AM PST   SUNSET   538 PM PST
FEBRUARY 26 2017......SUNRISE   629 AM PST   SUNSET   539 PM PST


-  INDICATES NEGATIVE NUMBERS.
R  INDICATES RECORD WAS SET OR TIED.
MM INDICATES DATA IS MISSING.
T  INDICATES TRACE AMOUNT.




$$
