860
CDUS45 KLKN 141231
CLIWMC


CLIMATE REPORT
NATIONAL WEATHER SERVICE ELKO NV
431 AM PST SUN FEB 14 2016


...................................

...THE WINNEMUCCA AIRPORT NV CLIMATE SUMMARY FOR FEBRUARY 13 2016...

CLIMATE NORMAL PERIOD 1981 TO 2010
CLIMATE RECORD PERIOD 1877 TO 2016


WEATHER ITEM   OBSERVED TIME   RECORD YEAR NORMAL DEPARTURE LAST
                VALUE   (LST)  VALUE       VALUE  FROM      YEAR
                                                  NORMAL
..................................................................
TEMPERATURE (F)
 YESTERDAY
  MAXIMUM         59    353 PM  68    1971  47     12       66
  MINIMUM         25    437 AM -21    1903  23      2       28
  AVERAGE         42                        35      7       47

PRECIPITATION (IN)
  YESTERDAY        0.00          0.99 1945   0.02  -0.02     0.00
  MONTH TO DATE    0.09                      0.30  -0.21     0.49
  SINCE OCT 1      6.27                      3.65   2.62     3.46
  SINCE JAN 1      1.99                      1.17   0.82     0.89

SNOWFALL (IN)
  YESTERDAY        0.0           1.9  1887   0.2   -0.2      0.0
  MONTH TO DATE    1.2                       1.8   -0.6      0.0
  SINCE DEC 1     19.1                      10.9    8.2       T
  SINCE JUL 1     19.4                      14.4    5.0      2.3
  SNOW DEPTH       0

DEGREE DAYS
 HEATING
  YESTERDAY       23                        30     -7       18
  MONTH TO DATE  393                       410    -17      258
  SINCE DEC 1   2480                      2595   -115     2069
  SINCE JUL 1   3829                      4163   -334     3363

 COOLING
  YESTERDAY        0                         0      0        0
  MONTH TO DATE    0                         0      0        0
  SINCE DEC 1      0                         0      0        0
  SINCE JAN 1      0                         0      0        0
..................................................................


WIND (MPH)
  HIGHEST WIND SPEED    10   HIGHEST WIND DIRECTION     S (160)
  HIGHEST GUST SPEED    14   HIGHEST GUST DIRECTION    SW (240)
  AVERAGE WIND SPEED     4.6



WEATHER CONDITIONS
 THE FOLLOWING WEATHER WAS RECORDED YESTERDAY.
  NO SIGNIFICANT WEATHER WAS OBSERVED.


RELATIVE HUMIDITY (PERCENT)
 HIGHEST   100           400 AM
 LOWEST     30           200 PM
 AVERAGE    65

..........................................................


THE WINNEMUCCA AIRPORT NV CLIMATE NORMALS FOR TODAY
                         NORMAL    RECORD    YEAR
 MAXIMUM TEMPERATURE (F)   47        67      1971
 MINIMUM TEMPERATURE (F)   23       -18      1903


SUNRISE AND SUNSET
FEBRUARY 14 2016......SUNRISE   647 AM PST   SUNSET   524 PM PST
FEBRUARY 15 2016......SUNRISE   646 AM PST   SUNSET   525 PM PST


-  INDICATES NEGATIVE NUMBERS.
R  INDICATES RECORD WAS SET OR TIED.
MM INDICATES DATA IS MISSING.
T  INDICATES TRACE AMOUNT.




$$
