000
CDUS45 KLKN 310929
CLIWMC


CLIMATE REPORT
NATIONAL WEATHER SERVICE ELKO NV
227 AM PDT FRI JUL 31 2015


...................................

...THE WINNEMUCCA AIRPORT NV CLIMATE SUMMARY FOR JULY 30 2015...

CLIMATE NORMAL PERIOD 1981 TO 2010
CLIMATE RECORD PERIOD 1877 TO 2015


WEATHER ITEM   OBSERVED TIME   RECORD YEAR NORMAL DEPARTURE LAST
                VALUE   (LST)  VALUE       VALUE  FROM      YEAR
                                                  NORMAL
..................................................................
TEMPERATURE (F)
 YESTERDAY
  MAXIMUM         98    231 PM 104    2003  95      3       93
                                      2000
                                      1971
  MINIMUM         43    510 AM  40    1975  52     -9       52
                                      1956
  AVERAGE         71                        73     -2       73

PRECIPITATION (IN)
  YESTERDAY        0.00          0.28 1952   0.01  -0.01     0.00
  MONTH TO DATE    0.66                      0.24   0.42     0.10
  SINCE OCT 1      8.90                      7.65   1.25     6.75
  SINCE JAN 1      6.33                      5.17   1.16     4.09

SNOWFALL (IN)
  YESTERDAY        0.0           0.0  1877   0.0    0.0      0.0
  MONTH TO DATE    0.0                       0.0    0.0      0.0
  SINCE JUN 1      0.0                       T      0.0      0.0
  SINCE JUL 1      0.0                       0.0    0.0      0.0
  SNOW DEPTH       0

DEGREE DAYS
 HEATING
  YESTERDAY        0                         0      0        0
  MONTH TO DATE    5                         6     -1        0
  SINCE JUN 1     27                       111    -84       74
  SINCE JUL 1      5                         6     -1        0

 COOLING
  YESTERDAY        6                         9     -3        8
  MONTH TO DATE  191                       238    -47      377
  SINCE JUN 1    396                       317     79      451
  SINCE JAN 1    400                       328     72      460
..................................................................


WIND (MPH)
  HIGHEST WIND SPEED    17   HIGHEST WIND DIRECTION    NE (50)
  HIGHEST GUST SPEED    23   HIGHEST GUST DIRECTION    NE (40)
  AVERAGE WIND SPEED     6.1



WEATHER CONDITIONS
 THE FOLLOWING WEATHER WAS RECORDED YESTERDAY.
  NO SIGNIFICANT WEATHER WAS OBSERVED.


RELATIVE HUMIDITY (PERCENT)
 HIGHEST    49           500 AM
 LOWEST      6           200 PM
 AVERAGE    28

..........................................................


THE WINNEMUCCA AIRPORT NV CLIMATE NORMALS FOR TODAY
                         NORMAL    RECORD    YEAR
 MAXIMUM TEMPERATURE (F)   95       106      2000
 MINIMUM TEMPERATURE (F)   52        38      2001


SUNRISE AND SUNSET
JULY 31 2015..........SUNRISE   546 AM PDT   SUNSET   808 PM PDT
AUGUST  1 2015........SUNRISE   547 AM PDT   SUNSET   807 PM PDT


-  INDICATES NEGATIVE NUMBERS.
R  INDICATES RECORD WAS SET OR TIED.
MM INDICATES DATA IS MISSING.
T  INDICATES TRACE AMOUNT.




$$
