000
CDUS45 KLKN 170935
CLIWMC


CLIMATE REPORT
NATIONAL WEATHER SERVICE ELKO NV
131 AM PST WED JAN 17 2018


...................................

...THE WINNEMUCCA AIRPORT NV CLIMATE SUMMARY FOR JANUARY 16 2018...

CLIMATE NORMAL PERIOD 1981 TO 2010
CLIMATE RECORD PERIOD 1877 TO 2018


WEATHER ITEM   OBSERVED TIME   RECORD YEAR NORMAL DEPARTURE LAST
                VALUE   (LST)  VALUE       VALUE  FROM      YEAR
                                                  NORMAL
..................................................................
TEMPERATURE (F)
 YESTERDAY
  MAXIMUM         55    254 PM  64    1974  41     14       29
  MINIMUM         27    220 AM -27    1888  19      8       17
  AVERAGE         41                        30     11       23

PRECIPITATION (IN)
  YESTERDAY        0.02          0.41 1893   0.03  -0.01     0.00
  MONTH TO DATE    0.37                      0.49  -0.12     1.19
  SINCE OCT 1      1.71                      2.97  -1.26     5.73
  SINCE JAN 1      0.37                      0.49  -0.12     1.19

SNOWFALL (IN)
  YESTERDAY        0.0           4.6  1950   0.1   -0.1      0.0
  MONTH TO DATE    0.0                       2.0   -2.0      4.4
  SINCE DEC 1      3.1                       7.3   -4.2     10.6
  SINCE JUL 1      3.1                      10.8   -7.7     11.2
  SNOW DEPTH       0

DEGREE DAYS
 HEATING
  YESTERDAY       24                        35    -11       42
  MONTH TO DATE  401                       571   -170      615
  SINCE DEC 1   1483                      1676   -193     1815
  SINCE JUL 1   2919                      3244   -325     3150

 COOLING
  YESTERDAY        0                         0      0        0
  MONTH TO DATE    0                         0      0        0
  SINCE DEC 1      0                         0      0        0
  SINCE JAN 1      0                         0      0        0
..................................................................


WIND (MPH)
  HIGHEST WIND SPEED    15   HIGHEST WIND DIRECTION     W (270)
  HIGHEST GUST SPEED    18   HIGHEST GUST DIRECTION     W (270)
  AVERAGE WIND SPEED     4.6



WEATHER CONDITIONS
 THE FOLLOWING WEATHER WAS RECORDED YESTERDAY.
  LIGHT RAIN


RELATIVE HUMIDITY (PERCENT)
 HIGHEST    89           500 AM
 LOWEST     46           300 PM
 AVERAGE    68

..........................................................


THE WINNEMUCCA AIRPORT NV CLIMATE NORMALS FOR TODAY
                         NORMAL    RECORD    YEAR
 MAXIMUM TEMPERATURE (F)   42        64      1971
 MINIMUM TEMPERATURE (F)   19       -22      1917
                                             1888


SUNRISE AND SUNSET
JANUARY 17 2018.......SUNRISE   713 AM PST   SUNSET   450 PM PST
JANUARY 18 2018.......SUNRISE   712 AM PST   SUNSET   452 PM PST


-  INDICATES NEGATIVE NUMBERS.
R  INDICATES RECORD WAS SET OR TIED.
MM INDICATES DATA IS MISSING.
T  INDICATES TRACE AMOUNT.




$$
