000
CDUS45 KLKN 300927
CLIWMC


CLIMATE REPORT
NATIONAL WEATHER SERVICE ELKO NV
226 AM PDT MON MAY 30 2016


...................................

...THE WINNEMUCCA AIRPORT NV CLIMATE SUMMARY FOR MAY 29 2016...

CLIMATE NORMAL PERIOD 1981 TO 2010
CLIMATE RECORD PERIOD 1877 TO 2016


WEATHER ITEM   OBSERVED TIME   RECORD YEAR NORMAL DEPARTURE LAST
                VALUE   (LST)  VALUE       VALUE  FROM      YEAR
                                                  NORMAL
..................................................................
TEMPERATURE (F)
 YESTERDAY
  MAXIMUM         83    356 PM  98    2003  76      7       84
  MINIMUM         37    505 AM  26    2006  41     -4       47
                                      1989
                                      1927
  AVERAGE         60                        59      1       66

PRECIPITATION (IN)
  YESTERDAY        0.00          0.47 1896   0.03  -0.03     0.00
  MONTH TO DATE    0.65                      1.06  -0.41     2.38
  SINCE OCT 1      8.85                      6.79   2.06     8.12
  SINCE JAN 1      4.57                      4.31   0.26     5.55

SNOWFALL (IN)
  YESTERDAY        0.0           T    2011   0.0    0.0      0.0
  MONTH TO DATE    0.0                       0.1   -0.1      0.0
  SINCE MAR 1      1.7                       4.9   -3.2      2.4
  SINCE JUL 1     21.1                      20.9    0.2      5.3
  SNOW DEPTH       0

DEGREE DAYS
 HEATING
  YESTERDAY        5                         7     -2        0
  MONTH TO DATE  323                       306     17      298
  SINCE MAR 1   1445                      1597   -152     1473
  SINCE JUL 1   5622                      6186   -564     5255

 COOLING
  YESTERDAY        0                         1     -1        1
  MONTH TO DATE    0                         7     -7        1
  SINCE MAR 1      0                         7     -7        1
  SINCE JAN 1      0                         7     -7        1
..................................................................


WIND (MPH)
  HIGHEST WIND SPEED    20   HIGHEST WIND DIRECTION     W (280)
  HIGHEST GUST SPEED    25   HIGHEST GUST DIRECTION     W (290)
  AVERAGE WIND SPEED     6.2



WEATHER CONDITIONS
 THE FOLLOWING WEATHER WAS RECORDED YESTERDAY.
  NO SIGNIFICANT WEATHER WAS OBSERVED.


RELATIVE HUMIDITY (PERCENT)
 HIGHEST    70           400 AM
 LOWEST     11           500 PM
 AVERAGE    41

..........................................................


THE WINNEMUCCA AIRPORT NV CLIMATE NORMALS FOR TODAY
                         NORMAL    RECORD    YEAR
 MAXIMUM TEMPERATURE (F)   77        96      2002
                                             1986
                                             1910
 MINIMUM TEMPERATURE (F)   41        25      1985


SUNRISE AND SUNSET
MAY 30 2016...........SUNRISE   522 AM PDT   SUNSET   816 PM PDT
MAY 31 2016...........SUNRISE   522 AM PDT   SUNSET   816 PM PDT


-  INDICATES NEGATIVE NUMBERS.
R  INDICATES RECORD WAS SET OR TIED.
MM INDICATES DATA IS MISSING.
T  INDICATES TRACE AMOUNT.




$$
