000
CDUS45 KLKN 290928
CLIWMC


CLIMATE REPORT
NATIONAL WEATHER SERVICE ELKO NV
227 AM PDT SAT AUG 29 2015


...................................

...THE WINNEMUCCA AIRPORT NV CLIMATE SUMMARY FOR AUGUST 28 2015...

CLIMATE NORMAL PERIOD 1981 TO 2010
CLIMATE RECORD PERIOD 1877 TO 2015


WEATHER ITEM   OBSERVED TIME   RECORD YEAR NORMAL DEPARTURE LAST
                VALUE   (LST)  VALUE       VALUE  FROM      YEAR
                                                  NORMAL
..................................................................
TEMPERATURE (F)
 YESTERDAY
  MAXIMUM         93    136 PM 100    1915  88      5       93
  MINIMUM         53    532 AM  34    1962  46      7       46
                                      1881
  AVERAGE         73                        67      6       70

PRECIPITATION (IN)
  YESTERDAY        0.00          0.32 1922   0.01  -0.01     0.00
  MONTH TO DATE    0.23                      0.16   0.07     0.49
  SINCE OCT 1      9.13                      7.82   1.31     7.24
  SINCE JAN 1      6.56                      5.34   1.22     4.58

SNOWFALL (IN)
  YESTERDAY        0.0           0.0  1877   0.0    0.0      0.0
  MONTH TO DATE    0.0                       0.0    0.0      0.0
  SINCE JUN 1      0.0                       T      0.0      0.0
  SINCE JUL 1      0.0                       0.0    0.0      0.0
  SNOW DEPTH       0

DEGREE DAYS
 HEATING
  YESTERDAY        0                         1     -1        0
  MONTH TO DATE    1                        12    -11       16
  SINCE JUN 1     28                       127    -99       90
  SINCE JUL 1      6                        22    -16       16

 COOLING
  YESTERDAY        8                         3      5        5
  MONTH TO DATE  170                       167      3      138
  SINCE JUN 1    575                       489     86      606
  SINCE JAN 1    579                       500     79      615
..................................................................


WIND (MPH)
  HIGHEST WIND SPEED    18   HIGHEST WIND DIRECTION    SW (240)
  HIGHEST GUST SPEED    25   HIGHEST GUST DIRECTION     W (270)
  AVERAGE WIND SPEED     5.0



WEATHER CONDITIONS
 THE FOLLOWING WEATHER WAS RECORDED YESTERDAY.
  NO SIGNIFICANT WEATHER WAS OBSERVED.


RELATIVE HUMIDITY (PERCENT)
 HIGHEST    47           600 AM
 LOWEST     14           200 PM
 AVERAGE    31

..........................................................


THE WINNEMUCCA AIRPORT NV CLIMATE NORMALS FOR TODAY
                         NORMAL    RECORD    YEAR
 MAXIMUM TEMPERATURE (F)   88       101      1998
                                             1915
 MINIMUM TEMPERATURE (F)   46        33      1964
                                             1879


SUNRISE AND SUNSET
AUGUST 29 2015........SUNRISE   615 AM PDT   SUNSET   729 PM PDT
AUGUST 30 2015........SUNRISE   616 AM PDT   SUNSET   727 PM PDT


-  INDICATES NEGATIVE NUMBERS.
R  INDICATES RECORD WAS SET OR TIED.
MM INDICATES DATA IS MISSING.
T  INDICATES TRACE AMOUNT.




$$
