000
CDUS45 KLKN 170030
CLIWMC


CLIMATE REPORT
NATIONAL WEATHER SERVICE ELKO NV
527 PM PDT WED AUG 16 2017


...................................

...THE WINNEMUCCA AIRPORT NV CLIMATE SUMMARY FOR AUGUST 16 2017...
VALID TODAY AS OF 0500 PM LOCAL TIME.

CLIMATE NORMAL PERIOD 1981 TO 2010
CLIMATE RECORD PERIOD 1877 TO 2017


WEATHER ITEM   OBSERVED TIME   RECORD YEAR NORMAL DEPARTURE LAST
                VALUE   (LST)  VALUE       VALUE  FROM      YEAR
                                                  NORMAL
..................................................................
TEMPERATURE (F)
 TODAY
  MAXIMUM         92    348 PM 102    1933  92      0      100
  MINIMUM         63    604 AM  35    2009  49     14       52
                                      1976
                                      1972
  AVERAGE         78                        70      8       76

PRECIPITATION (IN)
  TODAY            0.00          0.15 1958   0.00   0.00      T
  MONTH TO DATE    0.31                      0.09   0.22      T
  SINCE OCT 1     11.37                      7.75   3.62     8.86
  SINCE JAN 1      6.83                      5.27   1.56     4.58

SNOWFALL (IN)
  TODAY            0.0           0.0  1877   0.0    0.0      0.0
  MONTH TO DATE    0.0                       0.0    0.0      0.0
  SINCE JUN 1      0.0                       T      0.0      0.0
  SINCE JUL 1      0.0                       0.0    0.0      0.0
  SNOW DEPTH       0

DEGREE DAYS
 HEATING
  TODAY            0                         0      0        0
  MONTH TO DATE    0                         0      0        0
  SINCE JUN 1     73                       115    -42       71
  SINCE JUL 1      0                        10    -10       17

 COOLING
  TODAY           13                         6      7       11
  MONTH TO DATE  167                       115     52      121
  SINCE JUN 1    669                       437    232      485
  SINCE JAN 1    676                       448    228      485
..................................................................


WIND (MPH)
  HIGHEST WIND SPEED    17   HIGHEST WIND DIRECTION     W (290)
  HIGHEST GUST SPEED    22   HIGHEST GUST DIRECTION     W (290)



WEATHER CONDITIONS
 THE FOLLOWING WEATHER WAS RECORDED TODAY.
  NO SIGNIFICANT WEATHER WAS OBSERVED.


RELATIVE HUMIDITY (PERCENT)
 HIGHEST    48           300 AM
 LOWEST     14           400 PM
 AVERAGE    31

..........................................................


THE WINNEMUCCA AIRPORT NV CLIMATE NORMALS FOR TOMORROW
                         NORMAL    RECORD    YEAR
 MAXIMUM TEMPERATURE (F)   91       100      2010
                                             2001
                                             1967
 MINIMUM TEMPERATURE (F)   49        38      1993
                                             1987
                                             1974


SUNRISE AND SUNSET
AUGUST 16 2017........SUNRISE   602 AM PDT   SUNSET   748 PM PDT
AUGUST 17 2017........SUNRISE   603 AM PDT   SUNSET   746 PM PDT


-  INDICATES NEGATIVE NUMBERS.
R  INDICATES RECORD WAS SET OR TIED.
MM INDICATES DATA IS MISSING.
T  INDICATES TRACE AMOUNT.




$$
