000
CDUS41 KALY 112045
CLIWRK


CLIMATE REPORT
NATIONAL WEATHER SERVICE ALBANY NY
444 PM EDT FRI JUL 11 2014


...................................

...THE POUGHKEEPSIE NY CLIMATE SUMMARY FOR JULY 11 2014...
VALID TODAY AS OF 0400 PM LOCAL TIME.

CLIMATE NORMAL PERIOD 1981 TO 2010
CLIMATE RECORD PERIOD 1949 TO 2014


WEATHER ITEM   OBSERVED TIME   RECORD YEAR NORMAL DEPARTURE LAST
                VALUE   (LST)  VALUE       VALUE  FROM      YEAR
                                                  NORMAL
..................................................................
TEMPERATURE (F)
 TODAY
  MAXIMUM         83    335 PM  95    1966  85     -2       84
  MINIMUM         61    436 AM  46    1954  61      0       67
  AVERAGE         72                        73     -1       76

PRECIPITATION (IN)
  TODAY            0.00          0.64 2007   0.14  -0.14     0.01
  MONTH TO DATE    2.03                      1.48   0.55     1.30
  SINCE JUN 1      4.32                      5.91  -1.59    11.12
  SINCE JAN 1     18.35                     23.41  -5.06    21.77

DEGREE DAYS
 HEATING
  TODAY            0                         0      0        0
  MONTH TO DATE    0                         0      0        0
  SINCE JUN 1      7                        49    -42       31
  SINCE JUL 1      0                         0      0        0

 COOLING
  TODAY            7                         8     -1       11
  MONTH TO DATE  115                        80     35      161
  SINCE JUN 1    253                       207     46      315
  SINCE JAN 1    286                       243     43      368
..................................................................


WIND (MPH)
  HIGHEST WIND SPEED     8   HIGHEST WIND DIRECTION    NE (30)
  HIGHEST GUST SPEED    MM   HIGHEST GUST DIRECTION    MM
  AVERAGE WIND SPEED     3.1


SKY COVER
  AVERAGE SKY COVER 0.1



RELATIVE HUMIDITY (PERCENT)
 HIGHEST    84           400 AM
 LOWEST     34           300 PM
 AVERAGE    59

..........................................................


THE POUGHKEEPSIE NY CLIMATE NORMALS FOR TOMORROW
                         NORMAL    RECORD    YEAR
 MAXIMUM TEMPERATURE (F)   85        98      1966
 MINIMUM TEMPERATURE (F)   61        47      2002


SUNRISE AND SUNSET
JULY 11 2014..........SUNRISE   531 AM EDT   SUNSET   830 PM EDT
JULY 12 2014..........SUNRISE   532 AM EDT   SUNSET   830 PM EDT


-  INDICATES NEGATIVE NUMBERS.
R  INDICATES RECORD WAS SET OR TIED.
MM INDICATES DATA IS MISSING.
T  INDICATES TRACE AMOUNT.




$$
