000
CDUS45 KRIW 290029
CLIWRL


CLIMATE REPORT
NATIONAL WEATHER SERVICE RIVERTON WY
628 PM MDT SUN AUG 28 2016


...................................

...THE WORLAND WY CLIMATE SUMMARY FOR AUGUST 28 2016...
VALID TODAY AS OF 0500 PM LOCAL TIME.

CLIMATE NORMAL PERIOD 1981 TO 2010
CLIMATE RECORD PERIOD 1947 TO 2016


WEATHER ITEM   OBSERVED TIME   RECORD YEAR NORMAL DEPARTURE LAST
                VALUE   (LST)  VALUE       VALUE  FROM      YEAR
                                                  NORMAL
..................................................................
TEMPERATURE (F)
 TODAY
  MAXIMUM         90        MM  99    1997  84      6       88
  MINIMUM         45    400 AM  36    1962  50     -5       50
  AVERAGE         68                        67      1       69

PRECIPITATION (IN)
  TODAY            0.00          0.11 1974   0.01  -0.01     0.00
  MONTH TO DATE    0.27                      0.38  -0.11     0.45
  SINCE JUN 1      0.71                      2.24  -1.53     1.92
  SINCE JAN 1      4.47                      5.40  -0.93     6.10

DEGREE DAYS
 HEATING
  TODAY            0                         2     -2        0
  MONTH TO DATE   27                        14     13       30
  SINCE JUN 1     37                       120    -83       41
  SINCE JUL 1     31                        27      4       37

 COOLING
  TODAY            3                         4     -1        4
  MONTH TO DATE  167                       172     -5      172
  SINCE JUN 1    631                       485    146      549
  SINCE JAN 1    633                       497    136      551
..................................................................


WIND (MPH)
  HIGHEST WIND SPEED     7   HIGHEST WIND DIRECTION     N (10)
  HIGHEST GUST SPEED    MM   HIGHEST GUST DIRECTION    MM
  AVERAGE WIND SPEED     4.8


SKY COVER
  POSSIBLE SUNSHINE  MM
  AVERAGE SKY COVER 0.0


WEATHER CONDITIONS
 THE FOLLOWING WEATHER WAS RECORDED TODAY.
  NO SIGNIFICANT WEATHER WAS OBSERVED.


RELATIVE HUMIDITY (PERCENT)
 HIGHEST    65           600 AM
 LOWEST     10           200 PM
 AVERAGE    38

..........................................................


THE WORLAND WY CLIMATE NORMALS FOR TOMORROW
                         NORMAL    RECORD    YEAR
 MAXIMUM TEMPERATURE (F)   84       103      2012
 MINIMUM TEMPERATURE (F)   50        39      1968


SUNRISE AND SUNSET
AUGUST 28 2016........SUNRISE   631 AM MDT   SUNSET   754 PM MDT
AUGUST 29 2016........SUNRISE   632 AM MDT   SUNSET   752 PM MDT


-  INDICATES NEGATIVE NUMBERS.
R  INDICATES RECORD WAS SET OR TIED.
MM INDICATES DATA IS MISSING.
T  INDICATES TRACE AMOUNT.




$$
