000
CDUS45 KRIW 130735
CLIWRL


CLIMATE REPORT
NATIONAL WEATHER SERVICE RIVERTON WY
134 AM MDT SUN JUL 13 2014


...................................

...THE WORLAND WY CLIMATE SUMMARY FOR JULY 12 2014...

CLIMATE NORMAL PERIOD 1981 TO 2010
CLIMATE RECORD PERIOD 1947 TO 2014


WEATHER ITEM   OBSERVED TIME   RECORD YEAR NORMAL DEPARTURE LAST
                VALUE   (LST)  VALUE       VALUE  FROM      YEAR
                                                  NORMAL
..................................................................
TEMPERATURE (F)
 YESTERDAY
  MAXIMUM         87        MM 101    2002  89     -2       89
  MINIMUM         63        MM  40    2008  55      8       63
  AVERAGE         75                        72      3       76

PRECIPITATION (IN)
  YESTERDAY        0.00          0.44 1992   0.03  -0.03     0.05
  MONTH TO DATE    0.02                      0.27  -0.25     0.17
  SINCE JUN 1      1.64                      1.42   0.22     0.26
  SINCE JAN 1      3.85                      4.58  -0.73     2.95

DEGREE DAYS
 HEATING
  YESTERDAY        0                         0      0        0
  MONTH TO DATE    1                        10     -9        0
  SINCE JUN 1     91                       103    -12       45
  SINCE JUL 1      1                        10     -9        0

 COOLING
  YESTERDAY       10                         7      3       11
  MONTH TO DATE  110                        77     33      137
  SINCE JUN 1    139                       161    -22      270
  SINCE JAN 1    169                       173     -4      287
..................................................................


WIND (MPH)
  HIGHEST WIND SPEED    14   HIGHEST WIND DIRECTION    SW (230)
  HIGHEST GUST SPEED    MM   HIGHEST GUST DIRECTION    MM
  AVERAGE WIND SPEED     6.1


SKY COVER
  POSSIBLE SUNSHINE  MM
  AVERAGE SKY COVER 0.0


WEATHER CONDITIONS
 THE FOLLOWING WEATHER WAS RECORDED YESTERDAY.
  NO SIGNIFICANT WEATHER WAS OBSERVED.


RELATIVE HUMIDITY (PERCENT)
 HIGHEST    73           600 AM
 LOWEST     27           200 PM
 AVERAGE    50

..........................................................


THE WORLAND WY CLIMATE NORMALS FOR TODAY
                         NORMAL    RECORD    YEAR
 MAXIMUM TEMPERATURE (F)   89       106      2005
 MINIMUM TEMPERATURE (F)   55        43      1992


SUNRISE AND SUNSET
JULY 13 2014..........SUNRISE   541 AM MDT   SUNSET   853 PM MDT
JULY 14 2014..........SUNRISE   542 AM MDT   SUNSET   853 PM MDT


-  INDICATES NEGATIVE NUMBERS.
R  INDICATES RECORD WAS SET OR TIED.
MM INDICATES DATA IS MISSING.
T  INDICATES TRACE AMOUNT.




$$
