000
CDUS45 KRIW 030046
CLIWRL


CLIMATE REPORT
NATIONAL WEATHER SERVICE RIVERTON WY
645 PM MDT TUE JUN 2 2015


...................................

...THE WORLAND WY CLIMATE SUMMARY FOR JUNE 2 2015...
VALID TODAY AS OF 0500 PM LOCAL TIME.

CLIMATE NORMAL PERIOD 1981 TO 2010
CLIMATE RECORD PERIOD 1947 TO 2015


WEATHER ITEM   OBSERVED TIME   RECORD YEAR NORMAL DEPARTURE LAST
                VALUE   (LST)  VALUE       VALUE  FROM      YEAR
                                                  NORMAL
..................................................................
TEMPERATURE (F)
 TODAY
  MAXIMUM         81        MM  94    1986  75      6       81
  MINIMUM         47        MM  35    1984  46      1       40
  AVERAGE         64                        61      3       61

PRECIPITATION (IN)
  TODAY            T             0.27 2002   0.05  -0.05     0.00
  MONTH TO DATE    T                         0.10  -0.10     0.04
  SINCE JUN 1      T                         0.10  -0.10     0.04
  SINCE JAN 1      4.18                      3.26   0.92     2.25

DEGREE DAYS
 HEATING
  TODAY            1                         6     -5        4
  MONTH TO DATE    1                        12    -11       12
  SINCE JUN 1      1                        12    -11       12
  SINCE JUL 1   7516                      7788   -272     8199

 COOLING
  TODAY            0                         1     -1        0
  MONTH TO DATE    6                         2      4        0
  SINCE JUN 1      6                         2      4        0
  SINCE JAN 1      8                        14     -6       30
..................................................................


WIND (MPH)
  HIGHEST WIND SPEED    14   HIGHEST WIND DIRECTION    NW (310)
  HIGHEST GUST SPEED    51   HIGHEST GUST DIRECTION     W (270)
  AVERAGE WIND SPEED     5.3


SKY COVER
  POSSIBLE SUNSHINE  MM
  AVERAGE SKY COVER 0.0


WEATHER CONDITIONS
 THE FOLLOWING WEATHER WAS RECORDED TODAY.
  THUNDERSTORM
  RAIN
  LIGHT RAIN


RELATIVE HUMIDITY (PERCENT)
 HIGHEST    93           200 AM
 LOWEST     28           200 PM
 AVERAGE    61

..........................................................


THE WORLAND WY CLIMATE NORMALS FOR TOMORROW
                         NORMAL    RECORD    YEAR
 MAXIMUM TEMPERATURE (F)   76        94      1988
 MINIMUM TEMPERATURE (F)   46        36      2011


SUNRISE AND SUNSET
JUNE  2 2015..........SUNRISE   532 AM MDT   SUNSET   848 PM MDT
JUNE  3 2015..........SUNRISE   531 AM MDT   SUNSET   849 PM MDT


-  INDICATES NEGATIVE NUMBERS.
R  INDICATES RECORD WAS SET OR TIED.
MM INDICATES DATA IS MISSING.
T  INDICATES TRACE AMOUNT.




$$
