000
CDUS45 KRIW 180732
CLIWRL


CLIMATE REPORT
NATIONAL WEATHER SERVICE RIVERTON WY
1231 AM MST SUN FEB 18 2018


...................................

...THE WORLAND WY CLIMATE SUMMARY FOR FEBRUARY 17 2018...

CLIMATE NORMAL PERIOD 1981 TO 2010
CLIMATE RECORD PERIOD 1947 TO 2018


WEATHER ITEM   OBSERVED TIME   RECORD YEAR NORMAL DEPARTURE LAST
                VALUE   (LST)  VALUE       VALUE  FROM      YEAR
                                                  NORMAL
..................................................................
TEMPERATURE (F)
 YESTERDAY
  MAXIMUM         43    331 PM  63    1970  38      5       50
  MINIMUM          1    216 AM -28    1993  11    -10       25
  AVERAGE         22                        24     -2       38

PRECIPITATION (IN)
  YESTERDAY        0.00          0.05 1996   0.01  -0.01     0.00
  MONTH TO DATE    0.15                      0.11   0.04     0.11
  SINCE DEC 1      0.74                      0.57   0.17     0.50
  SINCE JAN 1      0.30                      0.34  -0.04     0.31

DEGREE DAYS
 HEATING
  YESTERDAY       43                        40      3       27
  MONTH TO DATE  876                       739    137      749
  SINCE DEC 1   3793                      3695     98     3983
  SINCE JUL 1   5712                      5587    125     5522

 COOLING
  YESTERDAY        0                         0      0        0
  MONTH TO DATE    0                         0      0        0
  SINCE DEC 1      0                         0      0        0
  SINCE JAN 1      0                         0      0        0
..................................................................


WIND (MPH)
  HIGHEST WIND SPEED    23   HIGHEST WIND DIRECTION     S (200)
  HIGHEST GUST SPEED    33   HIGHEST GUST DIRECTION    SW (220)
  AVERAGE WIND SPEED     6.9


SKY COVER
  POSSIBLE SUNSHINE  MM
  AVERAGE SKY COVER 0.2


WEATHER CONDITIONS
 THE FOLLOWING WEATHER WAS RECORDED YESTERDAY.
  NO SIGNIFICANT WEATHER WAS OBSERVED.


RELATIVE HUMIDITY (PERCENT)
 HIGHEST    91          1200 AM
 LOWEST     43           400 PM
 AVERAGE    67

..........................................................


THE WORLAND WY CLIMATE NORMALS FOR TODAY
                         NORMAL    RECORD    YEAR
 MAXIMUM TEMPERATURE (F)   39        62      2016
 MINIMUM TEMPERATURE (F)   11       -23      2006


SUNRISE AND SUNSET
FEBRUARY 18 2018......SUNRISE   706 AM MST   SUNSET   546 PM MST
FEBRUARY 19 2018......SUNRISE   705 AM MST   SUNSET   547 PM MST


-  INDICATES NEGATIVE NUMBERS.
R  INDICATES RECORD WAS SET OR TIED.
MM INDICATES DATA IS MISSING.
T  INDICATES TRACE AMOUNT.




$$
