000
CDUS45 KRIW 290740
CLIWRL


CLIMATE REPORT
NATIONAL WEATHER SERVICE RIVERTON WY
1239 AM MST THU JAN 29 2015


...................................

...THE WORLAND WY CLIMATE SUMMARY FOR JANUARY 28 2015...

CLIMATE NORMAL PERIOD 1981 TO 2010
CLIMATE RECORD PERIOD 1947 TO 2015


WEATHER ITEM   OBSERVED TIME   RECORD YEAR NORMAL DEPARTURE LAST
                VALUE   (LST)  VALUE       VALUE  FROM      YEAR
                                                  NORMAL
..................................................................
TEMPERATURE (F)
 YESTERDAY
  MAXIMUM         38    342 PM  54    1971  32      6       24
  MINIMUM         22   1229 AM -28    1980   5     17       -7
  AVERAGE         30                        18     12        9

PRECIPITATION (IN)
  YESTERDAY        0.12R         0.10 1963   0.01   0.11     0.00
  MONTH TO DATE    0.23                      0.21   0.02     0.19
  SINCE DEC 1      0.93                      0.44   0.49     0.31
  SINCE JAN 1      0.23                      0.21   0.02     0.19

DEGREE DAYS
 HEATING
  YESTERDAY       35                        47    -12       56
  MONTH TO DATE 1428                      1347     81     1335
  SINCE DEC 1   2882                      2818     64     2897
  SINCE JUL 1   4798                      4710     88     4753

 COOLING
  YESTERDAY        0                         0      0        0
  MONTH TO DATE    0                         0      0        0
  SINCE DEC 1      0                         0      0        0
  SINCE JAN 1      0                         0      0        0
..................................................................


WIND (MPH)
  HIGHEST WIND SPEED    14   HIGHEST WIND DIRECTION    SW (220)
  HIGHEST GUST SPEED    15   HIGHEST GUST DIRECTION     W (290)
  AVERAGE WIND SPEED     5.6


SKY COVER
  POSSIBLE SUNSHINE  MM
  AVERAGE SKY COVER 0.9


WEATHER CONDITIONS
 THE FOLLOWING WEATHER WAS RECORDED YESTERDAY.
  LIGHT RAIN
  FOG


RELATIVE HUMIDITY (PERCENT)
 HIGHEST   100          1200 PM
 LOWEST     75          1000 PM
 AVERAGE    88

..........................................................


THE WORLAND WY CLIMATE NORMALS FOR TODAY
                         NORMAL    RECORD    YEAR
 MAXIMUM TEMPERATURE (F)   32        52      1988
 MINIMUM TEMPERATURE (F)    5       -31      1980


SUNRISE AND SUNSET
JANUARY 29 2015.......SUNRISE   732 AM MST   SUNSET   518 PM MST
JANUARY 30 2015.......SUNRISE   731 AM MST   SUNSET   519 PM MST


-  INDICATES NEGATIVE NUMBERS.
R  INDICATES RECORD WAS SET OR TIED.
MM INDICATES DATA IS MISSING.
T  INDICATES TRACE AMOUNT.




$$
