000
CDUS45 KRIW 210034
CLIWRL


CLIMATE REPORT
NATIONAL WEATHER SERVICE RIVERTON WY
633 PM MDT THU JUL 20 2017


...................................

...THE WORLAND WY CLIMATE SUMMARY FOR JULY 20 2017...
VALID TODAY AS OF 0500 PM LOCAL TIME.

CLIMATE NORMAL PERIOD 1981 TO 2010
CLIMATE RECORD PERIOD 1947 TO 2017


WEATHER ITEM   OBSERVED TIME   RECORD YEAR NORMAL DEPARTURE LAST
                VALUE   (LST)  VALUE       VALUE  FROM      YEAR
                                                  NORMAL
..................................................................
TEMPERATURE (F)
 TODAY
  MAXIMUM        103        MM 105    1966  90     13      102
  MINIMUM         65    500 AM  46    1972  56      9       58
  AVERAGE         84                        73     11       80

PRECIPITATION (IN)
  TODAY            0.00          0.78 1990   0.02  -0.02     0.00
  MONTH TO DATE    0.04                      0.46  -0.42     0.06
  SINCE JUN 1      0.40                      1.61  -1.21     0.35
  SINCE JAN 1      5.20                      4.77   0.43     4.11

DEGREE DAYS
 HEATING
  TODAY            0                         0      0        0
  MONTH TO DATE    0                        10    -10        4
  SINCE JUN 1     46                       103    -57       10
  SINCE JUL 1      0                        10    -10        4

 COOLING
  TODAY           19                         8     11       15
  MONTH TO DATE  218                       140     78      141
  SINCE JUN 1    308                       224     84      336
  SINCE JAN 1    308                       236     72      338
..................................................................


WIND (MPH)
  HIGHEST WIND SPEED    17   HIGHEST WIND DIRECTION    SE (150)
  HIGHEST GUST SPEED    48   HIGHEST GUST DIRECTION    NW (330)
  AVERAGE WIND SPEED     9.0


SKY COVER
  POSSIBLE SUNSHINE  MM
  AVERAGE SKY COVER 0.0


WEATHER CONDITIONS
 THE FOLLOWING WEATHER WAS RECORDED TODAY.
  NO SIGNIFICANT WEATHER WAS OBSERVED.


RELATIVE HUMIDITY (PERCENT)
 HIGHEST    66           700 AM
 LOWEST     43           900 AM
 AVERAGE    55

..........................................................


THE WORLAND WY CLIMATE NORMALS FOR TOMORROW
                         NORMAL    RECORD    YEAR
 MAXIMUM TEMPERATURE (F)   90       104      1982
 MINIMUM TEMPERATURE (F)   56        47      1972


SUNRISE AND SUNSET
JULY 20 2017..........SUNRISE   548 AM MDT   SUNSET   848 PM MDT
JULY 21 2017..........SUNRISE   549 AM MDT   SUNSET   847 PM MDT


-  INDICATES NEGATIVE NUMBERS.
R  INDICATES RECORD WAS SET OR TIED.
MM INDICATES DATA IS MISSING.
T  INDICATES TRACE AMOUNT.




$$
