000
CDUS45 KRIW 010738
CLIWRL


CLIMATE REPORT
NATIONAL WEATHER SERVICE RIVERTON WY
127 AM MDT SUN MAY 1 2016


...................................

...THE WORLAND WY CLIMATE SUMMARY FOR APRIL 30 2016...

CLIMATE NORMAL PERIOD 1981 TO 2010
CLIMATE RECORD PERIOD 1947 TO 2016


WEATHER ITEM   OBSERVED TIME   RECORD YEAR NORMAL DEPARTURE LAST
                VALUE   (LST)  VALUE       VALUE  FROM      YEAR
                                                  NORMAL
..................................................................
TEMPERATURE (F)
 YESTERDAY
  MAXIMUM         50    255 PM  88    1992  65    -15       59
  MINIMUM         40    541 AM  20    1967  36      4       41
  AVERAGE         45                        50     -5       50

PRECIPITATION (IN)
  YESTERDAY        0.03          1.31 2003   0.04  -0.01     0.09
  MONTH TO DATE    1.34                      0.86   0.48     0.35
  SINCE MAR 1      2.31                      1.32   0.99     0.35
  SINCE JAN 1      2.34                      1.74   0.60     1.12

DEGREE DAYS
 HEATING
  YESTERDAY       20                        15      5       15
  MONTH TO DATE  500                       581    -81      544
  SINCE MAR 1   1293                      1466   -173     1265
  SINCE JUL 1   6678                      7467   -789     7174

 COOLING
  YESTERDAY        0                         0      0        0
  MONTH TO DATE    0                         1     -1        0
  SINCE MAR 1      0                         1     -1        0
  SINCE JAN 1      0                         1     -1        0
..................................................................


WIND (MPH)
  HIGHEST WIND SPEED    18   HIGHEST WIND DIRECTION     S (200)
  HIGHEST GUST SPEED    21   HIGHEST GUST DIRECTION     S (190)
  AVERAGE WIND SPEED     7.2


SKY COVER
  POSSIBLE SUNSHINE  MM
  AVERAGE SKY COVER 1.0


WEATHER CONDITIONS
 THE FOLLOWING WEATHER WAS RECORDED YESTERDAY.
  RAIN
  LIGHT RAIN
  FOG


RELATIVE HUMIDITY (PERCENT)
 HIGHEST    86           100 AM
 LOWEST     61          1100 AM
 AVERAGE    74

..........................................................


THE WORLAND WY CLIMATE NORMALS FOR TODAY
                         NORMAL    RECORD    YEAR
 MAXIMUM TEMPERATURE (F)   65        86      1981
 MINIMUM TEMPERATURE (F)   36        24      2014
                                             2011
                                             1972


SUNRISE AND SUNSET
MAY  1 2016...........SUNRISE   603 AM MDT   SUNSET   816 PM MDT
MAY  2 2016...........SUNRISE   601 AM MDT   SUNSET   817 PM MDT


-  INDICATES NEGATIVE NUMBERS.
R  INDICATES RECORD WAS SET OR TIED.
MM INDICATES DATA IS MISSING.
T  INDICATES TRACE AMOUNT.




$$
