000
CDUS45 KRIW 210738
CLIWRL


CLIMATE REPORT
NATIONAL WEATHER SERVICE RIVERTON WY
1237 AM MST SAT JAN 21 2017


...................................

...THE WORLAND WY CLIMATE SUMMARY FOR JANUARY 20 2017...

CLIMATE NORMAL PERIOD 1981 TO 2010
CLIMATE RECORD PERIOD 1947 TO 2017


WEATHER ITEM   OBSERVED TIME   RECORD YEAR NORMAL DEPARTURE LAST
                VALUE   (LST)  VALUE       VALUE  FROM      YEAR
                                                  NORMAL
..................................................................
TEMPERATURE (F)
 YESTERDAY
  MAXIMUM         37    222 PM  49    1981  31      6       35
  MINIMUM          8   1153 PM -33    1984   4      4       14
  AVERAGE         23                        17      6       25

PRECIPITATION (IN)
  YESTERDAY        0.00          0.05 1999   0.01  -0.01      T
  MONTH TO DATE    0.04                      0.15  -0.11     0.03
  SINCE DEC 1      0.23                      0.38  -0.15     0.31
  SINCE JAN 1      0.04                      0.15  -0.11     0.03

DEGREE DAYS
 HEATING
  YESTERDAY       42                        48     -6       40
  MONTH TO DATE 1014                       970     44     1004
  SINCE DEC 1   2671                      2441    230     2466
  SINCE JUL 1   4210                      4333   -123     4050

 COOLING
  YESTERDAY        0                         0      0        0
  MONTH TO DATE    0                         0      0        0
  SINCE DEC 1      0                         0      0        0
  SINCE JAN 1      0                         0      0        0
..................................................................


WIND (MPH)
  HIGHEST WIND SPEED    14   HIGHEST WIND DIRECTION    SE (120)
  HIGHEST GUST SPEED    18   HIGHEST GUST DIRECTION     S (160)
  AVERAGE WIND SPEED     4.6


SKY COVER
  POSSIBLE SUNSHINE  MM
  AVERAGE SKY COVER 0.6


WEATHER CONDITIONS
 THE FOLLOWING WEATHER WAS RECORDED YESTERDAY.
  FOG
  FOG W/VISIBILITY <= 1/4 MILE


RELATIVE HUMIDITY (PERCENT)
 HIGHEST   100           900 PM
 LOWEST     78           500 PM
 AVERAGE    89

..........................................................


THE WORLAND WY CLIMATE NORMALS FOR TODAY
                         NORMAL    RECORD    YEAR
 MAXIMUM TEMPERATURE (F)   31        54      2005
 MINIMUM TEMPERATURE (F)    4       -28      2008


SUNRISE AND SUNSET
JANUARY 21 2017.......SUNRISE   739 AM MST   SUNSET   508 PM MST
JANUARY 22 2017.......SUNRISE   738 AM MST   SUNSET   509 PM MST


-  INDICATES NEGATIVE NUMBERS.
R  INDICATES RECORD WAS SET OR TIED.
MM INDICATES DATA IS MISSING.
T  INDICATES TRACE AMOUNT.




$$
