000
CDUS45 KRIW 280731
CLIWRL


CLIMATE REPORT
NATIONAL WEATHER SERVICE RIVERTON WY
130 AM MDT SUN MAY 28 2017


...................................

...THE WORLAND WY CLIMATE SUMMARY FOR MAY 27 2017...

CLIMATE NORMAL PERIOD 1981 TO 2010
CLIMATE RECORD PERIOD 1947 TO 2017


WEATHER ITEM   OBSERVED TIME   RECORD YEAR NORMAL DEPARTURE LAST
                VALUE   (LST)  VALUE       VALUE  FROM      YEAR
                                                  NORMAL
..................................................................
TEMPERATURE (F)
 YESTERDAY
  MAXIMUM         70    542 PM  98    1969  73     -3       71
  MINIMUM         35    515 AM  34    1965  44     -9       41
  AVERAGE         53                        59     -6       56

PRECIPITATION (IN)
  YESTERDAY        0.00          0.88 1992   0.04  -0.04     0.03
  MONTH TO DATE    0.86                      1.22  -0.36     1.42
  SINCE MAR 1      4.34                      2.54   1.80     3.73
  SINCE JAN 1      4.74                      2.96   1.78     3.76

DEGREE DAYS
 HEATING
  YESTERDAY       12                         7      5        9
  MONTH TO DATE  279                       283     -4      293
  SINCE MAR 1   1518                      1749   -231     1586
  SINCE JUL 1   7393                      7750   -357     6971

 COOLING
  YESTERDAY        0                         1     -1        0
  MONTH TO DATE    0                         1     -1        2
  SINCE MAR 1      0                         2     -2        2
  SINCE JAN 1      0                         2     -2        2
..................................................................


WIND (MPH)
  HIGHEST WIND SPEED    14   HIGHEST WIND DIRECTION    NW (330)
  HIGHEST GUST SPEED    19   HIGHEST GUST DIRECTION    NW (300)
  AVERAGE WIND SPEED     6.3


SKY COVER
  POSSIBLE SUNSHINE  MM
  AVERAGE SKY COVER 0.1


WEATHER CONDITIONS
 THE FOLLOWING WEATHER WAS RECORDED YESTERDAY.
  NO SIGNIFICANT WEATHER WAS OBSERVED.


RELATIVE HUMIDITY (PERCENT)
 HIGHEST   100          1200 AM
 LOWEST     20           300 PM
 AVERAGE    60

..........................................................


THE WORLAND WY CLIMATE NORMALS FOR TODAY
                         NORMAL    RECORD    YEAR
 MAXIMUM TEMPERATURE (F)   74        94      2014
 MINIMUM TEMPERATURE (F)   45        32      1973


SUNRISE AND SUNSET
MAY 28 2017...........SUNRISE   534 AM MDT   SUNSET   845 PM MDT
MAY 29 2017...........SUNRISE   534 AM MDT   SUNSET   845 PM MDT


-  INDICATES NEGATIVE NUMBERS.
R  INDICATES RECORD WAS SET OR TIED.
MM INDICATES DATA IS MISSING.
T  INDICATES TRACE AMOUNT.




$$
