000
CDAK47 PAYA 220903
CLIYAK

CLIMATE REPORT
NATIONAL WEATHER SERVICE YAKUTAT, AK
103 AM AKDT TUE JUL 22 2014

...................................
...THE YAKUTAT AP CLIMATE SUMMARY FOR JULY 21 2014...

CLIMATE NORMAL PERIOD  1981 TO  2010
CLIMATE RECORD PERIOD  1948 TO  2014

WEATHER ITEM   OBSERVED TIME    RECORD YEAR NORMAL DEPARTURE LAST
               VALUE    (LST)   VALUE       VALUE  FROM      YEAR
                                                   NORMAL
...................................................................
TEMPERATURE
YESTERDAY
 MAXIMUM            65  0335 PM    84  1955     60       5     63
 MINIMUM            39  0420 AM    39  2014     49     -10     51
 AVERAGE            52                          55      -3     57

PRECIPITATION
(INCHES)
 YESTERDAY        0.00           2.25  1951   0.28   -0.28      T
 MONTH TO DATE    4.25                        4.76   -0.51   6.00
 SINCE JUN 1     14.35                       11.15    3.20   9.38
 SINCE JAN 1     53.46                       64.11  -10.65  67.57

SNOWFALL
(INCHES)
 YESTERDAY         0.0            0.0  2014    0.0     0.0    0.0
 MONTH TO DATE     0.0                         0.0     0.0    0.0
 SINCE JUN 1       0.0                         0.0     0.0    0.0
 SINCE JUL 1       0.0                         0.0     0.0    0.0
 SNOW DEPTH (IN)     0                                          0

DEGREE DAYS
 HEATING
  YESTERDAY         13                          10       3      8
  MONTH TO DATE    212                         232     -20    228
  SINCE JUN 1      658                         658       0    570
  SINCE JUL 1      212                         232     -20    228

 COOLING
  YESTERDAY          0                           0       0      0
  MONTH TO DATE      0                           0       0      0
  SINCE JUN 1        0                           0       0      0
  SINCE JAN 1        0                           0       0      0
...................................................................

WIND (MPH)
 HIGHEST WIND SPEED    12     HIGHEST WIND DIRECTION    330
 HIGHEST GUST SPEED    17     HIGHEST GUST DIRECTION    340
 AVERAGE WIND SPEED   3.9

SKY COVER
  POSSIBLE SUNSHINE    MM          AVERAGE SKY COVER     MM

WEATHER CONDITIONS
 THE FOLLOWING WEATHER WAS RECORDED YESTERDAY.
  NO SIGNIFICANT WEATHER WAS OBSERVED.

RELATIVE HUMIDITY
 HIGHEST RH     MM PERCENT       MM
 LOWEST  RH     MM PERCENT       MM
 AVERAGE RH     MM PERCENT       MM
...................................................................

THE YAKUTAT CLIMATE NORMALS FOR TODAY
                           NORMAL    RECORD   YEAR
 MAXIMUM TEMPERATURE (F)     61        81     1955
 MINIMUM TEMPERATURE (F)     49        38     1971

SUNRISE AND SUNSET
 JUL 22 2014..........SUNRISE  4:42 AM      SUNSET 10:08 PM
 JUL 23 2014..........SUNRISE  4:44 AM      SUNSET 10:06 PM

-  INDICATES NEGATIVE NUMBERS.
R  INDICATES RECORD HAS BEEN SET OR TIED.
MM INDICATES DATA IS MISSING.
T  INDICATES TRACE OF PRECIPITATION.

&&
-------------------------------------------------------------------

AMOUNT OF DAYLIGHT TODAY  (HOUR:MIN)........17 HOURS 26 MINUTES
GAIN/LOSS SINCE YESTERDAY (HOUR:MIN:SEC)....-0:04:07

$$
DC JUL 14
