000
CDAK47 PAYA 280913
CLIYAK

CLIMATE REPORT
NATIONAL WEATHER SERVICE YAKUTAT, AK
1213 AM AKST SAT FEB 28 2015

...................................
...THE YAKUTAT AP CLIMATE SUMMARY FOR FEBRUARY 27 2015...

CLIMATE NORMAL PERIOD  1981 TO  2010
CLIMATE RECORD PERIOD  1948 TO  2015

WEATHER ITEM   OBSERVED TIME    RECORD YEAR NORMAL DEPARTURE LAST
               VALUE    (LST)   VALUE       VALUE  FROM      YEAR
                                                   NORMAL
...................................................................
TEMPERATURE
YESTERDAY
 MAXIMUM            45  0413 PM    51  1992     38       7     48
 MINIMUM            21  0706 AM    -9  1972     23      -2     14
 AVERAGE            33                          31       2     31

PRECIPITATION
(INCHES)
 YESTERDAY        0.00           1.74  2005   0.41   -0.41   0.00
 MONTH TO DATE   10.35                       10.45   -0.10   2.08
 SINCE DEC 1     36.42                       40.39   -3.97  36.74
 SINCE JAN 1     24.37                       24.11    0.26  27.06

SNOWFALL
(INCHES)
 YESTERDAY         0.0            8.7  1951    0.9    -0.9    0.0
 MONTH TO DATE     4.0                        26.3   -22.3   28.1
 SINCE DEC 1       7.5                        80.6   -73.1   86.2
 SINCE JUL 1      12.8                       101.3   -88.5   95.4
 SNOW DEPTH (IN)     0                                         13

DEGREE DAYS
 HEATING
  YESTERDAY         32                          35      -3     34
  MONTH TO DATE    847                         956    -109   1115
  SINCE DEC 1     2723                        3197    -474   3166
  SINCE JUL 1     5403                        6095    -692   5776

 COOLING
  YESTERDAY          0                           0       0      0
  MONTH TO DATE      0                           0       0      0
  SINCE DEC 1        0                           0       0      0
  SINCE JAN 1        0                           0       0      0
...................................................................

WIND (MPH)
 HIGHEST WIND SPEED     8     HIGHEST WIND DIRECTION    230
 HIGHEST GUST SPEED    10     HIGHEST GUST DIRECTION    230
 AVERAGE WIND SPEED   0.9

SKY COVER
  POSSIBLE SUNSHINE    MM          AVERAGE SKY COVER     MM

WEATHER CONDITIONS
 THE FOLLOWING WEATHER WAS RECORDED YESTERDAY.
  NO SIGNIFICANT WEATHER WAS OBSERVED.

RELATIVE HUMIDITY
 HIGHEST RH     MM PERCENT       MM
 LOWEST  RH     MM PERCENT       MM
 AVERAGE RH     MM PERCENT       MM
...................................................................

THE YAKUTAT CLIMATE NORMALS FOR TODAY
                           NORMAL    RECORD   YEAR
 MAXIMUM TEMPERATURE (F)     38        50     1991
 MINIMUM TEMPERATURE (F)     23        -8     1966

SUNRISE AND SUNSET
 FEB 28 2015..........SUNRISE  7:20 AM      SUNSET  5:45 PM
 MAR 1 2015..........SUNRISE  7:17 AM      SUNSET  5:47 PM

-  INDICATES NEGATIVE NUMBERS.
R  INDICATES RECORD HAS BEEN SET OR TIED.
MM INDICATES DATA IS MISSING.
T  INDICATES TRACE OF PRECIPITATION.

&&
-------------------------------------------------------------------

AMOUNT OF DAYLIGHT TODAY  (HOUR:MIN)........10 HOURS 25 MINUTES
GAIN/LOSS SINCE YESTERDAY (HOUR:MIN:SEC)....+0:05:20

$$
*** FEB 15
