000
CDAK47 PAJK 111245
CLIYAK
CLIMATE REPORT
NATIONAL WEATHER SERVICE JUNEAU, AK
339 AM AKST MON DEC 11 2017


...................................

...THE YAKUTAT CLIMATE SUMMARY FOR DECEMBER 10 2017...

CLIMATE NORMAL PERIOD 1981 TO 2010
CLIMATE RECORD PERIOD 1917 TO 2017


WEATHER ITEM   OBSERVED RECORD YEAR NORMAL DEPARTURE LAST
                VALUE   VALUE       VALUE  FROM      YEAR
                                           NORMAL
...........................................................
TEMPERATURE (F)
 YESTERDAY
  MAXIMUM         51R    48    1944  35     16       35
                               1936
  MINIMUM         43     -7    1977  25     18       11
  AVERAGE         47                 30     17       23

PRECIPITATION (IN)
  YESTERDAY        0.46   3.06 1963   0.56  -0.10     0.00
  MONTH TO DATE    9.54               5.23   4.31     1.82
  SINCE JAN 1    120.69             144.07 -23.38   114.41

SNOWFALL (IN)
  YESTERDAY        0.0   11.5  1954   0.8   -0.8      0.0
  MONTH TO DATE    0.3                7.6   -7.3     10.5
  SINCE JUL 1     27.1               28.3   -1.2     14.8
  SNOW DEPTH       0

DEGREE DAYS
 HEATING
  YESTERDAY       18                 35    -17       42
  MONTH TO DATE  232                350   -118      374
...........................................................


WIND (MPH)
  HIGHEST WIND SPEED    29   HIGHEST WIND DIRECTION    SE (130)
  HIGHEST GUST SPEED    49   HIGHEST GUST DIRECTION    SE (130)
  AVERAGE WIND SPEED    10.6


SKY COVER
  AVERAGE SKY COVER 1.0


WEATHER CONDITIONS
 THE FOLLOWING WEATHER WAS RECORDED YESTERDAY.
  RAIN
  LIGHT RAIN
  FOG


..........................................................


THE YAKUTAT CLIMATE NORMALS FOR TODAY
                         NORMAL    RECORD    YEAR
 MAXIMUM TEMPERATURE (F)   35        49      1944
 MINIMUM TEMPERATURE (F)   25        -8      1975
                                             1948


SUNRISE AND SUNSET
DECEMBER 11 2017......SUNRISE   907 AM AKST  SUNSET   317 PM AKST
DECEMBER 12 2017......SUNRISE   908 AM AKST  SUNSET   317 PM AKST


-  INDICATES NEGATIVE NUMBERS.
R  INDICATES RECORD WAS SET OR TIED.
MM INDICATES DATA IS MISSING.
T  INDICATES TRACE AMOUNT.




$$
--------------------------------------------------------------

AMOUNT OF DAYLIGHT TODAY (HOUR:MIN)......... 6 HOURS 10 MINUTES
GAIN/LOSS SINCE YESTERDAY (HOUR:MIN:SEC).... -0:01:45

$$
