000
CDAK47 PAYA 260903
CLIYAK

CLIMATE REPORT
NATIONAL WEATHER SERVICE YAKUTAT, AK
103 AM AKDT TUE JUL 26 2016

...................................
...THE YAKUTAT AP CLIMATE SUMMARY FOR JULY 25 2016...

CLIMATE NORMAL PERIOD  1981 TO  2010
CLIMATE RECORD PERIOD  1948 TO  2016

WEATHER ITEM   OBSERVED TIME    RECORD YEAR NORMAL DEPARTURE LAST
               VALUE    (LST)   VALUE       VALUE  FROM      YEAR
                                                   NORMAL
...................................................................
TEMPERATURE
YESTERDAY
 MAXIMUM            58  0148 PM    76  1994     61      -3     63
 MINIMUM            53  1159 PM    38  1957     50       3     49
 AVERAGE            56                          55       1     56

PRECIPITATION
(INCHES)
 YESTERDAY        0.90           2.92  1988   0.30    0.60   0.03
 MONTH TO DATE    4.48                        5.92   -1.44   7.50
 SINCE JUN 1     10.02                       12.31   -2.29  16.15
 SINCE JAN 1     61.58                       65.27   -3.69  66.73

SNOWFALL
(INCHES)
 YESTERDAY         0.0            0.0  2016    0.0     0.0    0.0
 MONTH TO DATE     0.0                         0.0     0.0    0.0
 SINCE JUN 1       0.0                         0.0     0.0    0.0
 SINCE JUL 1       0.0                         0.0     0.0    0.0
 SNOW DEPTH (IN)     0                                          0

DEGREE DAYS
 HEATING
  YESTERDAY          9                          10      -1      9
  MONTH TO DATE    175                         272     -97    208
  SINCE JUN 1      502                         698    -196    542
  SINCE JUL 1      175                         272     -97    208

 COOLING
  YESTERDAY          0                           0       0      0
  MONTH TO DATE      0                           0       0      0
  SINCE JUN 1        0                           0       0      0
  SINCE JAN 1        0                           0       0      0
...................................................................

WIND (MPH)
 HIGHEST WIND SPEED    13     HIGHEST WIND DIRECTION    120
 HIGHEST GUST SPEED    20     HIGHEST GUST DIRECTION    120
 AVERAGE WIND SPEED   7.2

SKY COVER
  POSSIBLE SUNSHINE    MM          AVERAGE SKY COVER     MM

WEATHER CONDITIONS
 THE FOLLOWING WEATHER WAS RECORDED YESTERDAY.
  FOG
RAIN


RELATIVE HUMIDITY
 HIGHEST RH     MM PERCENT       MM
 LOWEST  RH     MM PERCENT       MM
 AVERAGE RH     MM PERCENT       MM
...................................................................

THE YAKUTAT CLIMATE NORMALS FOR TODAY
                           NORMAL    RECORD   YEAR
 MAXIMUM TEMPERATURE (F)     61        83     1970
 MINIMUM TEMPERATURE (F)     50        41     1954

SUNRISE AND SUNSET
 JUL 26 2016..........SUNRISE  4:51 AM      SUNSET  9:59 PM
 JUL 27 2016..........SUNRISE  4:53 AM      SUNSET  9:56 PM

-  INDICATES NEGATIVE NUMBERS.
R  INDICATES RECORD HAS BEEN SET OR TIED.
MM INDICATES DATA IS MISSING.
T  INDICATES TRACE OF PRECIPITATION.

&&
-------------------------------------------------------------------

AMOUNT OF DAYLIGHT TODAY  (HOUR:MIN)........17 HOURS 8 MINUTES
GAIN/LOSS SINCE YESTERDAY (HOUR:MIN:SEC)....-0:04:24

$$
*** JUL 16
