000
CDAK47 PAYA 290908
CLIYAK

CLIMATE REPORT
NATIONAL WEATHER SERVICE YAKUTAT, AK
108 AM AKDT SUN MAY 29 2016

...................................
...THE YAKUTAT AP CLIMATE SUMMARY FOR MAY 28 2016...

CLIMATE NORMAL PERIOD  1981 TO  2010
CLIMATE RECORD PERIOD  1948 TO  2016

WEATHER ITEM   OBSERVED TIME    RECORD YEAR NORMAL DEPARTURE LAST
               VALUE    (LST)   VALUE       VALUE  FROM      YEAR
                                                   NORMAL
...................................................................
TEMPERATURE
YESTERDAY
 MAXIMUM            71  1231 PM    75  2010     55      16     56
 MINIMUM            37  0356 AM    27  1936     40      -3     37
 AVERAGE            54                          48       6     47

PRECIPITATION
(INCHES)
 YESTERDAY        0.00           4.65  1991   0.25   -0.25   0.00
 MONTH TO DATE    6.73                        7.46   -0.73   1.62
 SINCE MAR 1     26.26                       27.69   -1.43  26.21
 SINCE JAN 1     51.55                       52.21   -0.66  50.58

SNOWFALL
(INCHES)
 YESTERDAY         0.0            0.0  2016    0.0     0.0    0.0
 MONTH TO DATE     0.0                         0.4    -0.4    0.0
 SINCE MAR 1       0.7                        37.8   -37.1   34.3
 SINCE JUL 1      49.9                       140.0   -90.1   47.1
 SNOW DEPTH (IN)     0                                          0

DEGREE DAYS
 HEATING
  YESTERDAY         11                          18      -7     18
  MONTH TO DATE    462                         577    -115    494
  SINCE MAR 1     1927                        2415    -488   2190
  SINCE JUL 1     7265                        8544   -1279   7622

 COOLING
  YESTERDAY          0                           0       0      0
  MONTH TO DATE      0                           0       0      0
  SINCE MAR 1        0                           0       0      0
  SINCE JAN 1        0                           0       0      0
...................................................................

WIND (MPH)
 HIGHEST WIND SPEED    15     HIGHEST WIND DIRECTION     80
 HIGHEST GUST SPEED    22     HIGHEST GUST DIRECTION     80
 AVERAGE WIND SPEED   3.7

SKY COVER
  POSSIBLE SUNSHINE    MM          AVERAGE SKY COVER     MM

WEATHER CONDITIONS
 THE FOLLOWING WEATHER WAS RECORDED YESTERDAY.
  NO SIGNIFICANT WEATHER WAS OBSERVED.

RELATIVE HUMIDITY
 HIGHEST RH     MM PERCENT       MM
 LOWEST  RH     MM PERCENT       MM
 AVERAGE RH     MM PERCENT       MM
...................................................................

THE YAKUTAT CLIMATE NORMALS FOR TODAY
                           NORMAL    RECORD   YEAR
 MAXIMUM TEMPERATURE (F)     55        78     1981
 MINIMUM TEMPERATURE (F)     41        30     1968

SUNRISE AND SUNSET
 MAY 29 2016..........SUNRISE  4:16 AM      SUNSET 10:18 PM
 MAY 30 2016..........SUNRISE  4:15 AM      SUNSET 10:20 PM

-  INDICATES NEGATIVE NUMBERS.
R  INDICATES RECORD HAS BEEN SET OR TIED.
MM INDICATES DATA IS MISSING.
T  INDICATES TRACE OF PRECIPITATION.

&&
-------------------------------------------------------------------

AMOUNT OF DAYLIGHT TODAY  (HOUR:MIN)........18 HOURS 2 MINUTES
GAIN/LOSS SINCE YESTERDAY (HOUR:MIN:SEC)....+0:03:23

$$
*** MAY 16
