000
CDAK47 PAYA 220912
CLIYAK

CLIMATE REPORT
NATIONAL WEATHER SERVICE YAKUTAT, AK
1212 AM AKST MON DEC 22 2014

...................................
...THE YAKUTAT AP CLIMATE SUMMARY FOR DECEMBER 21 2014...

CLIMATE NORMAL PERIOD  1981 TO  2010
CLIMATE RECORD PERIOD  1948 TO  2014

WEATHER ITEM   OBSERVED TIME    RECORD YEAR NORMAL DEPARTURE LAST
               VALUE    (LST)   VALUE       VALUE  FROM      YEAR
                                                   NORMAL
...................................................................
TEMPERATURE
YESTERDAY
 MAXIMUM            42  0223 AM    46  1976     35       7     34
 MINIMUM            34  1248 AM   -10  1971     24      10     26
 AVERAGE            38                          29       9     30

PRECIPITATION
(INCHES)
 YESTERDAY        0.65           3.57  1989   0.52    0.13   0.12
 MONTH TO DATE    9.16                       11.11   -1.95   4.97
 SINCE DEC 1      9.16                       11.11   -1.95   4.97
 SINCE JAN 1    132.07                      149.95  -17.88 132.67

SNOWFALL
(INCHES)
 YESTERDAY         0.0           10.3  1957    0.7    -0.7    0.1
 MONTH TO DATE     1.4                        15.2   -13.8   31.7
 SINCE DEC 1       1.4                        15.2   -13.8   31.7
 SINCE JUL 1       6.7                        35.9   -29.2   40.9
 SNOW DEPTH (IN)     0                                         24

DEGREE DAYS
 HEATING
  YESTERDAY         27                          36      -9     35
  MONTH TO DATE    627                         736    -109    844
  SINCE DEC 1      627                         736    -109    844
  SINCE JUL 1     3307                        3634    -327   3454

 COOLING
  YESTERDAY          0                           0       0      0
  MONTH TO DATE      0                           0       0      0
  SINCE DEC 1        0                           0       0      0
  SINCE JAN 1        0                           0       0      0
...................................................................

WIND (MPH)
 HIGHEST WIND SPEED    23     HIGHEST WIND DIRECTION    100
 HIGHEST GUST SPEED    39     HIGHEST GUST DIRECTION    110
 AVERAGE WIND SPEED   5.8

SKY COVER
  POSSIBLE SUNSHINE    MM          AVERAGE SKY COVER     MM

WEATHER CONDITIONS
 THE FOLLOWING WEATHER WAS RECORDED YESTERDAY.
  FOG
RAIN


RELATIVE HUMIDITY
 HIGHEST RH     MM PERCENT       MM
 LOWEST  RH     MM PERCENT       MM
 AVERAGE RH     MM PERCENT       MM
...................................................................

THE YAKUTAT CLIMATE NORMALS FOR TODAY
                           NORMAL    RECORD   YEAR
 MAXIMUM TEMPERATURE (F)     35        46     2004
 MINIMUM TEMPERATURE (F)     24       -12     1972

SUNRISE AND SUNSET
 DEC 22 2014..........SUNRISE  9:17 AM      SUNSET  3:19 PM
 DEC 23 2014..........SUNRISE  9:18 AM      SUNSET  3:19 PM

-  INDICATES NEGATIVE NUMBERS.
R  INDICATES RECORD HAS BEEN SET OR TIED.
MM INDICATES DATA IS MISSING.
T  INDICATES TRACE OF PRECIPITATION.

&&
-------------------------------------------------------------------

AMOUNT OF DAYLIGHT TODAY  (HOUR:MIN)........6 HOURS 2 MINUTES
GAIN/LOSS SINCE YESTERDAY (HOUR:MIN:SEC)....+0:00:04

$$
*** DEC 14
