000
CDUS46 KPDT 260845
CLIYKM

CLIMATE REPORT
NATIONAL WEATHER SERVICE PENDLETON OR
130 AM PDT WED APR 26 2017


...................................

...THE YAKIMA WA CLIMATE SUMMARY FOR APRIL 25 2017...

CLIMATE NORMAL PERIOD 1981 TO 2010
CLIMATE RECORD PERIOD 1946 TO 2017


WEATHER ITEM   OBSERVED TIME   RECORD YEAR NORMAL DEPARTURE LAST
                VALUE   (LST)  VALUE       VALUE  FROM      YEAR
                                                  NORMAL
..................................................................
TEMPERATURE (F)
 YESTERDAY
  MAXIMUM         64    213 PM  86    1952  66     -2       67
  MINIMUM         41    503 AM  25    1955  36      5       41
  AVERAGE         53                        51      2       54

PRECIPITATION (IN)
  YESTERDAY        T             0.45 2012   0.02  -0.02     0.00
  MONTH TO DATE    1.29                      0.45   0.84     0.27
  SINCE OCT 1     10.75                      6.11   4.64     9.46
  SINCE JAN 1      6.83                      2.99   3.84     4.81

SNOWFALL (IN)
  YESTERDAY        0.0           0.0  2002   0.0    0.0      0.0
                                      2001
                                      2000
  MONTH TO DATE    0.0                       0.0    0.0      0.0
  SINCE JAN 1     29.1                       8.6   20.5     12.5
  SINCE JUL 1     36.5                      21.6   14.9     31.4
  SNOW DEPTH       0

DEGREE DAYS
 HEATING
  YESTERDAY       12                        14     -2       11
  MONTH TO DATE  370                       411    -41      158
  SINCE MAR 1    960                      1088   -128      717
  SINCE JUL 1   5389                      5615   -226     4467

 COOLING
  YESTERDAY        0                         0      0        0
  MONTH TO DATE    0                         0      0        6
  SINCE MAR 1      0                         0      0        6
  SINCE JAN 1      0                         0      0        6
..................................................................


WIND (MPH)
  HIGHEST WIND SPEED    26   HIGHEST WIND DIRECTION     S (200)
  HIGHEST GUST SPEED    32   HIGHEST GUST DIRECTION     S (200)
  AVERAGE WIND SPEED     9.2


SKY COVER
  POSSIBLE SUNSHINE  MM
  AVERAGE SKY COVER 0.3


WEATHER CONDITIONS
 THE FOLLOWING WEATHER WAS RECORDED YESTERDAY.
  LIGHT RAIN


RELATIVE HUMIDITY (PERCENT)
 HIGHEST    70           500 AM
 LOWEST     39           100 PM
 AVERAGE    55

..........................................................


THE YAKIMA WA CLIMATE NORMALS FOR TODAY
                         NORMAL    RECORD    YEAR
 MAXIMUM TEMPERATURE (F)   66        86      2013
 MINIMUM TEMPERATURE (F)   36        24      1948


SUNRISE AND SUNSET
APRIL 26 2017.........SUNRISE   555 AM PDT   SUNSET   805 PM PDT
APRIL 27 2017.........SUNRISE   553 AM PDT   SUNSET   807 PM PDT


-  INDICATES NEGATIVE NUMBERS.
R  INDICATES RECORD WAS SET OR TIED.
MM INDICATES DATA IS MISSING.
T  INDICATES TRACE AMOUNT.




$$
