000
CDUS46 KPDT 180843 RRA
CLIYKM

CLIMATE REPORT
NATIONAL WEATHER SERVICE PENDLETON OR
126 AM PDT WED OCT 18 2017


...................................

...THE YAKIMA WA CLIMATE SUMMARY FOR OCTOBER 17 2017...

CLIMATE NORMAL PERIOD 1981 TO 2010
CLIMATE RECORD PERIOD 1946 TO 2017


WEATHER ITEM   OBSERVED TIME   RECORD YEAR NORMAL DEPARTURE LAST
                VALUE   (LST)  VALUE       VALUE  FROM      YEAR
                                                  NORMAL
..................................................................
TEMPERATURE (F)
 YESTERDAY
  MAXIMUM         75   1221 PM  77    1974  63     12       64
                                      1952
  MINIMUM         28    624 AM  19    1971  34     -6       43
  AVERAGE         52                        48      4       54

PRECIPITATION (IN)
  YESTERDAY        T             0.23 1950   0.02  -0.02      T
  MONTH TO DATE    0.01                      0.23  -0.22     1.42
  SINCE OCT 1      0.01                      0.23  -0.22     1.42
  SINCE JAN 1      7.96                      5.36   2.60     7.48

SNOWFALL (IN)
  YESTERDAY       MM             0.0  2002   0.0   MM        0.0
                                      2001
                                      1999
  MONTH TO DATE    0.0                       0.0    0.0      0.0
  SINCE JAN 1     29.1                       8.6   20.5     12.5
  SINCE JUL 1      0.0                       0.0    0.0      0.0
  SNOW DEPTH       0

DEGREE DAYS
 HEATING
  YESTERDAY       13                        17     -4       11
  MONTH TO DATE  252                       225     27      184
  SINCE SEP 1    356                       385    -29      266
  SINCE JUL 1    356                       433    -77      269

 COOLING
  YESTERDAY        0                         0      0        0
  MONTH TO DATE    0                         0      0        0
  SINCE SEP 1    116                        32     84       21
  SINCE JAN 1   1054                       472    582      774
..................................................................


WIND (MPH)
  HIGHEST WIND SPEED    35   HIGHEST WIND DIRECTION     W (290)
  HIGHEST GUST SPEED    44   HIGHEST GUST DIRECTION    NW (300)
  AVERAGE WIND SPEED     9.1


SKY COVER
  POSSIBLE SUNSHINE  MM
  AVERAGE SKY COVER 0.1


WEATHER CONDITIONS
 THE FOLLOWING WEATHER WAS RECORDED YESTERDAY.
  LIGHT RAIN
  FOG
  HAZE


RELATIVE HUMIDITY (PERCENT)
 HIGHEST    85           300 AM
 LOWEST     26           300 PM
 AVERAGE    56

..........................................................


THE YAKIMA WA CLIMATE NORMALS FOR TODAY
                         NORMAL    RECORD    YEAR
 MAXIMUM TEMPERATURE (F)   63        77      1974
 MINIMUM TEMPERATURE (F)   33        22      1984


SUNRISE AND SUNSET
OCTOBER 18 2017.......SUNRISE   724 AM PDT   SUNSET   609 PM PDT
OCTOBER 19 2017.......SUNRISE   726 AM PDT   SUNSET   608 PM PDT


-  INDICATES NEGATIVE NUMBERS.
R  INDICATES RECORD WAS SET OR TIED.
MM INDICATES DATA IS MISSING.
T  INDICATES TRACE AMOUNT.




$$
