625
CDUS46 KPDT 300832 RRB
CLIYKM

CLIMATE REPORT
NATIONAL WEATHER SERVICE PENDLETON OR
130 AM PDT TUE AUG 30 2016


...................................

...THE YAKIMA WA CLIMATE SUMMARY FOR AUGUST 29 2016...

CLIMATE NORMAL PERIOD 1981 TO 2010
CLIMATE RECORD PERIOD 1946 TO 2016


WEATHER ITEM   OBSERVED TIME   RECORD YEAR NORMAL DEPARTURE LAST
                VALUE   (LST)  VALUE       VALUE  FROM      YEAR
                                                  NORMAL
..................................................................
TEMPERATURE (F)
 YESTERDAY
  MAXIMUM         93    432 PM  98    1998  84      9       78
                                      1972
  MINIMUM         51    540 AM  36    1980  49      2       63
  AVERAGE         72                        66      6       71

PRECIPITATION (IN)
  YESTERDAY        0.00          0.27 1983   0.01  -0.01      T
  MONTH TO DATE    T                         0.24  -0.24      T
  SINCE OCT 1     10.54                      7.87   2.67     6.39
  SINCE JAN 1      5.89                      4.75   1.14     4.29

SNOWFALL (IN)
  YESTERDAY        0.0           0.0  2002   0.0    0.0      0.0
                                      2001
                                      1999
  MONTH TO DATE    0.0                       0.0    0.0      0.0
  SINCE JAN 1     12.5                       8.6    3.9      1.6
  SINCE JUL 1      0.0                       0.0    0.0      0.0
  SNOW DEPTH       0

DEGREE DAYS
 HEATING
  YESTERDAY        0                         2     -2        0
  MONTH TO DATE    3                        24    -21        1
  SINCE JUN 1     71                       143    -72        4
  SINCE JUL 1      3                        45    -42        1

 COOLING
  YESTERDAY        7                         3      4        6
  MONTH TO DATE  247                       153     94      276
  SINCE JUN 1    706                       413    293      965
  SINCE JAN 1    745                       433    312     1057
..................................................................


WIND (MPH)
  HIGHEST WIND SPEED    17   HIGHEST WIND DIRECTION     S (170)
  HIGHEST GUST SPEED    21   HIGHEST GUST DIRECTION     S (170)
  AVERAGE WIND SPEED     7.7


SKY COVER
  POSSIBLE SUNSHINE  MM
  AVERAGE SKY COVER 0.0


WEATHER CONDITIONS
 THE FOLLOWING WEATHER WAS RECORDED YESTERDAY.
  NO SIGNIFICANT WEATHER WAS OBSERVED.


RELATIVE HUMIDITY (PERCENT)
 HIGHEST    71           200 AM
 LOWEST     12           600 PM
 AVERAGE    42

..........................................................


THE YAKIMA WA CLIMATE NORMALS FOR TODAY
                         NORMAL    RECORD    YEAR
 MAXIMUM TEMPERATURE (F)   83        98      1967
 MINIMUM TEMPERATURE (F)   49        38      1964


SUNRISE AND SUNSET
AUGUST 30 2016........SUNRISE   620 AM PDT   SUNSET   744 PM PDT
AUGUST 31 2016........SUNRISE   622 AM PDT   SUNSET   742 PM PDT


-  INDICATES NEGATIVE NUMBERS.
R  INDICATES RECORD WAS SET OR TIED.
MM INDICATES DATA IS MISSING.
T  INDICATES TRACE AMOUNT.




$$
