516
CDUS41 KCLE 130533
CLIYNG


CLIMATE REPORT
NATIONAL WEATHER SERVICE CLEVELAND OH
1231 AM EST WED DEC 13 2017


...................................

...THE YOUNGSTOWN OH CLIMATE SUMMARY FOR DECEMBER 12 2017...

CLIMATE NORMAL PERIOD 1981 TO 2010
CLIMATE RECORD PERIOD 1897 TO 2017


WEATHER ITEM   OBSERVED TIME   RECORD YEAR NORMAL DEPARTURE LAST
                VALUE   (LST)  VALUE       VALUE  FROM      YEAR
                                                  NORMAL
..................................................................
TEMPERATURE (F)
 YESTERDAY
  MAXIMUM         34    111 AM  67    2015  37     -3       36
  MINIMUM         14    839 PM  -5    1962  25    -11       28
  AVERAGE         24                        31     -7       32

PRECIPITATION (IN)
  YESTERDAY        0.24                      0.10   0.14     0.18
  MONTH TO DATE    0.47                      1.22  -0.75     1.38
  SINCE DEC 1      0.47                      1.22  -0.75     1.38
  SINCE JAN 1     42.33                     37.14   5.19    42.15

SNOWFALL (IN)
  YESTERDAY        3.5                       0.5    3.0      1.7
  MONTH TO DATE    4.2                       5.3   -1.1     11.1
  SINCE DEC 1      4.2                       5.3   -1.1     11.1
  SINCE JUL 1      5.2                       9.7   -4.5     15.5
  SNOW DEPTH       1

DEGREE DAYS
 HEATING
  YESTERDAY       41                        34      7       33
  MONTH TO DATE  386                       381      5      392
  SINCE DEC 1    386                       381      5      392
  SINCE JUL 1   1484                      1710   -226     1364

 COOLING
  YESTERDAY        0                         0      0        0
  MONTH TO DATE    0                         0      0        0
  SINCE DEC 1      0                         0      0        0
  SINCE JAN 1    658                       544    114      879
..................................................................


WIND (MPH)
  HIGHEST WIND SPEED    26   HIGHEST WIND DIRECTION    NW (320)
  HIGHEST GUST SPEED    36   HIGHEST GUST DIRECTION    NW (310)
  AVERAGE WIND SPEED    11.4


SKY COVER
  POSSIBLE SUNSHINE  MM
  AVERAGE SKY COVER 0.9


WEATHER CONDITIONS
 THE FOLLOWING WEATHER WAS RECORDED YESTERDAY.
  SNOW
  LIGHT SNOW
  FOG
  BLOWING SNOW


RELATIVE HUMIDITY (PERCENT)
 HIGHEST    92           400 AM
 LOWEST     51           300 PM
 AVERAGE    72

..........................................................


THE YOUNGSTOWN OH CLIMATE NORMALS FOR TODAY
                         NORMAL    RECORD    YEAR
 MAXIMUM TEMPERATURE (F)   37        63      2015
 MINIMUM TEMPERATURE (F)   25        -5      1962


SUNRISE AND SUNSET
DECEMBER 13 2017......SUNRISE   740 AM EST   SUNSET   454 PM EST
DECEMBER 14 2017......SUNRISE   741 AM EST   SUNSET   454 PM EST


-  INDICATES NEGATIVE NUMBERS.
R  INDICATES RECORD WAS SET OR TIED.
MM INDICATES DATA IS MISSING.
T  INDICATES TRACE AMOUNT.




$$
