452
CDUS41 KPBZ 032239
CLIZZV


CLIMATE REPORT
NATIONAL WEATHER SERVICE PITTSBURGH PA
539 PM EST SAT DEC 3 2016


...................................

...THE ZANESVILLE OH CLIMATE SUMMARY FOR DECEMBER 3 2016...
VALID TODAY AS OF 0500 PM LOCAL TIME.

CLIMATE NORMAL PERIOD 1981 TO 2010
CLIMATE RECORD PERIOD 1946 TO 2016


WEATHER ITEM   OBSERVED TIME   RECORD YEAR NORMAL DEPARTURE LAST
                VALUE   (LST)  VALUE       VALUE  FROM      YEAR
                                                  NORMAL
..................................................................
TEMPERATURE (F)
 TODAY
  MAXIMUM         39    304 PM  76    1982  45     -6       39
  MINIMUM         27    658 AM  -6    1976  28     -1       33
  AVERAGE         33                        36     -3       36

PRECIPITATION (IN)
  TODAY            0.00         MM      MM   0.09  -0.09     0.02
  MONTH TO DATE    T                         0.26  -0.26     0.41
  SINCE JUN 1     14.36                     20.08  -5.72    19.41
  SINCE JAN 1     29.34                     35.54  -6.20    35.31

DEGREE DAYS
 HEATING
  TODAY           32                        29      3       29
  MONTH TO DATE   84                        85     -1       62
  SINCE DEC 1     84                        85     -1       62
  SINCE JUL 1    941                      1226   -285      904

 COOLING
  TODAY            0                         0      0        0
  MONTH TO DATE    0                         0      0        0
  SINCE DEC 1      0                         0      0        0
  SINCE JAN 1   1355                       768    587      874
..................................................................


WIND (MPH)
  HIGHEST WIND SPEED    15   HIGHEST WIND DIRECTION    NW (320)
  HIGHEST GUST SPEED    19   HIGHEST GUST DIRECTION    NW (320)
  AVERAGE WIND SPEED     3.7


SKY COVER
  POSSIBLE SUNSHINE  MM
  AVERAGE SKY COVER 0.8


WEATHER CONDITIONS
 THE FOLLOWING WEATHER WAS RECORDED TODAY.
  NO SIGNIFICANT WEATHER WAS OBSERVED.


RELATIVE HUMIDITY (PERCENT)
 HIGHEST    84           700 AM
 LOWEST     59           100 PM
 AVERAGE    72

..........................................................


THE ZANESVILLE OH CLIMATE NORMALS FOR TOMORROW
                         NORMAL    RECORD    YEAR
 MAXIMUM TEMPERATURE (F)   44        69      1982
 MINIMUM TEMPERATURE (F)   28         3      1966


SUNRISE AND SUNSET
DECEMBER  3 2016......SUNRISE   732 AM EST   SUNSET   503 PM EST
DECEMBER  4 2016......SUNRISE   733 AM EST   SUNSET   502 PM EST


-  INDICATES NEGATIVE NUMBERS.
R  INDICATES RECORD WAS SET OR TIED.
MM INDICATES DATA IS MISSING.
T  INDICATES TRACE AMOUNT.




$$
