000
CDUS41 KPBZ 211223
CLIZZV


CLIMATE REPORT
NATIONAL WEATHER SERVICE PITTSBURGH PA
823 AM EDT SUN SEP 21 2014


...................................

...THE ZANESVILLE OH CLIMATE SUMMARY FOR SEPTEMBER 21 2014...
VALID AS OF 0800 AM LOCAL TIME.

CLIMATE NORMAL PERIOD 1981 TO 2010
CLIMATE RECORD PERIOD 1946 TO 2014


WEATHER ITEM   OBSERVED TIME   RECORD YEAR NORMAL DEPARTURE LAST
                VALUE   (LST)  VALUE       VALUE  FROM      YEAR
                                                  NORMAL
..................................................................
TEMPERATURE (F)
 TODAY
  MINIMUM         67    521 AM  29    1962  51     16       53

PRECIPITATION (IN)
  TODAY            0.00         MM      MM   0.10  -0.10     0.96
  MONTH TO DATE    0.72                      2.10  -1.38     1.28
  SINCE JUN 1     14.57                     13.16   1.41    18.70
  SINCE JAN 1     28.90                     28.62   0.28    29.29

DEGREE DAYS
 HEATING
  TODAY            0

 COOLING
  TODAY            4
..................................................................







THE ZANESVILLE OH CLIMATE NORMALS FOR TOMORROW
                         NORMAL    RECORD    YEAR
 MAXIMUM TEMPERATURE (F)   74        90      2010
                                             1970
 MINIMUM TEMPERATURE (F)   50        35      1999


SUNRISE AND SUNSET
SEPTEMBER 21 2014.....SUNRISE   714 AM EDT   SUNSET   726 PM EDT
SEPTEMBER 22 2014.....SUNRISE   715 AM EDT   SUNSET   725 PM EDT


-  INDICATES NEGATIVE NUMBERS.
R  INDICATES RECORD WAS SET OR TIED.
MM INDICATES DATA IS MISSING.
T  INDICATES TRACE AMOUNT.




$$
