000
CDUS41 KPBZ 222211
CLIZZV


CLIMATE REPORT
NATIONAL WEATHER SERVICE PITTSBURGH PA
511 PM EST MON JAN 22 2018


...................................

...THE ZANESVILLE OH CLIMATE SUMMARY FOR JANUARY 22 2018...
VALID TODAY AS OF 0500 PM LOCAL TIME.

CLIMATE NORMAL PERIOD 1981 TO 2010
CLIMATE RECORD PERIOD 1895 TO 2018


WEATHER ITEM   OBSERVED TIME   RECORD YEAR NORMAL DEPARTURE LAST
                VALUE   (LST)  VALUE       VALUE  FROM      YEAR
                                                  NORMAL
..................................................................
TEMPERATURE (F)
 TODAY
  MAXIMUM         62    248 PM  72    1906  37     25       65
  MINIMUM         45    631 AM -11    2011  20     25       47
  AVERAGE         54                        29     25       56

PRECIPITATION (IN)
  TODAY            0.04          2.30 1937   0.08  -0.04     0.01
  MONTH TO DATE    1.54                      1.94  -0.40     2.33
  SINCE JUN 1     24.40                     24.34   0.06    20.95
  SINCE JAN 1      1.54                      1.94  -0.40     2.33

DEGREE DAYS
 HEATING
  TODAY           11                        36    -25        9
  MONTH TO DATE  924                       792    132      619
  SINCE DEC 1   1985                      1796    189     1595
  SINCE JUL 1   2969                      2937     32     2452

 COOLING
  TODAY            0                         0      0        0
  MONTH TO DATE    0                         0      0        0
  SINCE DEC 1      0                         0      0        0
  SINCE JAN 1      0                         0      0        0
..................................................................


WIND (MPH)
  HIGHEST WIND SPEED    15   HIGHEST WIND DIRECTION     S (170)
  HIGHEST GUST SPEED    20   HIGHEST GUST DIRECTION    SE (150)
  AVERAGE WIND SPEED     8.0


SKY COVER
  POSSIBLE SUNSHINE  MM
  AVERAGE SKY COVER 0.6


WEATHER CONDITIONS
 THE FOLLOWING WEATHER WAS RECORDED TODAY.
  LIGHT RAIN
  FOG


RELATIVE HUMIDITY (PERCENT)
 HIGHEST    93          1200 AM
 LOWEST     55           200 PM
 AVERAGE    74

..........................................................


THE ZANESVILLE OH CLIMATE NORMALS FOR TOMORROW
                         NORMAL    RECORD    YEAR
 MAXIMUM TEMPERATURE (F)   37        67      1967
                                             1933
 MINIMUM TEMPERATURE (F)   20       -18      1936


SUNRISE AND SUNSET
JANUARY 22 2018.......SUNRISE   744 AM EST   SUNSET   535 PM EST
JANUARY 23 2018.......SUNRISE   743 AM EST   SUNSET   536 PM EST


-  INDICATES NEGATIVE NUMBERS.
R  INDICATES RECORD WAS SET OR TIED.
MM INDICATES DATA IS MISSING.
T  INDICATES TRACE AMOUNT.




$$
