000
CDUS41 KPBZ 210700
CLIZZV


CLIMATE REPORT
NATIONAL WEATHER SERVICE PITTSBURGH PA
300 AM EDT MON APR 21 2014


...................................

...THE ZANESVILLE OH CLIMATE SUMMARY FOR APRIL 20 2014...

CLIMATE NORMAL PERIOD 1981 TO 2010
CLIMATE RECORD PERIOD 1946 TO 2014


WEATHER ITEM   OBSERVED TIME   RECORD YEAR NORMAL DEPARTURE LAST
                VALUE   (LST)  VALUE       VALUE  FROM      YEAR
                                                  NORMAL
..................................................................
TEMPERATURE (F)
 YESTERDAY
  MAXIMUM         76    352 PM  85    1985  65     11       48
  MINIMUM         39    620 AM  25    1988  41     -2       30
  AVERAGE         58                        53      5       39

PRECIPITATION (IN)
  YESTERDAY        0.00         MM      MM   0.12  -0.12     0.01
  MONTH TO DATE    2.96                      2.30   0.66     1.30
  SINCE JUN 1     35.67                     32.53   3.14    31.27
  SINCE JAN 1      7.36                     10.13  -2.77     7.96

DEGREE DAYS
 HEATING
  YESTERDAY        7                        12     -5       26
  MONTH TO DATE  265                       306    -41      261
  SINCE MAR 1   1166                      1059    107     1147
  SINCE JUL 1   5723                      5250    473     5278

 COOLING
  YESTERDAY        0                         0      0        0
  MONTH TO DATE    5                         0      5       17
  SINCE MAR 1      5                         1      4       17
  SINCE JAN 1      5                         1      4       17
..................................................................


WIND (MPH)
  HIGHEST WIND SPEED    15   HIGHEST WIND DIRECTION    SE (130)
  HIGHEST GUST SPEED    21   HIGHEST GUST DIRECTION    SE (120)
  AVERAGE WIND SPEED     3.5


SKY COVER
  POSSIBLE SUNSHINE  MM
  AVERAGE SKY COVER 0.0


WEATHER CONDITIONS
 THE FOLLOWING WEATHER WAS RECORDED YESTERDAY.
  NO SIGNIFICANT WEATHER WAS OBSERVED.


RELATIVE HUMIDITY (PERCENT)
 HIGHEST    64           500 AM
 LOWEST     14           600 PM
 AVERAGE    39

..........................................................


THE ZANESVILLE OH CLIMATE NORMALS FOR TODAY
                         NORMAL    RECORD    YEAR
 MAXIMUM TEMPERATURE (F)   65        88      1985
 MINIMUM TEMPERATURE (F)   42        22      1953


SUNRISE AND SUNSET
APRIL 21 2014.........SUNRISE   641 AM EDT   SUNSET   812 PM EDT
APRIL 22 2014.........SUNRISE   640 AM EDT   SUNSET   813 PM EDT


-  INDICATES NEGATIVE NUMBERS.
R  INDICATES RECORD WAS SET OR TIED.
MM INDICATES DATA IS MISSING.
T  INDICATES TRACE AMOUNT.




$$
