144
CDUS41 KPBZ 232142
CLIZZV


CLIMATE REPORT
NATIONAL WEATHER SERVICE PITTSBURGH PA
541 PM EDT SUN JUL 23 2017


...................................

...THE ZANESVILLE OH CLIMATE SUMMARY FOR JULY 23 2017...
VALID TODAY AS OF 0500 PM LOCAL TIME.

CLIMATE NORMAL PERIOD 1981 TO 2010
CLIMATE RECORD PERIOD 1895 TO 2017


WEATHER ITEM   OBSERVED TIME   RECORD YEAR NORMAL DEPARTURE LAST
                VALUE   (LST)  VALUE       VALUE  FROM      YEAR
                                                  NORMAL
..................................................................
TEMPERATURE (F)
 TODAY
  MAXIMUM         80    339 PM  99    1933  84     -4       96
  MINIMUM         70    208 AM  41    1947  62      8       69
  AVERAGE         75                        73      2       83

PRECIPITATION (IN)
  TODAY            0.50          2.09 1983   0.12   0.38     0.00
  MONTH TO DATE    5.49                      2.94   2.55     1.59
  SINCE JUN 1      9.90                      6.98   2.92     4.03
  SINCE JAN 1     28.02                     22.44   5.58    19.01

DEGREE DAYS
 HEATING
  TODAY            0                         0      0        0
  MONTH TO DATE    0                         0      0        0
  SINCE JUN 1     23                        32     -9        4
  SINCE JUL 1      0                         0      0        0

 COOLING
  TODAY           10                         8      2       18
  MONTH TO DATE  226                       184     42      270
  SINCE JUN 1    413                       342     71      550
  SINCE JAN 1    500                       396    104      644
..................................................................


WIND (MPH)
  HIGHEST WIND SPEED    13   HIGHEST WIND DIRECTION     W (280)
  HIGHEST GUST SPEED    20   HIGHEST GUST DIRECTION    SW (240)
  AVERAGE WIND SPEED     5.4


SKY COVER
  POSSIBLE SUNSHINE  MM
  AVERAGE SKY COVER 0.9


WEATHER CONDITIONS
 THE FOLLOWING WEATHER WAS RECORDED TODAY.
  THUNDERSTORM
  HEAVY RAIN
  RAIN
  LIGHT RAIN
  FOG
  FOG W/VISIBILITY <= 1/4 MILE


RELATIVE HUMIDITY (PERCENT)
 HIGHEST   100           100 AM
 LOWEST     74           200 PM
 AVERAGE    87

..........................................................


THE ZANESVILLE OH CLIMATE NORMALS FOR TOMORROW
                         NORMAL    RECORD    YEAR
 MAXIMUM TEMPERATURE (F)   84       102      1934
 MINIMUM TEMPERATURE (F)   62        49      1954
                                             1947


SUNRISE AND SUNSET
JULY 23 2017..........SUNRISE   618 AM EDT   SUNSET   849 PM EDT
JULY 24 2017..........SUNRISE   619 AM EDT   SUNSET   849 PM EDT


-  INDICATES NEGATIVE NUMBERS.
R  INDICATES RECORD WAS SET OR TIED.
MM INDICATES DATA IS MISSING.
T  INDICATES TRACE AMOUNT.




$$
