000
CDUS41 KPBZ 262115
CLIZZV


CLIMATE REPORT
NATIONAL WEATHER SERVICE PITTSBURGH PA
515 PM EDT FRI AUG 26 2016


...................................

...THE ZANESVILLE OH CLIMATE SUMMARY FOR AUGUST 26 2016...
VALID TODAY AS OF 0500 PM LOCAL TIME.

CLIMATE NORMAL PERIOD 1981 TO 2010
CLIMATE RECORD PERIOD 1946 TO 2016


WEATHER ITEM   OBSERVED TIME   RECORD YEAR NORMAL DEPARTURE LAST
                VALUE   (LST)  VALUE       VALUE  FROM      YEAR
                                                  NORMAL
..................................................................
TEMPERATURE (F)
 TODAY
  MAXIMUM         90    224 PM  94    1953  82      8       67
  MINIMUM         70    631 AM  42    1958  59     11       53
  AVERAGE         80                        71      9       60

PRECIPITATION (IN)
  TODAY            0.00         MM      MM   0.11  -0.11     0.00
  MONTH TO DATE    2.77                      2.71   0.06     0.76
  SINCE JUN 1      7.98                     10.54  -2.56    10.67
  SINCE JAN 1     22.96                     26.00  -3.04    26.57

DEGREE DAYS
 HEATING
  TODAY            0                         0      0        5
  MONTH TO DATE    0                         0      0        8
  SINCE JUN 1      4                        35    -31       32
  SINCE JUL 1      0                         3     -3        8

 COOLING
  TODAY           15                         6      9        0
  MONTH TO DATE  312                       189    123      155
  SINCE JUN 1    995                       596    399      570
  SINCE JAN 1   1089                       650    439      687
..................................................................


WIND (MPH)
  HIGHEST WIND SPEED     9   HIGHEST WIND DIRECTION     N (340)
  HIGHEST GUST SPEED    12   HIGHEST GUST DIRECTION    NW (330)
  AVERAGE WIND SPEED     2.8


SKY COVER
  POSSIBLE SUNSHINE  MM
  AVERAGE SKY COVER 0.3


WEATHER CONDITIONS
 THE FOLLOWING WEATHER WAS RECORDED TODAY.
  FOG
  FOG W/VISIBILITY <= 1/4 MILE


RELATIVE HUMIDITY (PERCENT)
 HIGHEST   100           500 AM
 LOWEST     52           300 PM
 AVERAGE    76

..........................................................


THE ZANESVILLE OH CLIMATE NORMALS FOR TOMORROW
                         NORMAL    RECORD    YEAR
 MAXIMUM TEMPERATURE (F)   82        95      1953
 MINIMUM TEMPERATURE (F)   59        45      1958


SUNRISE AND SUNSET
AUGUST 26 2016........SUNRISE   650 AM EDT   SUNSET   807 PM EDT
AUGUST 27 2016........SUNRISE   651 AM EDT   SUNSET   806 PM EDT


-  INDICATES NEGATIVE NUMBERS.
R  INDICATES RECORD WAS SET OR TIED.
MM INDICATES DATA IS MISSING.
T  INDICATES TRACE AMOUNT.




$$
