000
CDUS41 KPBZ 250702
CLIZZV


CLIMATE REPORT
NATIONAL WEATHER SERVICE PITTSBURGH PA
302 AM EDT FRI JUL 25 2014


...................................

...THE ZANESVILLE OH CLIMATE SUMMARY FOR JULY 24 2014...

CLIMATE NORMAL PERIOD 1981 TO 2010
CLIMATE RECORD PERIOD 1946 TO 2014


WEATHER ITEM   OBSERVED TIME   RECORD YEAR NORMAL DEPARTURE LAST
                VALUE   (LST)  VALUE       VALUE  FROM      YEAR
                                                  NORMAL
..................................................................
TEMPERATURE (F)
 YESTERDAY
  MAXIMUM         76    505 PM  95    1999  84     -8       75
  MINIMUM         58   1159 PM  49    1954  62     -4       59
  AVERAGE         67                        73     -6       67

PRECIPITATION (IN)
  YESTERDAY        0.00         MM      MM   0.11  -0.11     0.00
  MONTH TO DATE    2.75                      3.05  -0.30     6.27
  SINCE JUN 1      9.49                      7.09   2.40    12.52
  SINCE JAN 1     23.82                     22.55   1.27    23.11

DEGREE DAYS
 HEATING
  YESTERDAY        0                         0      0        0
  MONTH TO DATE    8                         0      8        0
  SINCE JUN 1     18                        32    -14       18
  SINCE JUL 1      8                         0      8        0

 COOLING
  YESTERDAY        2                         8     -6        2
  MONTH TO DATE  141                       192    -51      260
  SINCE JUN 1    337                       350    -13      416
  SINCE JAN 1    419                       404     15      524
..................................................................


WIND (MPH)
  HIGHEST WIND SPEED    14   HIGHEST WIND DIRECTION     N (360)
  HIGHEST GUST SPEED    20   HIGHEST GUST DIRECTION    NE (50)
  AVERAGE WIND SPEED     6.4


SKY COVER
  POSSIBLE SUNSHINE  MM
  AVERAGE SKY COVER 0.5


WEATHER CONDITIONS
 THE FOLLOWING WEATHER WAS RECORDED YESTERDAY.
  NO SIGNIFICANT WEATHER WAS OBSERVED.


RELATIVE HUMIDITY (PERCENT)
 HIGHEST    84           500 AM
 LOWEST     43           400 PM
 AVERAGE    64

..........................................................


THE ZANESVILLE OH CLIMATE NORMALS FOR TODAY
                         NORMAL    RECORD    YEAR
 MAXIMUM TEMPERATURE (F)   84        95      2005
 MINIMUM TEMPERATURE (F)   62        49      1953


SUNRISE AND SUNSET
JULY 25 2014..........SUNRISE   620 AM EDT   SUNSET   848 PM EDT
JULY 26 2014..........SUNRISE   621 AM EDT   SUNSET   847 PM EDT


-  INDICATES NEGATIVE NUMBERS.
R  INDICATES RECORD WAS SET OR TIED.
MM INDICATES DATA IS MISSING.
T  INDICATES TRACE AMOUNT.




$$
