000
CDUS41 KPBZ 251221
CLIZZV


CLIMATE REPORT
NATIONAL WEATHER SERVICE PITTSBURGH PA
821 AM EDT SUN SEP 25 2016


...................................

...THE ZANESVILLE OH CLIMATE SUMMARY FOR SEPTEMBER 25 2016...
VALID AS OF 0800 AM LOCAL TIME.

CLIMATE NORMAL PERIOD 1981 TO 2010
CLIMATE RECORD PERIOD 1946 TO 2016


WEATHER ITEM   OBSERVED TIME   RECORD YEAR NORMAL DEPARTURE LAST
                VALUE   (LST)  VALUE       VALUE  FROM      YEAR
                                                  NORMAL
..................................................................
TEMPERATURE (F)
 TODAY
  MAXIMUM         59   1220 AM  90    2007
  MINIMUM         51    647 AM  31    1950  49      2       51

PRECIPITATION (IN)
  TODAY            0.00         MM      MM   0.11  -0.11     0.00
  MONTH TO DATE    1.16                      2.51  -1.35     2.75
  SINCE JUN 1      9.25                     13.57  -4.32    13.42
  SINCE JAN 1     24.23                     29.03  -4.80    29.32

DEGREE DAYS
 HEATING
  TODAY           10

 COOLING
  TODAY            0
..................................................................







THE ZANESVILLE OH CLIMATE NORMALS FOR TOMORROW
                         NORMAL    RECORD    YEAR
 MAXIMUM TEMPERATURE (F)   72        88      1998
 MINIMUM TEMPERATURE (F)   49        33      1950


SUNRISE AND SUNSET
SEPTEMBER 25 2016.....SUNRISE   718 AM EDT   SUNSET   719 PM EDT
SEPTEMBER 26 2016.....SUNRISE   719 AM EDT   SUNSET   717 PM EDT


-  INDICATES NEGATIVE NUMBERS.
R  INDICATES RECORD WAS SET OR TIED.
MM INDICATES DATA IS MISSING.
T  INDICATES TRACE AMOUNT.




$$
