000
CDUS41 KPBZ 212113
CLIZZV


CLIMATE REPORT
NATIONAL WEATHER SERVICE PITTSBURGH PA
513 PM EDT TUE OCT 21 2014


...................................

...THE ZANESVILLE OH CLIMATE SUMMARY FOR OCTOBER 21 2014...
VALID TODAY AS OF 0500 PM LOCAL TIME.

CLIMATE NORMAL PERIOD 1981 TO 2010
CLIMATE RECORD PERIOD 1946 TO 2014


WEATHER ITEM   OBSERVED TIME   RECORD YEAR NORMAL DEPARTURE LAST
                VALUE   (LST)  VALUE       VALUE  FROM      YEAR
                                                  NORMAL
..................................................................
TEMPERATURE (F)
 TODAY
  MAXIMUM         52   1245 PM  83    1953  63    -11       66
  MINIMUM         47    412 AM  15    1952  40      7       36
  AVERAGE         50                        51     -1       51

PRECIPITATION (IN)
  TODAY            0.07         MM      MM   0.08  -0.01     0.00
  MONTH TO DATE    2.35                      1.79   0.56     1.86
  SINCE JUN 1     17.30                     15.86   1.44    20.56
  SINCE JAN 1     31.63                     31.32   0.31    31.15

DEGREE DAYS
 HEATING
  TODAY           15                        14      1       14
  MONTH TO DATE  213                       226    -13      128
  SINCE SEP 1    313                       324    -11      218
  SINCE JUL 1    334                       335     -1      227

 COOLING
  TODAY            0                         0      0        0
  MONTH TO DATE    4                         7     -3       33
  SINCE SEP 1     86                        89     -3      123
  SINCE JAN 1    727                       766    -39      856
..................................................................


WIND (MPH)
  HIGHEST WIND SPEED    18   HIGHEST WIND DIRECTION    NW (330)
  HIGHEST GUST SPEED    23   HIGHEST GUST DIRECTION     N (340)
  AVERAGE WIND SPEED     6.1


SKY COVER
  POSSIBLE SUNSHINE  MM
  AVERAGE SKY COVER 0.9


WEATHER CONDITIONS
 THE FOLLOWING WEATHER WAS RECORDED TODAY.
  LIGHT RAIN
  FOG


RELATIVE HUMIDITY (PERCENT)
 HIGHEST   100           400 AM
 LOWEST     77          1200 PM
 AVERAGE    89

..........................................................


THE ZANESVILLE OH CLIMATE NORMALS FOR TOMORROW
                         NORMAL    RECORD    YEAR
 MAXIMUM TEMPERATURE (F)   63        82      1979
 MINIMUM TEMPERATURE (F)   40        20      1952


SUNRISE AND SUNSET
OCTOBER 21 2014.......SUNRISE   744 AM EDT   SUNSET   639 PM EDT
OCTOBER 22 2014.......SUNRISE   745 AM EDT   SUNSET   638 PM EDT


-  INDICATES NEGATIVE NUMBERS.
R  INDICATES RECORD WAS SET OR TIED.
MM INDICATES DATA IS MISSING.
T  INDICATES TRACE AMOUNT.




$$
