000
CDUS41 KPBZ 222211
CLIZZV


CLIMATE REPORT
NATIONAL WEATHER SERVICE PITTSBURGH PA
511 PM EST WED FEB 22 2017


...................................

...THE ZANESVILLE OH CLIMATE SUMMARY FOR FEBRUARY 22 2017...
VALID TODAY AS OF 0500 PM LOCAL TIME.

CLIMATE NORMAL PERIOD 1981 TO 2010
CLIMATE RECORD PERIOD 1946 TO 2017


WEATHER ITEM   OBSERVED TIME   RECORD YEAR NORMAL DEPARTURE LAST
                VALUE   (LST)  VALUE       VALUE  FROM      YEAR
                                                  NORMAL
..................................................................
TEMPERATURE (F)
 TODAY
  MAXIMUM         60    204 PM  67    1992  43     17       52
  MINIMUM         52    742 AM -10    1963  24     28       31
  AVERAGE         56                        34     22       42

PRECIPITATION (IN)
  TODAY            0.03         MM      MM   0.07  -0.04     0.00
  MONTH TO DATE    1.26                      1.68  -0.42     1.81
  SINCE JUN 1     22.79                     26.74  -3.95    25.06
  SINCE JAN 1      4.17                      4.34  -0.17     2.73

DEGREE DAYS
 HEATING
  TODAY            9                        31    -22       23
  MONTH TO DATE  547                       740   -193      676
  SINCE DEC 1   2397                      2866   -469     2356
  SINCE JUL 1   3254                      4007   -753     3198

 COOLING
  TODAY            0                         0      0        0
  MONTH TO DATE    0                         0      0        0
  SINCE DEC 1      0                         0      0        0
  SINCE JAN 1      0                         0      0        0
..................................................................


WIND (MPH)
  HIGHEST WIND SPEED    13   HIGHEST WIND DIRECTION    SW (210)
  HIGHEST GUST SPEED    16   HIGHEST GUST DIRECTION    SW (210)
  AVERAGE WIND SPEED     4.6


SKY COVER
  POSSIBLE SUNSHINE  MM
  AVERAGE SKY COVER 1.0


WEATHER CONDITIONS
 THE FOLLOWING WEATHER WAS RECORDED TODAY.
  LIGHT RAIN
  FOG


RELATIVE HUMIDITY (PERCENT)
 HIGHEST    96           400 AM
 LOWEST     72          1200 AM
 AVERAGE    84

..........................................................


THE ZANESVILLE OH CLIMATE NORMALS FOR TOMORROW
                         NORMAL    RECORD    YEAR
 MAXIMUM TEMPERATURE (F)   43        64      2000
 MINIMUM TEMPERATURE (F)   24        -3      2015


SUNRISE AND SUNSET
FEBRUARY 22 2017......SUNRISE   711 AM EST   SUNSET   612 PM EST
FEBRUARY 23 2017......SUNRISE   709 AM EST   SUNSET   613 PM EST


-  INDICATES NEGATIVE NUMBERS.
R  INDICATES RECORD WAS SET OR TIED.
MM INDICATES DATA IS MISSING.
T  INDICATES TRACE AMOUNT.




$$
