000
CXUS53 KABR 011738
CLM8D3


CLIMATE REPORT
NATIONAL WEATHER SERVICE ABERDEEN SD
1129 AM CST SUN FEB 1 2015

...................................

...THE SISSETON SD CLIMATE SUMMARY FOR THE MONTH OF JANUARY 2015...

CLIMATE NORMAL PERIOD 1981 TO 2010
CLIMATE RECORD PERIOD 1900 TO 2015

WEATHER         OBSERVED          NORMAL  DEPART  LAST YEAR`S
                 VALUE   DATE(S)  VALUE   FROM    VALUE  DATE(S)
                                          NORMAL
................................................................
TEMPERATURE (F)
RECORD
 HIGH              65   01/24/1981
 LOW              -37   01/24/1936
HIGHEST            47   01/19        MM      MM       45  01/12
LOWEST            -15   01/12        MM      MM      -24  01/02
AVG. MAXIMUM     27.0              23.0     4.0     21.8
AVG. MINIMUM     10.5               3.3     7.2     -1.2
MEAN             18.7              13.1     5.6     10.3
DAYS MAX >= 90      0               0.0     0.0        0
DAYS MAX <= 32     18              22.7    -4.7       21
DAYS MIN <= 32     31              30.8     0.2       31
DAYS MIN <= 0      10              13.2    -3.2       18

PRECIPITATION (INCHES)
RECORD
 MAXIMUM         2.01   1952
 MINIMUM            T   1974
TOTALS           0.47              0.43    0.04     0.50
DAYS >= .01         8                MM      MM        9
DAYS >= .10         2                MM      MM        1
DAYS >= .50         0                MM      MM        0
DAYS >= 1.00        0                MM      MM        0

SNOWFALL (INCHES)
RECORDS
 TOTAL           29.4   MM
 SNOW DEPTH        35   MM
TOTALS            4.4                MM      MM      7.1
SINCE 7/1        17.5                MM      MM     20.2
SNOWDEPTH AVG.      2                MM      MM        3
DAYS >= TRACE       7                MM      MM       13
DAYS >= 1.0         2                MM      MM        3
GREATEST
 SNOW DEPTH         3   01/14                          4  01/30
                        01/13                             01/03
                        01/12                             01/02

DEGREE_DAYS
HEATING TOTAL    1428              1607    -179     1689
 SINCE 7/1       4738              4946    -208     5268
COOLING TOTAL       0                 0       0        0
 SINCE 1/1          0                 0       0        0

FREEZE DATES
RECORD
 EARLIEST     MM
 LATEST       MM
EARLIEST                        MM
LATEST                          MM
.................................................................

WIND (MPH)
AVERAGE WIND SPEED              13.1
RESULTANT WIND SPEED/DIRECTION   6/320
HIGHEST WIND SPEED/DIRECTION    46/340    DATE  01/08
HIGHEST GUST SPEED/DIRECTION    58/350    DATE  01/08

SKY COVER
POSSIBLE SUNSHINE (PERCENT)   MM
AVERAGE SKY COVER           0.00
NUMBER OF DAYS FAIR           31
NUMBER OF DAYS PC              0
NUMBER OF DAYS CLOUDY          0

AVERAGE RH (PERCENT)     79

WEATHER CONDITIONS. NUMBER OF DAYS WITH
THUNDERSTORM              0     MIXED PRECIP               0
HEAVY RAIN                0     RAIN                       0
LIGHT RAIN                0     FREEZING RAIN              0
LT FREEZING RAIN          2     HAIL                       0
HEAVY SNOW                0     SNOW                       2
LIGHT SNOW                5     SLEET                      0
FOG                       0     FOG W/VIS <= 1/4 MILE      0
HAZE                      0

-  INDICATES NEGATIVE NUMBERS.
R  INDICATES RECORD WAS SET OR TIED.
MM INDICATES DATA IS MISSING.
T  INDICATES TRACE AMOUNT.

$$
