000
CXUS51 KPHI 011201
CLMACY


CLIMATE REPORT
NATIONAL WEATHER SERVICE MOUNT HOLLY NJ
801 AM EDT TUE JUL 1 2014

...................................

...THE ATLANTIC CITY CLIMATE SUMMARY FOR THE MONTH OF JUNE 2014...

CLIMATE NORMAL PERIOD 1981 TO 2010
CLIMATE RECORD PERIOD 1874 TO 2014

WEATHER         OBSERVED          NORMAL  DEPART  LAST YEAR`S
                 VALUE   DATE(S)  VALUE   FROM    VALUE  DATE(S)
                                          NORMAL
................................................................
TEMPERATURE (F)
RECORD
 HIGH             106   06/28/1969
 LOW               37   06/12/1980
                        06/01/1967
HIGHEST            95   06/18        93       2       92  06/25
                                                          06/24
LOWEST             43   06/02        45      -2       49  06/05
AVG. MAXIMUM     81.5              80.6     0.9     81.0
AVG. MINIMUM     60.3              61.2    -0.9     62.1
MEAN             70.9              70.9     0.0     71.6
DAYS MAX >= 90      2               3.5    -1.5        3
DAYS MAX <= 32      0               0.0     0.0        0
DAYS MIN <= 32      0               0.0     0.0        0
DAYS MIN <= 0       0               0.0     0.0        0

PRECIPITATION (INCHES)
RECORD
 MAXIMUM         8.45   1920
 MINIMUM         0.28   1954
TOTALS           1.54              3.11   -1.57     7.53
DAILY AVG.       0.05              0.10   -0.05     0.25
DAYS >= .01         6               9.4    -3.4       15
DAYS >= .10         4               5.7    -1.7        9
DAYS >= .50         1               1.8    -0.8        4
DAYS >= 1.00        0               0.8    -0.8        3
GREATEST
 24 HR. TOTAL    0.71   06/05 TO 06/05              2.86
                        06/04 TO 06/05
                        06/05 TO 06/05

SNOWFALL (INCHES)
RECORDS
 TOTAL             MM   5
 24 HR TOTAL       MM
TOTALS            0.0               0.0     0.0      0.0
SINCE 7/1        43.8              16.5    27.3     14.6
SNOWDEPTH AVG.      0                MM      MM        0
DAYS >= 1.0         0               0.0     0.0        0
GREATEST
 SNOW DEPTH         0   MM                             0  MM
 24 HR TOTAL      0.0   06/30 TO 06/30               0.0

DEGREE_DAYS
HEATING TOTAL      10                27     -17        8
 SINCE 7/1       5307              4905     402     4838
COOLING TOTAL     196               203      -7      211
 SINCE 1/1        232               267     -35      305
.................................................................

WIND (MPH)
AVERAGE WIND SPEED              7.2
HIGHEST WIND SPEED/DIRECTION    38/280    DATE  06/19
HIGHEST GUST SPEED/DIRECTION    54/280    DATE  06/19

SKY COVER
POSSIBLE SUNSHINE (PERCENT)   MM
AVERAGE SKY COVER           0.30
NUMBER OF DAYS FAIR           18
NUMBER OF DAYS PC             10
NUMBER OF DAYS CLOUDY          2

AVERAGE RH (PERCENT)     72

WEATHER CONDITIONS. NUMBER OF DAYS WITH
THUNDERSTORM              0     MIXED PRECIP               0
HEAVY RAIN                3     RAIN                       2
LIGHT RAIN               11     FREEZING RAIN              0
LT FREEZING RAIN          0     HEAVY SNOW                 0
SNOW                      0     LIGHT SNOW                 0
SLEET                     0     FOG                       14
FOG W/VIS <= 1/4 MILE     3     HAZE                       1

-  INDICATES NEGATIVE NUMBERS.
R  INDICATES RECORD WAS SET OR TIED.
MM INDICATES DATA IS MISSING.
T  INDICATES TRACE AMOUNT.

$$
