000
CXUS52 KCAE 022320
CLMAGS


CLIMATE REPORT
NATIONAL WEATHER SERVICE COLUMBIA SC
657 PM EDT TUE MAY 2 2017

...................................

...THE AUGUSTA BUSH FIELD GA CLIMATE SUMMARY FOR THE MONTH OF APRIL 2017...

CLIMATE NORMAL PERIOD 1981 TO 2010
CLIMATE RECORD PERIOD 1873 TO 2017

WEATHER         OBSERVED          NORMAL  DEPART
                 VALUE   DATE(S)  VALUE   FROM
                                          NORMAL
................................................
TEMPERATURE (F)
RECORD
 HIGH              96   04/27/1986
 LOW               26   04/08/2007
                        04/07/1982
                        04/20/1983
HIGHEST            92   04/28        MM      MM
LOWEST             35   04/08        MM      MM
AVG. MAXIMUM     83.2              77.3     5.9
AVG. MINIMUM     55.4              48.1     7.3
MEAN             69.3              62.7     6.6
DAYS MAX >= 90      4               0.8     3.2
DAYS MAX <= 32      0               0.0     0.0
DAYS MIN <= 32      0               0.9    -0.9
DAYS MIN <= 0       0               0.0     0.0

PRECIPITATION (INCHES)
RECORD
 MAXIMUM         8.43   1961
 MINIMUM         0.60   1970
TOTALS           2.60              2.84   -0.24
DAILY AVG.       0.09              0.09    0.00
DAYS >= .01         5               7.5    -2.5
DAYS >= .10         3               5.1    -2.1
DAYS >= .50         3               2.0     1.0
DAYS >= 1.00        1               0.7     0.3
GREATEST
 24 HR. TOTAL    1.21   04/24 TO 04/24
 STORM TOTAL       MM
 (MM/DD(HH))            MM

SNOWFALL (INCHES)
RECORDS
 TOTAL             MM   MM
TOTALS            0.0               0.0     0.0
SINCE 7/1           T               0.9    -0.9
DAYS >= TRACE       0               0.0     0.0
DAYS >= 1.0         0               0.0     0.0
GREATEST
 SNOW DEPTH         0   MM

DEGREE_DAYS
HEATING TOTAL      31               124     -93
 SINCE 7/1       1404              2452   -1048
COOLING TOTAL     167                55     112
 SINCE 1/1        250                73     177

FREEZE DATES
RECORD
 EARLIEST     MM
 LATEST       MM
EARLIEST                        MM
LATEST                          MM
.................................................

WIND (MPH)
AVERAGE WIND SPEED              5.8
RESULTANT WIND SPEED/DIRECTION   2/204
HIGHEST WIND SPEED/DIRECTION    36/280    DATE  04/03
HIGHEST GUST SPEED/DIRECTION    47/280    DATE  04/03

SKY COVER
POSSIBLE SUNSHINE (PERCENT)   MM
AVERAGE SKY COVER           0.30
NUMBER OF DAYS FAIR           19
NUMBER OF DAYS PC              9
NUMBER OF DAYS CLOUDY          2

AVERAGE RH (PERCENT)     68

WEATHER CONDITIONS. NUMBER OF DAYS WITH
THUNDERSTORM              7     MIXED PRECIP               0
HEAVY RAIN                3     RAIN                       4
LIGHT RAIN                9     FREEZING RAIN              0
LT FREEZING RAIN          0     HAIL                       0
HEAVY SNOW                0     SNOW                       0
LIGHT SNOW                0     SLEET                      0
FOG                      21     FOG W/VIS <= 1/4 MILE      9
HAZE                      8

-  INDICATES NEGATIVE NUMBERS.
R  INDICATES RECORD WAS SET OR TIED.
MM INDICATES DATA IS MISSING.
T  INDICATES TRACE AMOUNT.

$$
