000
CXUS42 KFFC 011623
CLMAHN


CLIMATE REPORT
NATIONAL WEATHER SERVICE PEACHTREE CITY GA
1121 AM EST WED FEB 1 2017

...................................

...THE ATHENS CLIMATE SUMMARY FOR THE MONTH OF JANUARY 2017...

CLIMATE NORMAL PERIOD 1981 TO 2010
CLIMATE RECORD PERIOD 1898 TO 2017

WEATHER         OBSERVED          NORMAL  DEPART  LAST YEAR`S
                 VALUE   DATE(S)  VALUE   FROM    VALUE  DATE(S)
                                          NORMAL
................................................................
TEMPERATURE (F)
RECORD
 HIGH              80   MM
 LOW               -4   MM
HIGHEST            79   01/13        80      -1       67  01/31
LOWEST             17   01/08        -4      21       20  01/19
AVG. MAXIMUM     62.2              53.9     8.3     52.2
AVG. MINIMUM     40.7              33.1     7.6     31.8
MEAN             51.5              43.5     8.0     42.0
DAYS MAX >= 90      0               0.0     0.0        0
DAYS MAX <= 32      0               0.5    -0.5        0
DAYS MIN <= 32      8              14.7    -6.7       18
DAYS MIN <= 0       0               0.0     0.0        0

PRECIPITATION (INCHES)
RECORD
 MAXIMUM        12.83   1936
 MINIMUM         0.64   1981
TOTALS           6.51              4.05    2.46     3.68
DAILY AVG.       0.21              0.13    0.08     0.12
GREATEST
 24 HR. TOTAL    2.52   01/21 TO 01/22           01/21 TO 01/22
                                                          01/22 TO 01/22
                                                          01/22 TO 01/22

SNOWFALL (INCHES)
RECORDS
 TOTAL              T   2008
                        2005
                        2001
 24 HR TOTAL        T   MM
                        01/19/2008 TO 01/19/2008
TOTALS            0.0               1.4    -1.4      0.1
SINCE 7/1         0.0               1.5    -1.5      0.1
SNOWDEPTH AVG.      0                MM      MM        0
DAYS >= TRACE       0               0.8    -0.8        1
DAYS >= 1.0         0               0.4    -0.4        0
GREATEST
 24 HR TOTAL      0.0   01/31 TO 01/31           01/22 TO 01/22
                                                          01/22 TO 01/22
                                                          01/22 TO 01/22

DEGREE_DAYS
HEATING TOTAL     415               667    -252      706
 SINCE 7/1       1247              1757    -510     1345
...................................................

WIND (MPH)
AVERAGE WIND SPEED              5.4
HIGHEST WIND SPEED/DIRECTION    23/300    DATE  01/23
HIGHEST GUST SPEED/DIRECTION    31/330    DATE  01/23

SKY COVER
POSSIBLE SUNSHINE (PERCENT)   MM
AVERAGE SKY COVER           0.40
NUMBER OF DAYS FAIR           14
NUMBER OF DAYS PC             11
NUMBER OF DAYS CLOUDY          6

AVERAGE RH (PERCENT)     70

WEATHER CONDITIONS. NUMBER OF DAYS WITH
THUNDERSTORM              0     MIXED PRECIP               0
HEAVY RAIN                5     RAIN                       8
LIGHT RAIN               10     FREEZING RAIN              0
LT FREEZING RAIN          0     HAIL                       0
HEAVY SNOW                0     SNOW                       0
LIGHT SNOW                1     SLEET                      0
FOG                      15     FOG W/VIS <= 1/4 MILE      6
HAZE                      0

-  INDICATES NEGATIVE NUMBERS.
R  INDICATES RECORD WAS SET OR TIED.
MM INDICATES DATA IS MISSING.
T  INDICATES TRACE AMOUNT.

$$
