000
CXUS55 KCYS 031934
CLMAIA


CLIMATE REPORT
NATIONAL WEATHER SERVICE CHEYENNE WY
134 PM MDT THU SEP 3 2015

...................................

...THE ALLIANCE NE AIRPORT CLIMATE SUMMARY FOR THE MONTH OF AUGUST 2015...

CLIMATE NORMAL PERIOD 1981 TO 2010
CLIMATE RECORD PERIOD 1896 TO 2015

WEATHER         OBSERVED          NORMAL  DEPART  LAST YEAR`S
                 VALUE   DATE(S)  VALUE   FROM    VALUE
                                          NORMAL
.............................................................
TEMPERATURE (F)
RECORD
 HIGH             107   08/13/2007
 LOW               30   08/25/1910
HIGHEST           101   08/15        MM      MM       99
LOWEST             39   08/23        MM      MM       47
AVG. MAXIMUM     87.2              86.3     0.9     87.2
AVG. MINIMUM     52.7              54.4    -1.7     53.8
MEAN             70.0              70.4    -0.4     70.5
DAYS MAX >= 90     15              11.7               13
DAYS MAX <= 32      0               0.0                0
DAYS MIN <= 32      0               0.1                0
DAYS MIN <= 0       0               0.0                0

PRECIPITATION (INCHES)
RECORD
 MAXIMUM         5.88   1963
 MINIMUM         0.00   1935
TOTALS           0.83              1.70   -0.87     2.59
DAYS >= .01         5                MM      MM       10
DAYS >= .10         2                MM      MM        6
DAYS >= .50         1                MM      MM        1
DAYS >= 1.00        0                MM      MM        1
GREATEST
 24 HR. TOTAL    0.63   08/17 TO 08/18

DEGREE_DAYS
HEATING TOTAL      37                25      12       10
 SINCE 7/1         52                37      15       37
COOLING TOTAL     200               191       9      190
 SINCE 1/1        478               523     -45      462
..............................................................

WIND (MPH)
AVERAGE WIND SPEED              9.0
HIGHEST WIND SPEED/DIRECTION    40/230    DATE  08/15
HIGHEST GUST SPEED/DIRECTION    53/230    DATE  08/15

SKY COVER
POSSIBLE SUNSHINE (PERCENT)   MM
AVERAGE SKY COVER           0.10
NUMBER OF DAYS FAIR           29
NUMBER OF DAYS PC              1
NUMBER OF DAYS CLOUDY          1

AVERAGE RH (PERCENT)     61

WEATHER CONDITIONS. NUMBER OF DAYS WITH
THUNDERSTORM              0     MIXED PRECIP               0
HEAVY RAIN                2     RAIN                       3
LIGHT RAIN                5     FREEZING RAIN              0
LT FREEZING RAIN          0     HAIL                       0
HEAVY SNOW                0     SNOW                       0
LIGHT SNOW                0     SLEET                      0
FOG                       9     FOG W/VIS <= 1/4 MILE      2
HAZE                      1

-  INDICATES NEGATIVE NUMBERS.
R  INDICATES RECORD WAS SET OR TIED.
MM INDICATES DATA IS MISSING.
T  INDICATES TRACE AMOUNT.

$$
