000
CXUS55 KPUB 011536
CLMALS


CLIMATE REPORT
NATIONAL WEATHER SERVICE PUEBLO
833 AM MST WED MAR 1 2017

...................................

...THE ALAMOSA CO CLIMATE SUMMARY FOR THE MONTH OF FEBRUARY 2017...

CLIMATE NORMAL PERIOD 1981 TO 2010
CLIMATE RECORD PERIOD 1932 TO 2017

WEATHER         OBSERVED          NORMAL  DEPART  LAST YEAR`S
                 VALUE   DATE(S)  VALUE   FROM    VALUE  DATE(S)
                                          NORMAL
................................................................
TEMPERATURE (F)
RECORD
 HIGH              66   02/25/1986
 LOW              -35   02/13/1948
HIGHEST            58   02/21        44      14       61  02/18
                        02/10                             02/20
LOWEST             -6   02/01         0      -6      -20  02/04
AVG. MAXIMUM     43.5              39.9     3.6     47.2
AVG. MINIMUM     15.5               5.7     9.8      9.7
MEAN             29.5              22.8     6.7     28.5
DAYS MAX >= 90      0               0.0     0.0
DAYS MAX <= 32      1               6.0    -5.0
DAYS MIN <= 32     26              27.9    -1.9
DAYS MIN <= 0       3               8.5    -5.5

PRECIPITATION (INCHES)
RECORD
 MAXIMUM         1.42   1963
 MINIMUM         0.00   1907
TOTALS           0.29              0.26    0.03     0.40
DAILY AVG.       0.01              0.01    0.00
DAYS >= .01         2               3.9    -1.9
DAYS >= .10         1               0.9     0.1
DAYS >= .50         0               0.0     0.0
DAYS >= 1.00        0               0.0     0.0
GREATEST
 24 HR. TOTAL    0.27   02/13 TO 02/13

SNOWFALL (INCHES)
RECORDS
 TOTAL           16.0   1963
TOTALS            2.4               3.8    -1.4      4.1
SINCE 7/1        35.5              18.1    17.4     18.8
SNOWDEPTH AVG.      1
DAYS >= 1.0         1               1.3    -0.3
GREATEST
 SNOW DEPTH         3   02/04                          1
                        02/03
                        02/02
 24 HR TOTAL      2.1   02/13 TO 02/13               2.2

DEGREE_DAYS
HEATING TOTAL     988              1182    -194     1052
 SINCE 7/1       5789              6329    -540     5766
COOLING TOTAL       0                 0       0        0
 SINCE 1/1          0                 0       0        0
.................................................................

WIND (MPH)
AVERAGE WIND SPEED              7.1
HIGHEST WIND SPEED/DIRECTION    37/240    DATE  02/27
HIGHEST GUST SPEED/DIRECTION    46/240    DATE  02/27

SKY COVER
POSSIBLE SUNSHINE (PERCENT)   MM
AVERAGE SKY COVER           0.20
NUMBER OF DAYS FAIR           24
NUMBER OF DAYS PC              2
NUMBER OF DAYS CLOUDY          2

AVERAGE RH (PERCENT)     67

WEATHER CONDITIONS. NUMBER OF DAYS WITH
THUNDERSTORM              0     MIXED PRECIP               0
HEAVY RAIN                0     RAIN                       0
LIGHT RAIN                1     FREEZING RAIN              0
LT FREEZING RAIN          0     HAIL                       0
HEAVY SNOW                0     SNOW                       1
LIGHT SNOW                4     SLEET                      0
FOG                       6     FOG W/VIS <= 1/4 MILE      0
HAZE                      2

-  INDICATES NEGATIVE NUMBERS.
R  INDICATES RECORD WAS SET OR TIED.
MM INDICATES DATA IS MISSING.
T  INDICATES TRACE AMOUNT.

$$
