000
CXUS52 KJAX 011506
CLMAMG

CLIMATE REPORT
NATIONAL WEATHER SERVICE JACKSONVILLE FL
1101 AM EDT FRI JUL 1 2016

...................................

...THE ALMA CLIMATE SUMMARY FOR THE MONTH OF JUNE 2016...

CLIMATE NORMAL PERIOD 1981 TO 2010
CLIMATE RECORD PERIOD 1948 TO 2016

WEATHER         OBSERVED          NORMAL  DEPART  LAST YEAR`S
                 VALUE   DATE(S)  VALUE   FROM    VALUE  DATE(S)
                                          NORMAL
................................................................
TEMPERATURE (F)
RECORD
 HIGH             104   06/05/1985
                        06/04/1985
 LOW               47   06/02/1984
HIGHEST            98   06/25        90       8       99  06/17
                                                          06/16
LOWEST             60   06/09        69      -9       65  06/08
                                                          06/06
                                                          06/02
AVG. MAXIMUM     91.6              90.3     1.3     91.5
AVG. MINIMUM     69.7              69.2     0.5     70.1
MEAN             80.6              79.7     0.9     80.8
DAYS MAX >= 90     22              16.7     5.3       19
DAYS MAX <= 32      0               0.0     0.0        0
DAYS MIN <= 32      0               0.0     0.0        0
DAYS MIN <= 0       0               0.0     0.0        0

PRECIPITATION (INCHES)
RECORD
 MAXIMUM        11.43   1973
 MINIMUM         1.27   1977
TOTALS           5.20              5.38   -0.18     5.41
DAILY AVG.       0.17              0.18   -0.01     0.18
DAYS >= .01        12              11.9     0.1       11
DAYS >= .10         8               8.7    -0.7        8
DAYS >= .50         4               3.7     0.3        4
DAYS >= 1.00        1               1.5    -0.5        2
GREATEST
 24 HR. TOTAL    2.05

SNOWFALL (INCHES)
RECORDS
 TOTAL             MM   MM
TOTALS            0.0               0.0     0.0      0.0
SINCE 7/1         0.0               0.1    -0.1      0.0
SNOWDEPTH AVG.      0                MM      MM        0
DAYS >= 1.0         0               0.0     0.0        0
GREATEST
 SNOW DEPTH         0   MM                             0  MM
 24 HR TOTAL      0.0

DEGREE_DAYS
HEATING TOTAL       0                 0       0        0
 SINCE 7/1       1274              1659    -385     1820
COOLING TOTAL     475               443      32      480
 SINCE 1/1        926               873      53     1005
.................................................................

WIND (MPH)
AVERAGE WIND SPEED              4.2
HIGHEST WIND SPEED/DIRECTION    31/310    DATE  06/17
HIGHEST GUST SPEED/DIRECTION    44/140    DATE  06/14

SKY COVER
POSSIBLE SUNSHINE (PERCENT)   MM
AVERAGE SKY COVER           0.20
NUMBER OF DAYS FAIR           25
NUMBER OF DAYS PC              4
NUMBER OF DAYS CLOUDY          1

AVERAGE RH (PERCENT)     72

WEATHER CONDITIONS. NUMBER OF DAYS WITH
THUNDERSTORM              0     MIXED PRECIP               0
HEAVY RAIN               10     RAIN                       8
LIGHT RAIN               11     FREEZING RAIN              0
LT FREEZING RAIN          0     HAIL                       0
HEAVY SNOW                0     SNOW                       0
LIGHT SNOW                0     SLEET                      0
FOG                      21     FOG W/VIS <= 1/4 MILE      3
HAZE                      6

-  INDICATES NEGATIVE NUMBERS.
R  INDICATES RECORD WAS SET OR TIED.
MM INDICATES DATA IS MISSING.
T  INDICATES TRACE AMOUNT.

$$
