000
CXUS54 KBMX 011334
CLMANB


CLIMATE REPORT
NATIONAL WEATHER SERVICE BIRMINGHAM, AL
834 AM CDT SAT AUG 1 2015

...................................

...THE ANNISTON CLIMATE SUMMARY FOR THE MONTH OF JULY 2015...

CLIMATE NORMAL PERIOD 1981 TO 2010
CLIMATE RECORD PERIOD 1903 TO 2015

WEATHER         OBSERVED          NORMAL  DEPART  LAST YEAR`S
                 VALUE   DATE(S)  VALUE   FROM    VALUE  DATE(S)
                                          NORMAL
................................................................
TEMPERATURE (F)
RECORD
 HIGH             105   07/13/1980
 LOW               50   07/15/1967
HIGHEST            97   07/21        MM      MM       96  07/27
LOWEST             67   07/31        MM      MM       54  07/30
                        07/02
                        07/01
AVG. MAXIMUM     91.6              89.9     1.7     88.1
AVG. MINIMUM     71.4              70.1     1.3     67.5
MEAN             81.5                               77.8
DAYS MAX >= 90     24              15.6     8.4       12
DAYS MAX <= 32      0               0.0     0.0        0
DAYS MIN <= 32      0               0.0     0.0        0
DAYS MIN <= 0       0               0.0     0.0        0

PRECIPITATION (INCHES)
RECORD
 MAXIMUM        13.90   1950
 MINIMUM         0.57   2014
TOTALS           4.85              4.62    0.23     0.57
DAILY AVG.       0.16              0.15    0.01
DAYS >= .01        11              11.3    -0.3
DAYS >= .10        10               7.6     2.4
DAYS >= .50         3               3.0     0.0
DAYS >= 1.00        1               1.2    -0.2

DEGREE_DAYS
COOLING TOTAL     518               465      53      408
 SINCE 1/1       1259              1064     195     1045
.................................................................

WIND (MPH)
AVERAGE WIND SPEED              4.4
HIGHEST WIND SPEED/DIRECTION    30/040    DATE  07/28
HIGHEST GUST SPEED/DIRECTION    44/290    DATE  07/14

AVERAGE RH (PERCENT)     71

WEATHER CONDITIONS. NUMBER OF DAYS WITH
THUNDERSTORM              0     MIXED PRECIP               0
HEAVY RAIN                8     RAIN                       8
LIGHT RAIN               13     FREEZING RAIN              0
LT FREEZING RAIN          0     HAIL                       0
HEAVY SNOW                0     SNOW                       0
LIGHT SNOW                0     SLEET                      0
FOG                      20     FOG W/VIS <= 1/4 MILE      1
HAZE                      3

-  INDICATES NEGATIVE NUMBERS.
R  INDICATES RECORD WAS SET OR TIED.
MM INDICATES DATA IS MISSING.
T  INDICATES TRACE AMOUNT.

$$
