000
CXUS54 KBMX 021911
CLMANB


CLIMATE REPORT
NATIONAL WEATHER SERVICE BIRMINGHAM, AL
210 PM CDT WED AUG 2 2017

...................................

...THE ANNISTON CLIMATE SUMMARY FOR THE MONTH OF JULY 2017...

CLIMATE NORMAL PERIOD 1981 TO 2010
CLIMATE RECORD PERIOD 1903 TO 2017

WEATHER         OBSERVED          NORMAL  DEPART  LAST YEAR`S
                 VALUE   DATE(S)  VALUE   FROM    VALUE  DATE(S)
                                          NORMAL
................................................................
TEMPERATURE (F)
RECORD
 HIGH             105   07/13/1980
 LOW               50   07/15/1967
HIGHEST            96   07/21        MM      MM       MM  MM
LOWEST             66   07/31        MM      MM       MM  MM
AVG. MAXIMUM     90.2              89.9     0.3       MM
AVG. MINIMUM     70.9              70.1     0.8       MM
MEAN             80.5                                 MM
DAYS MAX >= 90     20              15.6     4.4       MM
DAYS MAX <= 32      0               0.0     0.0       MM
DAYS MIN <= 32      0               0.0     0.0       MM
DAYS MIN <= 0       0               0.0     0.0       MM

PRECIPITATION (INCHES)
RECORD
 MAXIMUM        13.90   1950
 MINIMUM         0.57   2014
TOTALS           4.94              4.62    0.32       MM
DAILY AVG.       0.16              0.15    0.01
DAYS >= .01        11              11.3    -0.3
DAYS >= .10        10               7.6     2.4
DAYS >= .50         5               3.0     2.0
DAYS >= 1.00        1               1.2    -0.2

DEGREE_DAYS
COOLING TOTAL     488               465      23       MM
 SINCE 1/1       1134              1064      70       MM
.................................................................

WIND (MPH)
AVERAGE WIND SPEED              3.7
HIGHEST WIND SPEED/DIRECTION    35/280    DATE  07/04
HIGHEST GUST SPEED/DIRECTION    63/280    DATE  07/04

AVERAGE RH (PERCENT)     75

WEATHER CONDITIONS. NUMBER OF DAYS WITH
THUNDERSTORM              0     MIXED PRECIP               0
HEAVY RAIN                9     RAIN                       9
LIGHT RAIN               14     FREEZING RAIN              0
LT FREEZING RAIN          0     HAIL                       0
HEAVY SNOW                0     SNOW                       0
LIGHT SNOW                0     SLEET                      0
FOG                      17     FOG W/VIS <= 1/4 MILE      0
HAZE                      3

-  INDICATES NEGATIVE NUMBERS.
R  INDICATES RECORD WAS SET OR TIED.
MM INDICATES DATA IS MISSING.
T  INDICATES TRACE AMOUNT.

$$
